000
CXUS56 KSGX 170941
CF6PSP
PRELIMINARY LOCAL CLIMATOLOGICAL DATA (WS FORM: F-6)
STATION: PALM SPRINGS INTL AIRPORT CA
MONTH: MARCH
YEAR: 2023
LATITUDE: 33 49 N
LONGITUDE: 116 30 W
TEMPERATURE IN F: :PCPN: SNOW: WIND :SUNSHINE: SKY :PK WND
================================================================================
1 2 3 4 5 6A 6B 7 8 9 10 11 12 13 14 15 16 17 18
12Z AVG MX 2MIN
DY MAX MIN AVG DEP HDD CDD WTR SNW DPTH SPD SPD DIR MIN PSBL S-S WX SPD DR
================================================================================
1 52 43 48 -16 17 0 0.71 M M 5.9 33 310 M M 8 13 48 300
2 70 42 56 -9 9 0 0.00 M M 4.9 16 130 M M 0 19 320
3 70 44 57 -8 8 0 0.00 M M 3.5 10 330 M M 0 12 340
4 70 45 58 -7 7 0 0.00 M M 6.3 18 320 M M 0 25 310
5 69 47 58 -7 7 0 0.00 M M 8.4 26 330 M M 0 37 310
6 69 46 58 -8 7 0 0.00 M M 6.7 20 320 M M 0 25 310
7 70 52 61 -5 4 0 0.00 M M 10.6 23 320 M M 0 31 310
8 73 46 60 -6 5 0 0.00 M M 6.4 22 320 M M 0 26 320
9 77 52 65 -1 0 0 0.00 0.0 M 2.3 10 120 M M 0 13 80
10 72 59 66 0 0 1 0.01 0.0 M 4.2 14 320 M M 7 18 320
11 84 57 71 4 0 6 0.00 0.0 M 4.3 29 360 M M 0 36 350
12 81 56 69 2 0 4 0.00 M M 6.9 26 320 M M 0 34 320
13 82 59 71 4 0 6 0.00 M M 8.9 24 330 M M 0 33 330
14 73 60 67 0 0 2 0.02 M M 3.5 14 340 M M 6 18 320
15 74 58 66 -2 0 1 0.14 M M 3.5 22 340 M M 6 1 27 340
16 75 50 63 -5 2 0 0.00 M M 6.2 20 320 M M 1 24 320
17 77 51 64 -4 1 0 0.00 M M 4.9 12 310 M M 0 15 290
18 78 53 66 -2 0 1 0.00 M M 5.1 14 140 M M 0 16 160
19 74 56 65 -3 0 0 T M M 6.9 21 320 M M 5 27 310
20 77 52 65 -3 0 0 T M M 6.8 38 340 M M 1 78 47 340
21 67 51 59 -9 6 0 0.55 M M 5.2 25 330 M M 8 17 29 330
22 65 47 56 -13 9 0 0.19 M M 5.8 18 320 M M 6 1 22 310
23 70 45 58 -11 7 0 0.00 M M 6.5 26 330 M M 0 29 330
24 73 48 61 -8 4 0 0.00 M M 10.3 22 320 M M 0 28 320
25 72 48 60 -9 5 0 0.00 M M 8.6 21 330 M M 1 28 330
26 73 48 61 -8 4 0 0.00 M M 7.0 21 330 M M 0 24 330
27 69 54 62 -8 3 0 T M M 7.5 17 320 M M 0 20 310
28 78 47 63 -7 2 0 0.00 M M 6.2 18 330 M M 0 21 330
29 69 52 61 -9 4 0 0.00 M M 7.0 28 350 M M 4 78 35 360
30 65 46 56 -14 9 0 0.00 M M 4.6 18 340 M M 2 23 360
31 72 44 58 -12 7 0 0.00 M M 2.9 12 90 M M 0 16 90
================================================================================
SM 2240 1558 127 21 1.62 0.0 187.8 M 55
================================================================================
AV 72.3 50.3 6.1 FASTST M M 2 MAX(MPH)
MISC ----> 38 340 48 300
================================================================================
NOTES:
# LAST OF SEVERAL OCCURRENCES
COLUMN 17 PEAK WIND IN M.P.H.
PRELIMINARY LOCAL CLIMATOLOGICAL DATA (WS FORM: F-6) , PAGE 2
STATION: PALM SPRINGS INTL AIRPORT CA
MONTH: MARCH
YEAR: 2023
LATITUDE: 33 49 N
LONGITUDE: 116 30 W
[TEMPERATURE DATA] [PRECIPITATION DATA] SYMBOLS USED IN COLUMN 16
AVERAGE MONTHLY: 61.3 TOTAL FOR MONTH: 1.62 1 = FOG OR MIST
DPTR FM NORMAL: -6.2 DPTR FM NORMAL: 1.11 2 = FOG REDUCING VISIBILITY
HIGHEST: 84 ON 11 GRTST 24HR 0.71 ON 1- 1 TO 1/4 MILE OR LESS
LOWEST: 42 ON 2 3 = THUNDER
SNOW, ICE PELLETS, HAIL 4 = ICE PELLETS
TOTAL MONTH: 0.0 INCH 5 = HAIL
GRTST 24HR 0.0 6 = FREEZING RAIN OR DRIZZLE
GRTST DEPTH: M ON M 7 = DUSTSTORM OR SANDSTORM:
VSBY 1/2 MILE OR LESS
8 = SMOKE OR HAZE
[NO. OF DAYS WITH] [WEATHER - DAYS WITH] 9 = BLOWING SNOW
X = TORNADO
MAX 32 OR BELOW: 0 0.01 INCH OR MORE: 6
MAX 90 OR ABOVE: 0 0.10 INCH OR MORE: 4
MIN 32 OR BELOW: 0 0.50 INCH OR MORE: 2
MIN 0 OR BELOW: 0 1.00 INCH OR MORE: 0
[HDD (BASE 65) ]
TOTAL THIS MO. 127 CLEAR (SCALE 0-3) 23
DPTR FM NORMAL 73 PTCLDY (SCALE 4-7) 8
TOTAL FM JUL 1 901 CLOUDY (SCALE 8-10) 0
DPTR FM NORMAL 215
[CDD (BASE 65) ]
TOTAL THIS MO. 21
DPTR FM NORMAL -111 [PRESSURE DATA]
TOTAL FM JAN 1 22 HIGHEST SLP 30.28 ON 27
DPTR FM NORMAL -161 LOWEST SLP 29.66 ON 1
[REMARKS]
#FINAL-03-23#