779
CXUS55 KPUB 020223
CF6PUB
PRELIMINARY LOCAL CLIMATOLOGICAL DATA (WS FORM: F-6)
STATION: PUEBLO CO
MONTH: JANUARY
YEAR: 2021
LATITUDE: 38 16 N
LONGITUDE: 104 31 W
TEMPERATURE IN F: :PCPN: SNOW: WIND :SUNSHINE: SKY :PK WND
================================================================================
1 2 3 4 5 6A 6B 7 8 9 10 11 12 13 14 15 16 17 18
12Z AVG MX 2MIN
DY MAX MIN AVG DEP HDD CDD WTR SNW DPTH SPD SPD DIR MIN PSBL S-S WX SPD DR
================================================================================
1 47 17 32 2 33 0 0.00 0.0 0 4.2 18 360 M M 2 23 10
2 57 11 34 4 31 0 0.00 0.0 0 7.4 26 290 M M 1 35 290
3 62 18 40 10 25 0 0.00 0.0 0 10.0 32 290 M M 0 42 290
4 57 18 38 8 27 0 0.00 0.0 0 6.4 16 120 M M 0 21 140
5 61 20 41 11 24 0 T 0.0 0 13.8 36 280 M M 2 47 280
6 48 17 33 3 32 0 0.00 0.0 0 5.2 26 360 M M 0 35 360
7 48 12 30 0 35 0 0.00 0.0 0 5.5 14 360 M M 0 17 110
8 47 14 31 1 34 0 0.00 0.0 0 5.1 13 130 M M 0 17 140
9 32 22 27 -3 38 0 0.18 2.0 0 5.2 13 110 M M 7 18 15 100
10 30 24 27 -3 38 0 0.01 0.4 2 4.1 10 170 M M 10 18 13 160
11 41 8 25 -5 40 0 0.00 0.0 2 5.0 10 310 M M 3 12 13 320
12 46 5 26 -4 39 0 0.00 0.0 T 6.0 12 340 M M 0 14 260
13 67 21 44 14 21 0 0.00 0.0 0 13.9 30 290 M M 0 38 290
14 49 21 35 5 30 0 0.00 0.0 0 12.4 35 10 M M 0 48 10
15 47 12 30 0 35 0 0.00 0.0 0 5.0 13 290 M M 0 15 320
16 52 15 34 4 31 0 0.00 0.0 0 4.4 15 120 M M 2 19 110
17 48 16 32 1 33 0 0.00 0.0 0 4.1 14 150 M M 0 19 30
18 45 20 33 2 32 0 0.02 T 0 5.8 17 120 M M 6 18 24 130
19 36 15 26 -5 39 0 0.03 0.7 1 4.9 15 180 M M 5 1 18 180
20 63 15 39 8 26 0 0.00 0.0 0 13.7 35 280 M M 0 45 280
21 58 19 39 8 26 0 0.00 0.0 0 7.0 20 110 M M 0 25 110
22 47 18 33 2 32 0 0.00 0.0 0 7.6 14 100 M M 0 17 110
23 59 16 38 7 27 0 0.00 0.0 0 7.0 24 310 M M 0 33 310
24 31 23 27 -4 38 0 T T 0 5.4 14 100 M M 9 8 17 100
25 37 25 31 0 34 0 0.17 1.9 2 6.4 16 130 M M 8 18 19 140
26 27 11 19 -12 46 0 0.16 2.5 T 8.5 20 100 M M 10 128 23 100
27 27 1 14 -17 51 0 T T 2 3.8 10 330 M M 4 128 12 330
28 43 7 25 -6 40 0 0.00 0.0 2 2.4 9 340 M M 0 11 360
29 61 22 42 11 23 0 0.00 0.0 0 7.5 28 310 M M 0 36 310
30 58 29 44 13 21 0 0.00 0.0 0 8.1 24 320 M M 3 32 300
31 50 22 36 5 29 0 0.00 0.0 0 5.5 12 70 M M 0 14 100
================================================================================
SM 1481 514 1010 0 0.57 7.5 211.3 M 72
================================================================================
AV 47.8 16.6 6.8 FASTST M M 2 MAX(MPH)
MISC ----> 36 280 48 10
================================================================================
NOTES:
# LAST OF SEVERAL OCCURRENCES
COLUMN 17 PEAK WIND IN M.P.H.
PRELIMINARY LOCAL CLIMATOLOGICAL DATA (WS FORM: F-6) , PAGE 2
STATION: PUEBLO CO
MONTH: JANUARY
YEAR: 2021
LATITUDE: 38 16 N
LONGITUDE: 104 31 W
[TEMPERATURE DATA] [PRECIPITATION DATA] SYMBOLS USED IN COLUMN 16
AVERAGE MONTHLY: 32.2 TOTAL FOR MONTH: 0.57 1 = FOG OR MIST
DPTR FM NORMAL: 1.7 DPTR FM NORMAL: 0.22 2 = FOG REDUCING VISIBILITY
HIGHEST: 67 ON 13 GRTST 24HR 0.19 ON 9-10 TO 1/4 MILE OR LESS
LOWEST: 1 ON 27 3 = THUNDER
SNOW, ICE PELLETS, HAIL 4 = ICE PELLETS
TOTAL MONTH: 7.5 INCHES 5 = HAIL
GRTST 24HR 2.6 ON 25-26 6 = FREEZING RAIN OR DRIZZLE
GRTST DEPTH: 2 ON 27,28# 7 = DUSTSTORM OR SANDSTORM:
VSBY 1/2 MILE OR LESS
8 = SMOKE OR HAZE
[NO. OF DAYS WITH] [WEATHER - DAYS WITH] 9 = BLOWING SNOW
X = TORNADO
MAX 32 OR BELOW: 5 0.01 INCH OR MORE: 6
MAX 90 OR ABOVE: 0 0.10 INCH OR MORE: 3
MIN 32 OR BELOW: 31 0.50 INCH OR MORE: 0
MIN 0 OR BELOW: 0 1.00 INCH OR MORE: 0
[HDD (BASE 65) ]
TOTAL THIS MO. 1010 CLEAR (SCALE 0-3) 23
DPTR FM NORMAL -59 PTCLDY (SCALE 4-7) 4
TOTAL FM JUL 1 3139 CLOUDY (SCALE 8-10) 4
DPTR FM NORMAL -292
[CDD (BASE 65) ]
TOTAL THIS MO. 0
DPTR FM NORMAL 0 [PRESSURE DATA]
TOTAL FM JAN 1 0 HIGHEST SLP 30.55 ON 19
DPTR FM NORMAL 0 LOWEST SLP 29.44 ON 30
[REMARKS]
#FINAL-01-21#