000
CXUS56 KOTX 010910
CF6PUW
PRELIMINARY LOCAL CLIMATOLOGICAL DATA (WS FORM: F-6)
STATION: PULLMAN_MOSCOW AIRPORT
MONTH: JULY
YEAR: 2022
LATITUDE: 46 44 N
LONGITUDE: 117 7 W
TEMPERATURE IN F: :PCPN: SNOW: WIND :SUNSHINE: SKY :PK WND
================================================================================
1 2 3 4 5 6A 6B 7 8 9 10 11 12 13 14 15 16 17 18
12Z AVG MX 2MIN
DY MAX MIN AVG DEP HDD CDD WTR SNW DPTH SPD SPD DIR MIN PSBL S-S WX SPD DR
================================================================================
1 80 48 64 1 1 0 0.00 M M 2.9 9 340 M M 0 16 350
2 82 48 65 1 0 0 0.07 M M 4.3 24 240 M M 2 13 34 230
3 70 57 64 0 1 0 0.24 M M 6.1 24 200 M M 5 13 31 200
4 67 50 59 -5 6 0 0.05 M M 3.2 13 270 M M 4 1 18 270
5 80 50 65 0 0 0 0.00 M M 4.6 10 10 M M 0 13 10
6 77 57 67 2 0 2 0.01 M M 4.3 12 290 M M 1 1 15 250
7 76 57 67 2 0 2 T M M 4.2 12 340 M M 4 3 17 310
8 78 54 66 0 0 1 0.00 M M 3.0 10 330 M M 1 15 290
9 79 52 66 0 0 1 0.00 M M 4.8 15 280 M M 0 21 290
10 75 55 65 -1 0 0 0.00 M M 6.3 17 230 M M 0 22 240
11 82 52 67 1 0 2 0.00 M M 2.8 8 130 M M 0 11 80
12 89 54 72 5 0 7 T M M 3.4 13 120 M M 0 15 120
13 84 56 70 3 0 5 T M M 5.0 15 270 M M 0 3 18 260
14 85 48 67 0 0 2 0.00 M M 2.2 9 360 M M 0 12 360
15 84 50 67 0 0 2 0.00 M M 2.6 12 270 M M 0 16 250
16 83 51 67 -1 0 2 0.00 M M 2.8 9 340 M M 0 12 340
17 79 53 66 -2 0 1 0.08 M M 5.8 20 260 M M 1 27 250
18 73 51 62 -6 3 0 0.00 M M 9.5 32 250 M M 2 42 250
19 84 53 69 1 0 4 0.00 M M 6.0 17 100 M M 0 22 110
20 88 51 70 2 0 5 0.00 M M 4.2 15 280 M M 0 19 270
21 89 50 70 2 0 5 0.00 M M 3.0 13 210 M M 0 17 230
22 82 50 66 -2 0 1 T M M 5.2 18 260 M M 0 3 25 270
23 84 46 65 -4 0 0 0.00 M M 2.4 9 350 M M 0 14 350
24 86 55 71 2 0 6 0.00 M M 2.8 9 270 M M 0 16 360
25 91 54 73 4 0 8 0.00 M M 2.7 9 240 M M 0 8 13 170
26 94 56 75 6 0 10 0.00 M M 2.3 9 270 M M 0 14 300
27 95 60 78 9 0 13 0.00 M M 3.0 10 340 M M 0 8 14 270
28 97 60 79 10 0 14 T M M 2.5 9 20 M M 0 8 13 80
29 98 60 79 10 0 14 0.00 M M 2.5 14 250 M M 0 8 21 260
30 96 58 77 8 0 12 0.00 M M 3.5 12 280 M M 0 16 260
31 97 61 79 10 0 14 0.00 M M 4.1 13 240 M M 0 18 240
================================================================================
SM 2604 1657 11 133 0.45 M 122.0 M 20
================================================================================
AV 84.0 53.5 3.9 FASTST M M 1 MAX(MPH)
MISC ----> 32 250 42 250
================================================================================
NOTES:
# LAST OF SEVERAL OCCURRENCES
COLUMN 17 PEAK WIND IN M.P.H.
PRELIMINARY LOCAL CLIMATOLOGICAL DATA (WS FORM: F-6) , PAGE 2
STATION: PULLMAN_MOSCOW AIRPORT
MONTH: JULY
YEAR: 2022
LATITUDE: 46 44 N
LONGITUDE: 117 7 W
[TEMPERATURE DATA] [PRECIPITATION DATA] SYMBOLS USED IN COLUMN 16
AVERAGE MONTHLY: 68.7 TOTAL FOR MONTH: 0.45 1 = FOG OR MIST
DPTR FM NORMAL: 1.7 DPTR FM NORMAL: 0.06 2 = FOG REDUCING VISIBILITY
HIGHEST: 98 ON 29 GRTST 24HR 0.31 ON 2- 3 TO 1/4 MILE OR LESS
LOWEST: 46 ON 23 3 = THUNDER
SNOW, ICE PELLETS, HAIL 4 = ICE PELLETS
TOTAL MONTH: M 5 = HAIL
GRTST 24HR M ON M 6 = FREEZING RAIN OR DRIZZLE
GRTST DEPTH: M ON M 7 = DUSTSTORM OR SANDSTORM:
VSBY 1/2 MILE OR LESS
8 = SMOKE OR HAZE
[NO. OF DAYS WITH] [WEATHER - DAYS WITH] 9 = BLOWING SNOW
X = TORNADO
MAX 32 OR BELOW: 0 0.01 INCH OR MORE: 5
MAX 90 OR ABOVE: 7 0.10 INCH OR MORE: 1
MIN 32 OR BELOW: 0 0.50 INCH OR MORE: 0
MIN 0 OR BELOW: 0 1.00 INCH OR MORE: 0
[HDD (BASE 65) ]
TOTAL THIS MO. 11 CLEAR (SCALE 0-3) 28
DPTR FM NORMAL -37 PTCLDY (SCALE 4-7) 3
TOTAL FM JUL 1 11 CLOUDY (SCALE 8-10) 0
DPTR FM NORMAL -39
[CDD (BASE 65) ]
TOTAL THIS MO. 133
DPTR FM NORMAL 23 [PRESSURE DATA]
TOTAL FM JAN 1 151 HIGHEST SLP M ON M
DPTR FM NORMAL 10 LOWEST SLP 29.68 ON 2
[REMARKS]
#FINAL-07-22#