000
CXUS56 KOTX 011010
CF6PUW
PRELIMINARY LOCAL CLIMATOLOGICAL DATA (WS FORM: F-6)
STATION: PULLMAN_MOSCOW AIRPORT
MONTH: FEBRUARY
YEAR: 2022
LATITUDE: 46 44 N
LONGITUDE: 117 7 W
TEMPERATURE IN F: :PCPN: SNOW: WIND :SUNSHINE: SKY :PK WND
================================================================================
1 2 3 4 5 6A 6B 7 8 9 10 11 12 13 14 15 16 17 18
12Z AVG MX 2MIN
DY MAX MIN AVG DEP HDD CDD WTR SNW DPTH SPD SPD DIR MIN PSBL S-S WX SPD DR
================================================================================
1 31 17 24 -10 41 0 0.05 M M 7.7 20 280 M M 7 128 25 250
2 23 3 13 -21 52 0 0.03 M M 5.4 17 90 M M 5 1 19 90
3 32 21 27 -7 38 0 0.01 M M 9.7 15 90 M M 10 1 17 100
4 39 30 35 1 30 0 0.00 M M 12.0 22 250 M M 6 32 240
5 43 29 36 2 29 0 0.00 M M 8.7 25 250 M M 1 34 260
6 44 28 36 2 29 0 0.00 M M 8.7 17 100 M M 0 20 110
7 51 34 43 9 22 0 0.00 M M 10.6 24 270 M M 0 31 280
8 45 30 38 4 27 0 0.00 M M 3.8 12 100 M M 2 17 250
9 52 33 43 8 22 0 0.00 M M 4.2 12 250 M M 4 14 240
10 57 31 44 9 21 0 0.00 M M 5.5 21 260 M M 0 27 250
11 49 25 37 2 28 0 0.00 M M 2.2 8 90 M M 0 11 90
12 48 30 39 4 26 0 0.00 M M 6.3 17 90 M M 0 21 80
13 47 31 39 4 26 0 0.00 M M 7.9 15 130 M M 0 19 130
14 43 35 39 4 26 0 0.02 M M 7.8 18 130 M M 8 23 130
15 42 32 37 2 28 0 0.01 M M 9.0 17 250 M M 9 1 24 250
16 45 25 35 0 30 0 T M M 7.8 23 240 M M 6 32 250
17 47 25 36 0 29 0 0.00 M M 6.9 20 260 M M 2 28 250
18 51 30 41 5 24 0 0.00 M M 3.5 13 260 M M 0 16 270
19 51 35 43 7 22 0 0.07 M M 15.1 31 240 M M 5 41 240
20 40 28 34 -2 31 0 0.11 M M 11.8 26 250 M M 7 1 34 240
21 34 18 26 -10 39 0 T M M 8.9 20 70 M M 8 1 26 90
22 22 10 16 -20 49 0 0.00 M M 8.7 17 90 M M 4 21 90
23 18 5 12 -25 53 0 0.00 M M 4.7 13 240 M M 5 16 230
24 24 10 17 -20 48 0 0.02 M M 5.4 12 250 M M 7 18 14 250
25 27 9 18 -19 47 0 0.00 M M 7.1 17 90 M M 0 23 90
26 38 20 29 -8 36 0 0.00 M M 15.1 24 90 M M 0 29 90
27 39 28 34 -3 31 0 0.11 M M 16.3 24 130 M M 9 18 32 130
28 46 35 41 3 24 0 0.57 M M 12.2 22 160 M M 10 1 27 160
================================================================================
SM 1128 687 908 0 1.00 M 233.0 M 115
================================================================================
AV 40.3 24.5 8.3 FASTST M M 4 MAX(MPH)
MISC ----> 31 240 41 240
================================================================================
NOTES:
# LAST OF SEVERAL OCCURRENCES
COLUMN 17 PEAK WIND IN M.P.H.
PRELIMINARY LOCAL CLIMATOLOGICAL DATA (WS FORM: F-6) , PAGE 2
STATION: PULLMAN_MOSCOW AIRPORT
MONTH: FEBRUARY
YEAR: 2022
LATITUDE: 46 44 N
LONGITUDE: 117 7 W
[TEMPERATURE DATA] [PRECIPITATION DATA] SYMBOLS USED IN COLUMN 16
AVERAGE MONTHLY: 32.4 TOTAL FOR MONTH: 1.00 1 = FOG OR MIST
DPTR FM NORMAL: -3.0 DPTR FM NORMAL: -0.59 2 = FOG REDUCING VISIBILITY
HIGHEST: 57 ON 10 GRTST 24HR 0.59 ON 27-28 TO 1/4 MILE OR LESS
LOWEST: 3 ON 2 3 = THUNDER
SNOW, ICE PELLETS, HAIL 4 = ICE PELLETS
TOTAL MONTH: M 5 = HAIL
GRTST 24HR M ON M 6 = FREEZING RAIN OR DRIZZLE
GRTST DEPTH: M ON M 7 = DUSTSTORM OR SANDSTORM:
VSBY 1/2 MILE OR LESS
8 = SMOKE OR HAZE
[NO. OF DAYS WITH] [WEATHER - DAYS WITH] 9 = BLOWING SNOW
X = TORNADO
MAX 32 OR BELOW: 7 0.01 INCH OR MORE: 10
MAX 90 OR ABOVE: 0 0.10 INCH OR MORE: 3
MIN 32 OR BELOW: 23 0.50 INCH OR MORE: 1
MIN 0 OR BELOW: 0 1.00 INCH OR MORE: 0
[HDD (BASE 65) ]
TOTAL THIS MO. 908 CLEAR (SCALE 0-3) 12
DPTR FM NORMAL 79 PTCLDY (SCALE 4-7) 11
TOTAL FM JUL 1 4390 CLOUDY (SCALE 8-10) 5
DPTR FM NORMAL -65
[CDD (BASE 65) ]
TOTAL THIS MO. 0
DPTR FM NORMAL 0 [PRESSURE DATA]
TOTAL FM JAN 1 0 HIGHEST SLP M ON M
DPTR FM NORMAL 0 LOWEST SLP 29.78 ON 20
[REMARKS]
#FINAL-02-22#