121
CXUS56 KOTX 010900
CF6PUW
PRELIMINARY LOCAL CLIMATOLOGICAL DATA (WS FORM: F-6)
STATION: PULLMAN-MOSCOW AIRPORT
MONTH: MAY
YEAR: 2020
LATITUDE: 46 44 N
LONGITUDE: 117 7 W
TEMPERATURE IN F: :PCPN: SNOW: WIND :SUNSHINE: SKY :PK WND
================================================================================
1 2 3 4 5 6A 6B 7 8 9 10 11 12 13 14 15 16 17 18
12Z AVG MX 2MIN
DY MAX MIN AVG DEP HDD CDD WTR SNW DPTH SPD SPD DIR MIN PSBL S-S WX SPD DR
================================================================================
1 63 34 49 -1 16 0 0.00 M M 3.3 12 170 M M 0 15 180
2 73 43 58 8 7 0 0.22 M M 12.7 31 250 M M 5 13 42 250
3 55 33 44 -6 21 0 0.03 M M 12.6 28 240 M M 5 34 240
4 61 31 46 -4 19 0 0.00 M M 3.4 13 240 M M 0 18 230
5 74 44 59 8 6 0 0.00 M M 8.0 16 100 M M 1 21 90
6 60 36 48 -3 17 0 0.17 M M 16.3 37 230 M M 5 13 47 250
7 59 32 46 -5 19 0 0.00 M M 4.2 14 240 M M 1 18 240
8 69 32 51 -1 14 0 0.00 M M 4.8 13 120 M M 0 17 130
9 75 50 63 11 2 0 0.00 M M 9.1 18 110 M M 0 22 100
10 77 54 66 14 0 1 0.00 M M 10.0 23 90 M M 0 27 100
11 73 50 62 10 3 0 0.00 M M 9.1 17 80 M M 3 22 90
12 57 48 53 1 12 0 0.21 M M 6.9 16 240 M M 8 1 23 240
13 60 43 52 -1 13 0 0.00 M M 12.2 24 240 M M 5 30 250
14 54 39 47 -6 18 0 0.07 M M 4.4 13 250 M M 5 1 16 290
15 63 42 53 0 12 0 0.00 M M 6.9 14 240 M M 7 17 260
16 68 45 57 4 8 0 T M M 12.4 22 90 M M 3 27 90
17 71 48 60 6 5 0 0.31 M M 7.2 28 260 M M 7 13 34 260
18 61 48 55 1 10 0 0.28 M M 5.0 15 140 M M 5 1 20 150
19 56 48 52 -2 13 0 0.42 M M 8.7 17 280 M M 9 1 21 270
20 50 46 48 -6 17 0 1.25 M M 9.0 22 240 M M 9 1 29 240
21 56 42 49 -5 16 0 T M M 18.3 31 240 M M 5 42 240
22 55 38 47 -7 18 0 0.00 M M 10.0 21 230 M M 6 26 240
23 60 43 52 -3 13 0 0.00 M M 7.3 16 250 M M 8 22 250
24 67 42 55 0 10 0 0.00 M M 3.9 13 90 M M 1 17 180
25 64 45 55 0 10 0 0.10 M M 4.9 17 250 M M 4 1 24 250
26 69 50 60 5 5 0 0.00 M M 5.5 15 270 M M 6 20 230
27 70 43 57 2 8 0 0.00 M M 3.0 13 260 M M 0 17 270
28 79 45 62 7 3 0 0.00 M M 2.9 14 100 M M 0 17 100
29 82 55 69 13 0 4 0.00 M M 5.0 16 140 M M 1 21 140
30 85 51 68 12 0 3 0.25 M M 11.7 37 240 M M 1 138 51 250
31 63 46 55 -1 10 0 0.60 M M 10.9 24 240 M M 5 13 32 240
================================================================================
SM 2029 1346 325 8 3.91 M 249.6 M 115
================================================================================
AV 65.5 43.4 8.1 FASTST M M 4 MAX(MPH)
MISC ----> # 37 230 # 51 250
================================================================================
NOTES:
# LAST OF SEVERAL OCCURRENCES
COLUMN 17 PEAK WIND IN M.P.H.
PRELIMINARY LOCAL CLIMATOLOGICAL DATA (WS FORM: F-6) , PAGE 2
STATION: PULLMAN-MOSCOW AIRPORT
MONTH: MAY
YEAR: 2020
LATITUDE: 46 44 N
LONGITUDE: 117 7 W
[TEMPERATURE DATA] [PRECIPITATION DATA] SYMBOLS USED IN COLUMN 16
AVERAGE MONTHLY: 54.4 TOTAL FOR MONTH: 3.91 1 = FOG OR MIST
DPTR FM NORMAL: 1.2 DPTR FM NORMAL: 2.35 2 = FOG REDUCING VISIBILITY
HIGHEST: 85 ON 30 GRTST 24HR 1.25 ON 20-20 TO 1/4 MILE OR LESS
LOWEST: 31 ON 4 3 = THUNDER
SNOW, ICE PELLETS, HAIL 4 = ICE PELLETS
TOTAL MONTH: M 5 = HAIL
GRTST 24HR M ON M 6 = FREEZING RAIN OR DRIZZLE
GRTST DEPTH: M ON M 7 = DUSTSTORM OR SANDSTORM:
VSBY 1/2 MILE OR LESS
8 = SMOKE OR HAZE
[NO. OF DAYS WITH] [WEATHER - DAYS WITH] 9 = BLOWING SNOW
X = TORNADO
MAX 32 OR BELOW: 0 0.01 INCH OR MORE: 12
MAX 90 OR ABOVE: 0 0.10 INCH OR MORE: 10
MIN 32 OR BELOW: 3 0.50 INCH OR MORE: 2
MIN 0 OR BELOW: 0 1.00 INCH OR MORE: 1
[HDD (BASE 65) ]
TOTAL THIS MO. 325 CLEAR (SCALE 0-3) 14
DPTR FM NORMAL -48 PTCLDY (SCALE 4-7) 15
TOTAL FM JUL 1 6012 CLOUDY (SCALE 8-10) 2
DPTR FM NORMAL -388
[CDD (BASE 65) ]
TOTAL THIS MO. 8
DPTR FM NORMAL 3 [PRESSURE DATA]
TOTAL FM JAN 1 8 HIGHEST SLP M ON M
DPTR FM NORMAL 3 LOWEST SLP 29.33 ON 30
[REMARKS]
#FINAL-05-20#