000
CXUS54 KOUN 010700
CF6PWA
PRELIMINARY LOCAL CLIMATOLOGICAL DATA (WS FORM: F-6)
STATION: BETHANY/WILEY POST
MONTH: MAY
YEAR: 2020
LATITUDE: 35 31 N
LONGITUDE: 97 38 W
TEMPERATURE IN F: :PCPN: SNOW: WIND :SUNSHINE: SKY :PK WND
================================================================================
1 2 3 4 5 6A 6B 7 8 9 10 11 12 13 14 15 16 17 18
12Z AVG MX 2MIN
DY MAX MIN AVG DEP HDD CDD WTR SNW DPTH SPD SPD DIR MIN PSBL S-S WX SPD DR
================================================================================
1 90 61 76 12 0 11 0.00 0.0 0 21.0 33 190 M M 0 41 180
2 88 66 77 12 0 12 0.00 0.0 0 15.5 25 170 M M 0 31 170
3 80 65 73 8 0 8 T 0.0 0 9.2 16 70 M M 8 1 21 110
4 97 67 82 17 0 17 0.00 0.0 0 17.2 28 350 M M 2 34 350
5 77 52 65 -1 0 0 0.00 0.0 0 11.5 23 10 M M 0 31 30
6 78 50 64 -2 1 0 0.00 0.0 0 7.3 18 80 M M 0 22 80
7 80 61 71 5 0 6 1.18 0.0 0 14.1 29 170 M M 3 13 39 180
8 68 49 59 -8 6 0 0.21 0.0 0 16.4 30 10 M M 4 13 40 350
9 70 47 59 -8 6 0 0.00 0.0 0 6.0 13 150 M M 0 17 140
10 66 51 59 -8 6 0 T 0.0 0 10.6 18 40 M M 8 22 40
11 62 50 56 -12 9 0 T 0.0 0 13.5 22 70 M M 8 3 27 70
12 54 48 51 -17 14 0 0.02 0.0 0 9.8 18 60 M M 10 1 22 80
13 78 52 65 -3 0 0 0.22 0.0 0 14.0 30 210 M M 8 138 38 240
14 84 68 76 8 0 11 0.04 0.0 0 19.0 38 180 M M 2 48 180
15 80 62 71 2 0 6 T 0.0 0 15.0 31 140 M M 2 3 39 140
16 71 59 65 -4 0 0 0.01 0.0 0 5.8 14 340 M M 4 17 350
17 82 60 71 1 0 6 0.00 0.0 0 10.6 22 350 M M 0 1 29 360
18 83 55 69 -1 0 4 0.00 0.0 0 5.4 15 30 M M 0 17 30
19 80 61 71 1 0 6 0.00 0.0 0 10.0 18 70 M M 1 22 80
20 82 56 69 -1 0 4 0.00 0.0 0 9.6 18 140 M M 1 24 140
21 80 69 75 4 0 10 0.00 0.0 0 11.7 20 190 M M 7 18 24 140
22 86 59 73 2 0 8 0.17 0.0 0 11.1 35 350 M M 5 13 43 350
23 88 66 77 6 0 12 M 0.0 0 13.6 28 250 M M 0 3 35 250
24 86 65 76 4 0 11 0.01 0.0 0 14.7 33 170 M M 3 13 41 150
25 72 60 66 -6 0 1 M 0.0 0 7.8 16 330 M M 7 1 22 320
26 76 60 68 -4 0 3 T 0.0 0 7.4 15 330 M M 8 18 22 240
27 81 58 70 -2 0 5 T 0.0 0 6.1 16 330 M M 2 8 24 360
28 81 64 73 0 0 8 0.01 0.0 0 7.6 20 350 M M 6 1 23 360
29 84 58 71 -2 0 6 0.00 0.0 0 5.0 13 60 M M 0 1 17 20
30 84 61 73 0 0 8 0.00 0.0 0 8.1 17 140 M M 0 23 130
31 85 62 74 0 0 9 0.00 0.0 0 9.7 16 140 M M 0 21 150
================================================================================
SM 2453 1822 42 172 1.87 0.0 344.3 M 99
================================================================================
AV 79.1 58.8 11.1 FASTST M M 3 MAX(MPH)
MISC ----> # 38 180 # 48 180
================================================================================
NOTES:
# LAST OF SEVERAL OCCURRENCES
COLUMN 17 PEAK WIND IN M.P.H.
PRELIMINARY LOCAL CLIMATOLOGICAL DATA (WS FORM: F-6) , PAGE 2
STATION: BETHANY/WILEY POST
MONTH: MAY
YEAR: 2020
LATITUDE: 35 31 N
LONGITUDE: 97 38 W
[TEMPERATURE DATA] [PRECIPITATION DATA] SYMBOLS USED IN COLUMN 16
AVERAGE MONTHLY: 69.0 TOTAL FOR MONTH: 1.87 1 = FOG OR MIST
DPTR FM NORMAL: -0.1 DPTR FM NORMAL: -2.20 2 = FOG REDUCING VISIBILITY
HIGHEST: 97 ON 4 GRTST 24HR 1.18 ON 7- 7 TO 1/4 MILE OR LESS
LOWEST: 47 ON 9 3 = THUNDER
SNOW, ICE PELLETS, HAIL 4 = ICE PELLETS
TOTAL MONTH: 0.0 INCH 5 = HAIL
GRTST 24HR 0.0 6 = FREEZING RAIN OR DRIZZLE
GRTST DEPTH: 0 7 = DUSTSTORM OR SANDSTORM:
VSBY 1/2 MILE OR LESS
8 = SMOKE OR HAZE
[NO. OF DAYS WITH] [WEATHER - DAYS WITH] 9 = BLOWING SNOW
X = TORNADO
MAX 32 OR BELOW: 0 0.01 INCH OR MORE: 9
MAX 90 OR ABOVE: 2 0.10 INCH OR MORE: 4
MIN 32 OR BELOW: 0 0.50 INCH OR MORE: 1
MIN 0 OR BELOW: 0 1.00 INCH OR MORE: 1
[HDD (BASE 65) ]
TOTAL THIS MO. 42 CLEAR (SCALE 0-3) 18
DPTR FM NORMAL 2 PTCLDY (SCALE 4-7) 10
TOTAL FM JUL 1 3217 CLOUDY (SCALE 8-10) 3
DPTR FM NORMAL -416
[CDD (BASE 65) ]
TOTAL THIS MO. 172
DPTR FM NORMAL 6 [PRESSURE DATA]
TOTAL FM JAN 1 253 HIGHEST SLP M ON M
DPTR FM NORMAL 38 LOWEST SLP 28.77 ON 31
[REMARKS]
#FINAL-05-20#