000
CXUS51 KGYX 012111
CF6PWM
PRELIMINARY LOCAL CLIMATOLOGICAL DATA (WS FORM: F-6)
STATION: PORTLAND ME
MONTH: AUGUST
YEAR: 2022
LATITUDE: 43 39 N
LONGITUDE: 70 19 W
TEMPERATURE IN F: :PCPN: SNOW: WIND :SUNSHINE: SKY :PK WND
================================================================================
1 2 3 4 5 6A 6B 7 8 9 10 11 12 13 14 15 16 17 18
12Z AVG MX 2MIN
DY MAX MIN AVG DEP HDD CDD WTR SNW DPTH SPD SPD DIR MIN PSBL S-S WX SPD DR
================================================================================
1 86 63 75 4 0 10 T 0.0 0 7.2 23 180 M M 3 31 180
2 87 61 74 3 0 9 0.00 0.0 0 6.5 18 170 M M 4 128 25 200
3 81 68 75 4 0 10 0.00 0.0 0 6.6 16 160 M M 4 20 160
4 88 63 76 6 0 11 0.00 0.0 0 6.9 18 170 M M 2 12 26 180
5 87 73 80 10 0 15 0.00 0.0 0 2.9 9 200 M M 7 11 200
6 85 70 78 8 0 13 0.00 0.0 0 6.0 13 150 M M 3 3 18 100
7 96 74 85 15 0 20 0.07 0.0 0 8.4 18 270 M M 3 38 26 230
8 95 64 80 10 0 15 0.19 0.0 0 8.0 20 90 M M 6 13 24 90
9 91 64 78 8 0 13 T 0.0 0 7.6 20 90 M M 9 1 24 90
10 71 62 67 -3 0 2 0.00 0.0 0 4.8 10 80 M M 9 14 130
11 76 61 69 -1 0 4 0.00 0.0 0 4.4 13 140 M M 8 1 20 160
12 80 60 70 0 0 5 0.00 0.0 0 7.3 18 350 M M 5 26 340
13 76 59 68 -2 0 3 0.00 0.0 0 5.9 13 360 M M 6 15 10
14 80 57 69 -1 0 4 0.00 0.0 0 5.9 14 160 M M 1 19 150
15 81 55 68 -2 0 3 0.00 0.0 0 4.9 13 170 M M 3 18 140
16 80 58 69 -1 0 4 0.00 0.0 0 6.1 18 100 M M 5 12 23 90
17 68 59 64 -5 1 0 0.38 0.0 0 11.6 21 330 M M 9 1 31 320
18 73 59 66 -3 0 1 0.13 0.0 0 9.7 20 300 M M 9 18 25 300
19 90 60 75 6 0 10 0.00 0.0 0 6.0 18 280 M M 4 23 290
20 87 59 73 4 0 8 0.00 0.0 0 3.9 13 160 M M 3 16 150
21 84 62 73 4 0 8 0.00 0.0 0 5.6 16 180 M M 3 23 160
22 72 61 67 -2 0 2 2.19 0.0 0 7.1 17 50 M M 10 1 22 40
23 80 66 73 5 0 8 0.00 0.0 0 5.5 13 140 M M 6 16 140
24 79 66 73 5 0 8 T 0.0 0 4.1 8 190 M M 7 1 M M
25 84 63 74 6 0 9 0.00 0.0 0 4.7 14 140 M M 3 1 18 160
26 79 63 71 3 0 6 1.52 0.0 0 4.9 29 280 M M 8 13 39 290
27 74 63 69 1 0 4 0.00 0.0 0 5.2 14 90 M M 9 1 16 100
28 75 60 68 1 0 3 0.00 0.0 0 6.0 16 180 M M 4 1 22 170
29 81 61 71 4 0 6 0.00 0.0 0 6.9 16 190 M M 3 23 190
30 82 68 75 8 0 10 0.00 0.0 0 10.4 20 180 M M 2 29 180
31 81 59 70 3 0 5 1.15 0.0 0 8.0 21 280 M M 5 12 27 280
================================================================================
SM 2529 1941 1 229 5.63 0.0 199.0 M 163
================================================================================
AV 81.6 62.6 6.4 FASTST M M 5 MAX(MPH)
MISC ----> 29 280 39 290
================================================================================
NOTES:
# LAST OF SEVERAL OCCURRENCES
COLUMN 17 PEAK WIND IN M.P.H.
PRELIMINARY LOCAL CLIMATOLOGICAL DATA (WS FORM: F-6) , PAGE 2
STATION: PORTLAND ME
MONTH: AUGUST
YEAR: 2022
LATITUDE: 43 39 N
LONGITUDE: 70 19 W
[TEMPERATURE DATA] [PRECIPITATION DATA] SYMBOLS USED IN COLUMN 16
AVERAGE MONTHLY: 72.1 TOTAL FOR MONTH: 5.63 1 = FOG OR MIST
DPTR FM NORMAL: 2.9 DPTR FM NORMAL: 2.06 2 = FOG REDUCING VISIBILITY
HIGHEST: 96 ON 7 GRTST 24HR 2.19 ON 22-22 TO 1/4 MILE OR LESS
LOWEST: 55 ON 15 3 = THUNDER
SNOW, ICE PELLETS, HAIL 4 = ICE PELLETS
TOTAL MONTH: 0.0 INCH 5 = HAIL
GRTST 24HR 0.0 6 = FREEZING RAIN OR DRIZZLE
GRTST DEPTH: 0 7 = DUSTSTORM OR SANDSTORM:
VSBY 1/2 MILE OR LESS
8 = SMOKE OR HAZE
[NO. OF DAYS WITH] [WEATHER - DAYS WITH] 9 = BLOWING SNOW
X = TORNADO
MAX 32 OR BELOW: 0 0.01 INCH OR MORE: 7
MAX 90 OR ABOVE: 4 0.10 INCH OR MORE: 6
MIN 32 OR BELOW: 0 0.50 INCH OR MORE: 3
MIN 0 OR BELOW: 0 1.00 INCH OR MORE: 3
[HDD (BASE 65) ]
TOTAL THIS MO. 1 CLEAR (SCALE 0-3) 8
DPTR FM NORMAL -15 PTCLDY (SCALE 4-7) 17
TOTAL FM JUL 1 1 CLOUDY (SCALE 8-10) 6
DPTR FM NORMAL -20
[CDD (BASE 65) ]
TOTAL THIS MO. 229
DPTR FM NORMAL 83 [PRESSURE DATA]
TOTAL FM JAN 1 514 HIGHEST SLP 30.24 ON 28
DPTR FM NORMAL 113 LOWEST SLP 29.64 ON 31
[REMARKS]
#FINAL-08-22#