000
CXUS53 KMKX 010810
CF6RAC
PRELIMINARY LOCAL CLIMATOLOGICAL DATA (WS FORM: F-6)
STATION: RACINE WI
MONTH: APRIL
YEAR: 2022
LATITUDE: 42 45 N
LONGITUDE: 87 49 W
TEMPERATURE IN F: :PCPN: SNOW: WIND :SUNSHINE: SKY :PK WND
================================================================================
1 2 3 4 5 6A 6B 7 8 9 10 11 12 13 14 15 16 17 18
12Z AVG MX 2MIN
DY MAX MIN AVG DEP HDD CDD WTR SNW DPTH SPD SPD DIR MIN PSBL S-S WX SPD DR
================================================================================
1 41 28 35 -5 30 0 T M M 8.5 17 360 M M 4 1 24 320
2 41 31 36 -5 29 0 0.37 M M 5.4 12 200 M M 7 12 18 210
3 42 31 37 -4 28 0 0.11 M M 6.7 12 140 M M 7 1 16 130
4 50 37 44 3 21 0 0.11 M M 8.3 18 170 M M 10 1 27 170
5 48 38 43 1 22 0 0.02 M M 9.5 20 150 M M 8 18 31 150
6 57 43 50 8 15 0 0.70 M M 12.8 28 230 M M 9 1 44 230
7 45 38 42 0 23 0 0.03 M M 10.8 21 240 M M 10 1 32 240
8 39 32 36 -7 29 0 0.12 M M 8.4 17 360 M M 10 1 24 360
9 43 32 38 -5 27 0 T M M 8.3 16 340 M M 5 22 330
10 52 29 41 -2 24 0 0.00 M M 11.6 23 140 M M 1 1 36 130
11 62 42 52 8 13 0 0.00 M M 10.4 20 240 M M 0 31 240
12 59 33 46 2 19 0 0.00 0.0 0 10.2 22 140 M M 4 1 35 130
13 70 40 55 11 10 0 0.54 0.0 0 12.3 25 240 M M 7 138 40 230
14 47 35 41 -4 24 0 0.00 0.0 0 16.8 35 250 M M 4 58 230
15 47 35 41 -4 24 0 T M M 13.3 26 260 M M 5 39 270
16 45 29 37 -8 28 0 0.00 M M 8.1 18 300 M M 3 28 300
17 38 28 33 -13 32 0 0.00 M M 9.2 15 90 M M 3 21 90
18 40 33 37 -9 28 0 0.24 M M 6.5 18 300 M M 10 18 27 280
19 47 36 42 -4 23 0 0.00 M M 10.0 21 330 M M 6 31 330
20 50 40 45 -2 20 0 0.24 M M 15.5 24 150 M M 10 1 37 150
21 69 44 57 10 8 0 0.02 M M 9.9 24 260 M M 3 1 39 250
22 46 42 44 -3 21 0 1.25 M M 11.2 26 120 M M 7 13 37 120
23 77 44 61 13 4 0 0.00 M M 14.5 29 210 M M 1 42 200
24 74 52 63 15 2 0 0.28 M M 13.9 28 230 M M 3 1 43 270
25 52 42 47 -1 18 0 0.00 M M 11.4 23 270 M M 7 35 260
26 46 33 40 -9 25 0 T M M 9.9 20 310 M M 7 28 300
27 38 32 35 -14 30 0 0.00 M M 10.6 21 50 M M 8 28 40
28 45 38 42 -8 23 0 0.02 M M 10.3 17 140 M M 10 23 110
29 54 43 49 -1 16 0 T M M 12.7 21 110 M M 7 30 110
30 59 45 52 2 13 0 0.56 M M 14.4 24 120 M M 9 138 36 130
================================================================================
SM 1523 1105 629 0 4.61 0.0 321.4 M 185
================================================================================
AV 50.8 36.8 10.7 FASTST M M 6 MAX(MPH)
MISC ----> 35 250 58 230
================================================================================
NOTES:
# LAST OF SEVERAL OCCURRENCES
COLUMN 17 PEAK WIND IN M.P.H.
PRELIMINARY LOCAL CLIMATOLOGICAL DATA (WS FORM: F-6) , PAGE 2
STATION: RACINE WI
MONTH: APRIL
YEAR: 2022
LATITUDE: 42 45 N
LONGITUDE: 87 49 W
[TEMPERATURE DATA] [PRECIPITATION DATA] SYMBOLS USED IN COLUMN 16
AVERAGE MONTHLY: 43.8 TOTAL FOR MONTH: 4.61 1 = FOG OR MIST
DPTR FM NORMAL: -1.5 DPTR FM NORMAL: 0.91 2 = FOG REDUCING VISIBILITY
HIGHEST: 77 ON 23 GRTST 24HR 1.25 ON 22-22 TO 1/4 MILE OR LESS
LOWEST: 28 ON 17, 1 3 = THUNDER
SNOW, ICE PELLETS, HAIL 4 = ICE PELLETS
TOTAL MONTH: 0.0 INCH 5 = HAIL
GRTST 24HR 0.0 6 = FREEZING RAIN OR DRIZZLE
GRTST DEPTH: 0 7 = DUSTSTORM OR SANDSTORM:
VSBY 1/2 MILE OR LESS
8 = SMOKE OR HAZE
[NO. OF DAYS WITH] [WEATHER - DAYS WITH] 9 = BLOWING SNOW
X = TORNADO
MAX 32 OR BELOW: 0 0.01 INCH OR MORE: 15
MAX 90 OR ABOVE: 0 0.10 INCH OR MORE: 11
MIN 32 OR BELOW: 9 0.50 INCH OR MORE: 4
MIN 0 OR BELOW: 0 1.00 INCH OR MORE: 1
[HDD (BASE 65) ]
TOTAL THIS MO. 629 CLEAR (SCALE 0-3) 4
DPTR FM NORMAL 35 PTCLDY (SCALE 4-7) 16
TOTAL FM JUL 1 5954 CLOUDY (SCALE 8-10) 10
DPTR FM NORMAL -355
[CDD (BASE 65) ]
TOTAL THIS MO. 0
DPTR FM NORMAL -2 [PRESSURE DATA]
TOTAL FM JAN 1 0 HIGHEST SLP M ON M
DPTR FM NORMAL -2 LOWEST SLP 29.43 ON 6
[REMARKS]
#FINAL-04-22#