000
CXUS56 KSGX 012223
CLMRAL
CLIMATE REPORT
NATIONAL WEATHER SERVICE SAN DIEGO, CA
223 PM PST FRI MAR 01 2024
...................................
...THE RIVERSIDE MUNI AIRPORT CA CLIMATE SUMMARY FOR THE MONTH OF FEBRUARY 2024...
CLIMATE NORMAL PERIOD: 1991 TO 2020
CLIMATE RECORD PERIOD: 1893 TO 2024
WEATHER OBSERVED NORMAL DEPART LAST YEAR`S
VALUE DATE(S) VALUE FROM VALUE DATE(S)
NORMAL
................................................................
TEMPERATURE (F)
RECORD
HIGH 94 02/25/1921
LOW 22 02/06/2003
HIGHEST 77 02/23 70 7 78 02/09
LOWEST 37 02/12 44 -7 33 02/16
AVG. MAXIMUM 63.1 67.9 -4.8 63.8
AVG. MINIMUM 46.6 44.7 1.9 40.8
MEAN 54.8 56.3 -1.5 52.3
DAYS MAX >= 90 0 0.1 -0.1 0
DAYS MAX <= 32 0 0.0 0.0 0
DAYS MAX >= 45 29 28
DAYS MAX >= 120 0 0
DAYS MIN <= 32 0 0.6 -0.6 0
PRECIPITATION (INCHES)
RECORD
MAXIMUM 10.08 1998
MINIMUM 0.00 2008
TOTALS 6.94 2.41 4.53 1.95
DAILY AVG. 0.24 NAN NAN 0.07
DAYS >= .01 13 6.9 6.1 6
DAYS >= .10 8 4.0 4.0 2
DAYS >= .50 4 1.5 2.5 0
DAYS >= 1.00 3 0.4 2.6 0
DAYS >= %-5.2F 0 0
DAYS >= %-5.2F 0 0
GREATEST
24 HR. TOTAL 2.58 02/05 TO 02/06 1.24 02/25 TO 02/26
STORM TOTAL 2.39 1.21
(MM/DD(HH)) MM
DEGREE DAYS
HEATING TOTAL 289 251 38 348
SINCE 7/1 857 1069 -212 MM
COOLING TOTAL 0 7 -7 0
SINCE 1/1 3 13 -10 MM
FREEZE DATES
RECORD
EARLIEST 10/21/1949
LATEST 04/28/1894
EARLIEST 01/17
LATEST 01/02
................................................................
WIND (MPH)
AVERAGE WIND SPEED 4.2
RESULTANT WIND SPEED/DIRECTION 1/290
HIGHEST WIND SPEED/DIRECTION 20/030 DATE 02/10
HIGHEST GUST SPEED/DIRECTION 31/030 DATE 02/10
SKY COVER
POSSIBLE SUNSHINE (PERCENT) MM
AVERAGE SKY COVER 0.48
NUMBER OF DAYS FAIR 11
NUMBER OF DAYS PC 10
NUMBER OF DAYS CLOUDY 8
AVERAGE RH (PERCENT) 72
WEATHER CONDITIONS. NUMBER OF DAYS WITH
THUNDERSTORM 1 MIXED PRECIP 0
HEAVY RAIN 6 RAIN 7
LIGHT RAIN 14 FREEZING RAIN 0
LT FREEZING RAIN 0 HAIL 0
HEAVY SNOW 0 SNOW 0
LIGHT SNOW 0 SLEET 0
FOG 17 FOG W/VIS <= 1/4 MILE 1
HAZE 6
- INDICATES NEGATIVE NUMBERS.
R INDICATES RECORD WAS SET OR TIED.
MM INDICATES DATA IS MISSING.
T INDICATES TRACE AMOUNT.
$$