000
CXUS53 KUNR 011030
CF6RAP
PRELIMINARY LOCAL CLIMATOLOGICAL DATA (WS FORM: F-6)
STATION: RAPID CITY AIRPORT SD
MONTH: JANUARY
YEAR: 2022
LATITUDE: 44 2 N
LONGITUDE: 103 4 W
TEMPERATURE IN F: :PCPN: SNOW: WIND :SUNSHINE: SKY :PK WND
================================================================================
1 2 3 4 5 6A 6B 7 8 9 10 11 12 13 14 15 16 17 18
12Z AVG MX 2MIN
DY MAX MIN AVG DEP HDD CDD WTR SNW DPTH SPD SPD DIR MIN PSBL S-S WX SPD DR
================================================================================
1 3 -9 -3 -27 68 0 T M M 3.0 12 170 M M 4 1 14 180
2 35 -6 15 -9 50 0 0.00 M M 3.0 10 140 M M 0 12 150
3 39 17 28 4 37 0 0.00 M M 5.7 14 330 M M 0 16 330
4 43 -5 19 -5 46 0 0.00 M M 23.5 53 330 M M 0 72 330
5 -1 -8 -4 -28 69 0 0.00 M M 22.4 36 340 M M 2 46 340
6 6 -14 -4 -28 69 0 0.00 M M 9.2 18 350 M M 3 22 350
7 48 2 25 1 40 0 0.00 M M 7.4 21 180 M M 2 26 180
8 47 6 27 3 38 0 0.00 M M 14.7 32 330 M M 4 43 340
9 43 3 23 -1 42 0 0.00 M M 3.6 9 330 M M 0 11 340
10 61 18 40 16 25 0 0.00 M M 4.6 15 190 M M 0 19 200
11 56 26 41 17 24 0 0.00 M M 9.4 33 320 M M 0 42 320
12 60 26 43 19 22 0 0.00 M M 4.3 22 340 M M 3 30 310
13 55 34 45 21 20 0 0.00 M M 6.2 17 350 M M 4 22 350
14 46 22 34 10 31 0 T M M 27.3 53 320 M M 8 71 320
15 46 15 31 7 34 0 0.00 M M 6.8 15 150 M M 2 18 150
16 45 20 33 9 32 0 0.01 M M 13.2 32 330 M M 4 1 39 320
17 59 21 40 16 25 0 0.00 M M 4.4 17 320 M M 0 22 320
18 49 12 31 7 34 0 0.00 M M 20.3 39 320 M M 3 51 330
19 14 -6 4 -20 61 0 0.00 M M 13.6 28 350 M M 4 34 340
20 27 -6 11 -13 54 0 0.00 M M 7.8 16 180 M M 0 23 180
21 46 23 35 11 30 0 0.02 M M 14.1 41 330 M M 4 6 52 330
22 52 23 38 14 27 0 0.00 M M 13.4 36 310 M M 7 46 320
23 56 31 44 20 21 0 0.00 M M 7.1 22 310 M M 8 27 310
24 41 20 31 7 34 0 0.05 M M 13.2 33 320 M M 8 1 46 310
25 20 3 12 -12 53 0 0.03 M M 6.1 15 190 M M 8 18 18 180
26 43 5 24 0 41 0 0.00 M M 9.2 25 330 M M 1 33 330
27 36 14 25 1 40 0 0.02 M M 15.2 35 320 M M 8 18 44 320
28 51 12 32 8 33 0 0.00 M M 4.2 20 340 M M 2 24 340
29 55 22 39 15 26 0 0.00 M M 12.1 30 320 M M 0 39 320
30 57 19 38 14 27 0 0.00 M M 7.8 25 340 M M 1 32 350
31 57 27 42 18 23 0 T M M 13.1 41 330 M M 2 57 330
================================================================================
SM 1295 367 1176 0 0.13 M 325.9 M 92
================================================================================
AV 41.8 11.8 10.5 FASTST M M 3 MAX(MPH)
MISC ----> # 53 330 72 330
================================================================================
NOTES:
# LAST OF SEVERAL OCCURRENCES
COLUMN 17 PEAK WIND IN M.P.H.
PRELIMINARY LOCAL CLIMATOLOGICAL DATA (WS FORM: F-6) , PAGE 2
STATION: RAPID CITY AIRPORT SD
MONTH: JANUARY
YEAR: 2022
LATITUDE: 44 2 N
LONGITUDE: 103 4 W
[TEMPERATURE DATA] [PRECIPITATION DATA] SYMBOLS USED IN COLUMN 16
AVERAGE MONTHLY: 26.8 TOTAL FOR MONTH: 0.13 1 = FOG OR MIST
DPTR FM NORMAL: 2.5 DPTR FM NORMAL: -0.18 2 = FOG REDUCING VISIBILITY
HIGHEST: 61 ON 10 GRTST 24HR 0.08 ON 21-21 TO 1/4 MILE OR LESS
LOWEST: -14 ON 6 3 = THUNDER
SNOW, ICE PELLETS, HAIL 4 = ICE PELLETS
TOTAL MONTH: M 5 = HAIL
GRTST 24HR M ON M 6 = FREEZING RAIN OR DRIZZLE
GRTST DEPTH: M ON M 7 = DUSTSTORM OR SANDSTORM:
VSBY 1/2 MILE OR LESS
8 = SMOKE OR HAZE
[NO. OF DAYS WITH] [WEATHER - DAYS WITH] 9 = BLOWING SNOW
X = TORNADO
MAX 32 OR BELOW: 6 0.01 INCH OR MORE: 5
MAX 90 OR ABOVE: 0 0.10 INCH OR MORE: 0
MIN 32 OR BELOW: 30 0.50 INCH OR MORE: 0
MIN 0 OR BELOW: 7 1.00 INCH OR MORE: 0
[HDD (BASE 65) ]
TOTAL THIS MO. 1176 CLEAR (SCALE 0-3) 18
DPTR FM NORMAL -84 PTCLDY (SCALE 4-7) 12
TOTAL FM JUL 1 3623 CLOUDY (SCALE 8-10) 1
DPTR FM NORMAL -556
[CDD (BASE 65) ]
TOTAL THIS MO. 0
DPTR FM NORMAL 0 [PRESSURE DATA]
TOTAL FM JAN 1 0 HIGHEST SLP 30.74 ON 19
DPTR FM NORMAL 0 LOWEST SLP 29.42 ON 7
[REMARKS]
#FINAL-01-22#