000
CXUS56 KMFR 010930
CF6RBG
PRELIMINARY LOCAL CLIMATOLOGICAL DATA (WS FORM: F-6)
STATION: ROSEBURG OR
MONTH: OCTOBER
YEAR: 2021
LATITUDE: 43 13 N
LONGITUDE: 123 22 W
TEMPERATURE IN F: :PCPN: SNOW: WIND :SUNSHINE: SKY :PK WND
================================================================================
1 2 3 4 5 6A 6B 7 8 9 10 11 12 13 14 15 16 17 18
12Z AVG MX 2MIN
DY MAX MIN AVG DEP HDD CDD WTR SNW DPTH SPD SPD DIR MIN PSBL S-S WX SPD DR
================================================================================
1 66 48 57 -4 8 0 0.00 M M 5.6 16 10 M M 6 8 22 10
2 68 45 57 -4 8 0 0.00 M M 2.0 10 20 M M 4 12 15 20
3 71 48 60 -1 5 0 0.00 M M 1.2 9 10 M M 4 12 14 20
4 75 48 62 2 3 0 0.00 M M 0.8 9 10 M M 3 12 12 360
5 66 50 58 -2 7 0 M M M 2.3 12 360 M M 6 12 17 350
6 63 45 54 -6 11 0 0.00 M M 2.9 12 320 M M 5 1 17 320
7 60 43 52 -7 13 0 0.00 M M 4.0 12 10 M M 6 15 360
8 61 40 51 -8 14 0 0.00 M M 1.5 10 10 M M 8 12 13 20
9 70 41 56 -2 9 0 0.00 M M 0.6 9 310 M M 2 14 330
10 62 46 54 -4 11 0 0.09 M M 3.0 20 350 M M 8 1 29 330
11 58 40 49 -9 16 0 0.01 M M 2.7 12 10 M M 5 18 360
12 60 35 48 -9 17 0 0.13 M M 1.3 8 150 M M 7 1 10 250
13 60 44 52 -5 13 0 0.01 M M 1.7 10 310 M M 7 1 16 310
14 67 47 57 0 8 0 T M M 1.7 8 20 M M 5 12 10
15 72 41 57 1 8 0 0.00 M M 1.7 10 330 M M 2 12 15 310
16 69 44 57 1 8 0 0.00 M M 0.3 6 220 M M 3 12 9 210
17 59 45 52 -4 13 0 0.07 M M 0.7 12 330 M M 8 12 17 320
18 58 44 51 -4 14 0 T M M 1.7 7 40 M M 8 1 9 30
19 63 40 52 -3 13 0 T M M 3.3 23 150 M M 6 12 36 140
20 62 48 55 1 10 0 0.05 M M 3.3 20 160 M M 6 33 150
21 75 48 62 8 3 0 0.89 M M 3.1 26 160 M M 5 1 40 160
22 60 52 56 2 9 0 0.26 M M 2.2 12 150 M M 9 1 16 170
23 60 51 56 2 9 0 0.04 M M 4.2 14 160 M M 9 1 21 160
24 59 48 54 1 11 0 0.44 M M 7.9 26 220 M M 8 1 43 220
25 58 46 52 -1 13 0 0.05 M M 5.1 16 150 M M 7 1 23 160
26 63 49 56 3 9 0 0.06 M M 4.6 14 180 M M 10 1 25 170
27 68 51 60 8 5 0 0.00 M M 1.2 8 360 M M 7 12 12 250
28 78 59 69 17 0 4 0.00 M M 1.7 12 290 M M 5 16 300
29 64 50 57 5 8 0 0.14 M M 5.0 22 360 M M 10 1 29 360
30 56 48 52 0 13 0 0.12 M M 3.3 10 360 M M 10 1 12 10
31 58 51 55 4 10 0 0.02 M M 2.0 7 10 M M 9 1 9 360
================================================================================
SM 1989 1435 299 4 2.38 M 82.6 M 198
================================================================================
AV 64.2 46.3 2.7 FASTST M M 6 MAX(MPH)
MISC ----> # 26 160 43 220
================================================================================
NOTES:
# LAST OF SEVERAL OCCURRENCES
COLUMN 17 PEAK WIND IN M.P.H.
PRELIMINARY LOCAL CLIMATOLOGICAL DATA (WS FORM: F-6) , PAGE 2
STATION: ROSEBURG OR
MONTH: OCTOBER
YEAR: 2021
LATITUDE: 43 13 N
LONGITUDE: 123 22 W
[TEMPERATURE DATA] [PRECIPITATION DATA] SYMBOLS USED IN COLUMN 16
AVERAGE MONTHLY: 55.2 TOTAL FOR MONTH: 2.38 1 = FOG OR MIST
DPTR FM NORMAL: -0.9 DPTR FM NORMAL: 0.06 2 = FOG REDUCING VISIBILITY
HIGHEST: 78 ON 28 GRTST 24HR 1.14 ON 21-22 TO 1/4 MILE OR LESS
LOWEST: 35 ON 12 3 = THUNDER
SNOW, ICE PELLETS, HAIL 4 = ICE PELLETS
TOTAL MONTH: M 5 = HAIL
GRTST 24HR M ON M 6 = FREEZING RAIN OR DRIZZLE
GRTST DEPTH: M ON M 7 = DUSTSTORM OR SANDSTORM:
VSBY 1/2 MILE OR LESS
8 = SMOKE OR HAZE
[NO. OF DAYS WITH] [WEATHER - DAYS WITH] 9 = BLOWING SNOW
X = TORNADO
MAX 32 OR BELOW: 0 0.01 INCH OR MORE: 15
MAX 90 OR ABOVE: 0 0.10 INCH OR MORE: 6
MIN 32 OR BELOW: 0 0.50 INCH OR MORE: 1
MIN 0 OR BELOW: 0 1.00 INCH OR MORE: 0
[HDD (BASE 65) ]
TOTAL THIS MO. 299 CLEAR (SCALE 0-3) 3
DPTR FM NORMAL 14 PTCLDY (SCALE 4-7) 21
TOTAL FM JUL 1 329 CLOUDY (SCALE 8-10) 7
DPTR FM NORMAL -20
[CDD (BASE 65) ]
TOTAL THIS MO. 4
DPTR FM NORMAL -3 [PRESSURE DATA]
TOTAL FM JAN 1 940 HIGHEST SLP M ON M
DPTR FM NORMAL 333 LOWEST SLP 29.11 ON 24
[REMARKS]
#FINAL-10-21#