000
CXUS56 KSTO 011300
CF6RDD
PRELIMINARY LOCAL CLIMATOLOGICAL DATA (WS FORM: F-6)
STATION: REDDING CA AIRPORT AND CITY
MONTH: OCTOBER
YEAR: 2022
LATITUDE: 40 30 N
LONGITUDE: 122 18 W
TEMPERATURE IN F: :PCPN: SNOW: WIND :SUNSHINE: SKY :PK WND
================================================================================
1 2 3 4 5 6A 6B 7 8 9 10 11 12 13 14 15 16 17 18
12Z AVG MX 2MIN
DY MAX MIN AVG DEP HDD CDD WTR SNW DPTH SPD SPD DIR MIN PSBL S-S WX SPD DR
================================================================================
1 95 61 78 7 0 13 0.00 0.0 M 4.6 12 160 M M 0 16 340
2 88 55 72 2 0 7 0.00 0.0 M 3.1 12 180 M M 0 14 180
3 93 56 75 5 0 10 0.00 0.0 M 2.1 8 180 M M 0 11 190
4 91 57 74 4 0 9 0.00 0.0 M 2.3 9 160 M M 0 12 150
5 93 57 75 6 0 10 0.00 0.0 M 1.8 10 170 M M 0 12 170
6 94 59 77 8 0 12 0.00 0.0 M 1.6 12 170 M M 0 13 160
7 98 55 77 9 0 12 0.00 0.0 M 2.2 8 180 M M 0 11 190
8 100 56 78 10 0 13 0.00 0.0 M 2.5 9 170 M M 0 11 210
9 97 55 76 8 0 11 0.00 0.0 M 1.9 8 240 M M 0 11 120
10 98 54 76 9 0 11 0.00 0.0 M 2.3 12 20 M M 0 13 160
11 94 54 74 7 0 9 0.00 0.0 M 1.5 8 230 M M 0 8 12 310
12 100 53 77 11 0 12 0.00 0.0 M 2.3 9 350 M M 0 12 360
13 100 51 76 10 0 11 0.00 0.0 M 2.0 8 190 M M 0 11 270
14 101 51 76 10 0 11 0.00 0.0 0 2.1 10 180 M M 0 12 180
15 92 54 73 8 0 8 0.00 0.0 M 0.8 9 180 M M 0 10 180
16 78 55 67 2 0 2 0.00 0.0 M 3.0 9 180 M M 2 12 150
17 81 51 66 2 0 1 0.00 0.0 M 1.8 7 200 M M 0 10 190
18 89 50 70 6 0 5 0.00 0.0 M 1.7 8 300 M M 0 8 9 320
19 99 49 74 10 0 9 0.00 0.0 M 4.3 12 350 M M 0 20 60
20 90 49 70 7 0 5 0.00 0.0 M 1.2 7 140 M M 0 8 150
21 84 50 67 4 0 2 T M M 5.0 14 220 M M 1 18 220
22 73 57 65 3 0 0 0.00 0.0 M 10.6 16 220 M M 1 25 230
23 70 44 57 -5 8 0 0.00 0.0 M 6.1 25 10 M M 0 17 30
24 78 45 62 0 3 0 0.00 0.0 M 4.5 17 160 M M M 14 230
25 73 51 62 1 3 0 0.00 0.0 M 5.0 12 360 M M 0 17 340
26 71 44 58 -3 7 0 0.00 0.0 M 8.3 18 10 M M 0 23 10
27 76 45 61 1 4 0 0.00 0.0 M 5.3 13 350 M M 0 19 340
28 75 41 58 -2 7 0 0.00 0.0 M 1.3 6 360 M M 0 8 220
29 81 40 61 2 4 0 0.00 0.0 M 1.4 9 340 M M 0 12 340
30 84 42 63 4 2 0 0.00 0.0 M 4.1 15 350 M M 0 20 340
31 76 45 61 2 4 0 0.00 0.0 M 2.6 13 170 M M 0 14 160
================================================================================
SM 2712 1586 42 183 T 0.0 99.3 M 4
================================================================================
AV 87.5 51.2 3.2 FASTST M M 0 MAX(MPH)
MISC ----> 25 10 25 230
================================================================================
NOTES:
# LAST OF SEVERAL OCCURRENCES
COLUMN 17 PEAK WIND IN M.P.H.
PRELIMINARY LOCAL CLIMATOLOGICAL DATA (WS FORM: F-6) , PAGE 2
STATION: REDDING CA AIRPORT AND CITY
MONTH: OCTOBER
YEAR: 2022
LATITUDE: 40 30 N
LONGITUDE: 122 18 W
[TEMPERATURE DATA] [PRECIPITATION DATA] SYMBOLS USED IN COLUMN 16
AVERAGE MONTHLY: 69.3 TOTAL FOR MONTH: T 1 = FOG OR MIST
DPTR FM NORMAL: 4.5 DPTR FM NORMAL: -1.92 2 = FOG REDUCING VISIBILITY
HIGHEST: 101 ON 14 GRTST 24HR T ON 21-21 TO 1/4 MILE OR LESS
LOWEST: 40 ON 29 3 = THUNDER
SNOW, ICE PELLETS, HAIL 4 = ICE PELLETS
TOTAL MONTH: 0.0 INCH 5 = HAIL
GRTST 24HR 0.0 6 = FREEZING RAIN OR DRIZZLE
GRTST DEPTH: 0 7 = DUSTSTORM OR SANDSTORM:
VSBY 1/2 MILE OR LESS
8 = SMOKE OR HAZE
[NO. OF DAYS WITH] [WEATHER - DAYS WITH] 9 = BLOWING SNOW
X = TORNADO
MAX 32 OR BELOW: 0 0.01 INCH OR MORE: 0
MAX 90 OR ABOVE: 16 0.10 INCH OR MORE: 0
MIN 32 OR BELOW: 0 0.50 INCH OR MORE: 0
MIN 0 OR BELOW: 0 1.00 INCH OR MORE: 0
[HDD (BASE 65) ]
TOTAL THIS MO. 42 CLEAR (SCALE 0-3) 30
DPTR FM NORMAL -51 PTCLDY (SCALE 4-7) 0
TOTAL FM JUL 1 43 CLOUDY (SCALE 8-10) 1
DPTR FM NORMAL -57
[CDD (BASE 65) ]
TOTAL THIS MO. 183
DPTR FM NORMAL 96 [PRESSURE DATA]
TOTAL FM JAN 1 2497 HIGHEST SLP 30.23 ON 29
DPTR FM NORMAL 469 LOWEST SLP 29.61 ON 22
[REMARKS]
#FINAL-10-22#