000
CXUS56 KPDT 011810
CF6RDM
PRELIMINARY LOCAL CLIMATOLOGICAL DATA (WS FORM: F-6)
STATION: REDMOND OR
MONTH: OCTOBER
YEAR: 2023
LATITUDE: 44 16 N
LONGITUDE: 121 9 W
TEMPERATURE IN F: :PCPN: SNOW: WIND :SUNSHINE: SKY :PK WND
================================================================================
1 2 3 4 5 6A 6B 7 8 9 10 11 12 13 14 15 16 17 18
12Z AVG MX 2MIN
DY MAX MIN AVG DEP HDD CDD WTR SNW DPTH SPD SPD DIR MIN PSBL S-S WX SPD DR
================================================================================
1 62 30 46 -8 19 0 T M M 7.1 22 350 M M 0 26 340
2 67 30 49 -5 16 0 0.03 M M 4.2 18 280 M M 6 8 24 270
3 70 41 56 2 9 0 T M M 5.6 14 350 M M 4 16 360
4 76 35 56 3 9 0 0.00 M M 5.2 14 340 M M 0 17 340
5 81 39 60 7 5 0 0.00 M M 6.2 14 340 M M 0 19 340
6 78 39 59 7 6 0 0.00 M M 5.4 14 330 M M 0 8 18 320
7 83 36 60 8 5 0 0.00 M M 5.0 14 330 M M 0 18 17 320
8 85 43 64 12 1 0 0.00 M M 7.9 23 220 M M 0 30 220
9 67 44 56 5 9 0 0.01 M M 6.3 22 240 M M 3 8 28 210
10 64 40 52 1 13 0 0.07 M M 10.1 26 270 M M 7 33 260
11 57 35 46 -4 19 0 0.12 M M 5.9 21 240 M M 7 25 250
12 62 33 48 -2 17 0 0.00 M M 3.5 13 80 M M 5 17 50
13 69 32 51 1 14 0 0.01 M M 6.7 15 170 M M 3 19 180
14 64 49 57 8 8 0 T M M 6.6 13 190 M M 7 15 170
15 73 46 60 11 5 0 T M M 4.1 14 320 M M 3 17 320
16 69 45 57 9 8 0 0.00 M M 5.7 21 220 M M 4 26 240
17 72 39 56 8 9 0 0.00 M M 3.8 10 360 M M 2 13 350
18 86 34 60 12 5 0 0.00 M M 4.4 10 180 M M 0 18 13 170
19 85 41 63 16 2 0 0.00 M M 3.9 12 20 M M 0 8 16 30
20 82 39 61 14 4 0 0.00 M M 4.3 10 300 M M 0 13 180
21 80 39 60 13 5 0 0.00 M M 4.3 14 240 M M 1 8 16 240
22 66 39 53 7 12 0 0.00 M M 4.6 16 360 M M 4 20 360
23 64 31 48 2 17 0 0.00 M M 5.9 21 310 M M 0 1 25 310
24 52 28 40 -6 25 0 0.02 M M 6.1 17 170 M M 5 25 170
25 50 28 39 -6 26 0 0.06 M M 6.1 18 290 M M 6 25 330
26 51 19 35 -10 30 0 0.00 M M 5.0 14 310 M M 1 16 320
27 45 22 34 -11 31 0 0.00 M M 5.6 17 340 M M 8 22 340
28 45 11 28 -16 37 0 0.00 M M 3.9 10 340 M M 0 14 340
29 52 13 33 -11 32 0 0.00 M M 4.3 10 330 M M 0 16 320
30 54 14 34 -10 31 0 0.00 M M 4.5 13 320 M M 0 15 320
31 61 19 40 -4 25 0 0.00 M M 3.7 10 320 M M 0 13 330
================================================================================
SM 2072 1033 454 0 0.32 M 165.9 M 76
================================================================================
AV 66.8 33.3 5.4 FASTST M M 2 MAX(MPH)
MISC ----> 26 270 33 260
================================================================================
NOTES:
# LAST OF SEVERAL OCCURRENCES
COLUMN 17 PEAK WIND IN M.P.H.
PRELIMINARY LOCAL CLIMATOLOGICAL DATA (WS FORM: F-6) , PAGE 2
STATION: REDMOND OR
MONTH: OCTOBER
YEAR: 2023
LATITUDE: 44 16 N
LONGITUDE: 121 9 W
[TEMPERATURE DATA] [PRECIPITATION DATA] SYMBOLS USED IN COLUMN 16
AVERAGE MONTHLY: 50.1 TOTAL FOR MONTH: 0.32 1 = FOG OR MIST
DPTR FM NORMAL: 1.5 DPTR FM NORMAL: -0.36 2 = FOG REDUCING VISIBILITY
HIGHEST: 86 ON 18 GRTST 24HR 0.14 ON 10-11 TO 1/4 MILE OR LESS
LOWEST: 11 ON 28 3 = THUNDER
SNOW, ICE PELLETS, HAIL 4 = ICE PELLETS
TOTAL MONTH: M 5 = HAIL
GRTST 24HR M ON M 6 = FREEZING RAIN OR DRIZZLE
GRTST DEPTH: M ON M 7 = DUSTSTORM OR SANDSTORM:
VSBY 1/2 MILE OR LESS
8 = SMOKE OR HAZE
[NO. OF DAYS WITH] [WEATHER - DAYS WITH] 9 = BLOWING SNOW
X = TORNADO
MAX 32 OR BELOW: 0 0.01 INCH OR MORE: 7
MAX 90 OR ABOVE: 0 0.10 INCH OR MORE: 1
MIN 32 OR BELOW: 12 0.50 INCH OR MORE: 0
MIN 0 OR BELOW: 0 1.00 INCH OR MORE: 0
[HDD (BASE 65) ]
TOTAL THIS MO. 454 CLEAR (SCALE 0-3) 19
DPTR FM NORMAL -55 PTCLDY (SCALE 4-7) 11
TOTAL FM JUL 1 672 CLOUDY (SCALE 8-10) 1
DPTR FM NORMAL -127
[CDD (BASE 65) ]
TOTAL THIS MO. 0
DPTR FM NORMAL -1 [PRESSURE DATA]
TOTAL FM JAN 1 440 HIGHEST SLP 30.61 ON 29
DPTR FM NORMAL 123 LOWEST SLP 29.51 ON 10
[REMARKS]
#FINAL-10-23#