000
CXUS53 KGRB 011509
CF6RHI
PRELIMINARY LOCAL CLIMATOLOGICAL DATA (WS FORM: F-6)
STATION: RHINELANDER WI
MONTH: FEBRUARY
YEAR: 2021
LATITUDE: 45 37 N
LONGITUDE: 89 27 W
TEMPERATURE IN F: :PCPN: SNOW: WIND :SUNSHINE: SKY :PK WND
================================================================================
1 2 3 4 5 6A 6B 7 8 9 10 11 12 13 14 15 16 17 18
12Z AVG MX 2MIN
DY MAX MIN AVG DEP HDD CDD WTR SNW DPTH SPD SPD DIR MIN PSBL S-S WX SPD DR
================================================================================
1 30 15 23 10 42 0 T T 6 4.6 12 320 M M 10 1 17 300
2 29 6 18 5 47 0 0.00 0.0 6 2.5 10 50 M M 7 1 19 70
3 36 -3 17 4 48 0 0.00 0.0 6 4.9 13 170 M M 1 12 22 150
4 29 15 22 8 43 0 0.89 10.4 16 7.7 20 300 M M 10 12 31 300
5 15 -5 5 -9 60 0 0.03 0.7 15 14.9 24 280 M M 8 19 32 280
6 1 -15 -7 -21 72 0 0.00 0.0 15 13.8 22 270 M M 1 28 250
7 -2 -27 -14 -28 79 0 0.00 0.0 15 9.1 20 260 M M 1 8 24 270
8 2 -18 -8 -22 73 0 T T 15 6.6 16 270 M M 4 8 21 270
9 6 -23 -8 -23 73 0 0.00 0.0 15 9.7 22 260 M M 1 28 260
10 3 -20 -8 -23 73 0 T T 15 6.4 16 280 M M 3 20 270
11 4 -25 -10 -25 75 0 T T 15 3.0 8 340 M M 5 14 330
12 5 -14 -4 -20 69 0 0.06 0.3 15 4.9 13 300 M M 6 8 18 290
13 -3 -18 -10 -26 75 0 0.05 0.3 15 4.6 10 290 M M 5 16 330
14 -3 -22 -12 -28 77 0 0.00 0.0 15 6.8 14 280 M M 0 20 300
15 3 -33 -15 -31 80 0 0.00 0.0 14 4.3 12 40 M M 0 18 360
16 16 -14 1 -16 64 0 0.00 0.0 13 3.4 10 320 M M 0 16 280
17 19 -25 -3 -20 68 0 0.00 0.0 13 2.5 13 190 M M 4 128 20 220
18 21 3 12 -5 53 0 T T 13 4.3 15 210 M M 10 18 21 200
19 16 -8 4 -14 61 0 0.04 0.3 13 4.3 12 270 M M 9 18 14 270
20 22 -16 3 -15 62 0 0.00 0.0 13 3.9 13 190 M M 0 18 18 220
21 30 -2 14 -4 51 0 0.13 1.3 14 5.6 15 110 M M 6 128 20 100
22 34 17 26 8 39 0 0.07 1.2 15 10.2 20 220 M M 9 128 26 210
23 43 29 36 17 29 0 0.11 1.4 12 9.7 20 280 M M 6 1 31 270
24 33 12 23 4 42 0 0.17 1.9 13 5.6 16 330 M M 6 1 27 330
25 35 13 24 4 41 0 T T 12 9.6 24 260 M M 4 31 260
26 38 17 28 8 37 0 0.00 0.0 11 12.1 28 210 M M 3 1 37 220
27 46 24 35 15 30 0 0.00 0.0 11 5.8 13 230 M M 2 18 20 220
28 33 17 25 4 40 0 0.35 2.7 14 8.3 20 300 M M 8 12 36 310
================================================================================
SM 541 -120 1603 0 1.90 20.5 189.1 M 129
================================================================================
AV 19.3 -4.3 6.8 FASTST M M 5 MAX(MPH)
MISC ----> 28 210 37 220
================================================================================
NOTES:
# LAST OF SEVERAL OCCURRENCES
COLUMN 17 PEAK WIND IN M.P.H.
PRELIMINARY LOCAL CLIMATOLOGICAL DATA (WS FORM: F-6) , PAGE 2
STATION: RHINELANDER WI
MONTH: FEBRUARY
YEAR: 2021
LATITUDE: 45 37 N
LONGITUDE: 89 27 W
[TEMPERATURE DATA] [PRECIPITATION DATA] SYMBOLS USED IN COLUMN 16
AVERAGE MONTHLY: 7.5 TOTAL FOR MONTH: 1.90 1 = FOG OR MIST
DPTR FM NORMAL: -8.9 DPTR FM NORMAL: 0.97 2 = FOG REDUCING VISIBILITY
HIGHEST: 46 ON 27 GRTST 24HR 0.89 ON 4- 4 TO 1/4 MILE OR LESS
LOWEST: -33 ON 15 3 = THUNDER
SNOW, ICE PELLETS, HAIL 4 = ICE PELLETS
TOTAL MONTH: 21.5 INCHES 5 = HAIL
GRTST 24HR 10.4 ON 4- 4 6 = FREEZING RAIN OR DRIZZLE
GRTST DEPTH: 16 ON 4 7 = DUSTSTORM OR SANDSTORM:
VSBY 1/2 MILE OR LESS
8 = SMOKE OR HAZE
[NO. OF DAYS WITH] [WEATHER - DAYS WITH] 9 = BLOWING SNOW
X = TORNADO
MAX 32 OR BELOW: 20 0.01 INCH OR MORE: 10
MAX 90 OR ABOVE: 0 0.10 INCH OR MORE: 5
MIN 32 OR BELOW: 28 0.50 INCH OR MORE: 1
MIN 0 OR BELOW: 17 1.00 INCH OR MORE: 0
[HDD (BASE 65) ]
TOTAL THIS MO. 1603 CLEAR (SCALE 0-3) 10
DPTR FM NORMAL 242 PTCLDY (SCALE 4-7) 13
TOTAL FM JUL 1 6512 CLOUDY (SCALE 8-10) 5
DPTR FM NORMAL -109
[CDD (BASE 65) ]
TOTAL THIS MO. 0
DPTR FM NORMAL 0 [PRESSURE DATA]
TOTAL FM JAN 1 0 HIGHEST SLP 30.64 ON 14
DPTR FM NORMAL 0 LOWEST SLP 29.31 ON 4
[REMARKS]
#FINAL-02-21#