000
CXUS55 KGJT 010910
CF6RIL
PRELIMINARY LOCAL CLIMATOLOGICAL DATA (WS FORM: F-6)
STATION: RIFLE CO
MONTH: SEPTEMBER
YEAR: 2022
LATITUDE: 39 31 N
LONGITUDE: 107 43 W
TEMPERATURE IN F: :PCPN: SNOW: WIND :SUNSHINE: SKY :PK WND
================================================================================
1 2 3 4 5 6A 6B 7 8 9 10 11 12 13 14 15 16 17 18
12Z AVG MX 2MIN
DY MAX MIN AVG DEP HDD CDD WTR SNW DPTH SPD SPD DIR MIN PSBL S-S WX SPD DR
================================================================================
1 97 50 74 6 0 9 0.00 M M 4.4 14 260 M M 0 20 230
2 97 52 75 8 0 10 0.00 M M 4.1 17 290 M M 0 24 310
3 97 51 74 7 0 9 0.00 M M 3.5 16 320 M M 0 25 310
4 97 50 74 7 0 9 0.00 M M 4.6 13 320 M M 0 19 280
5 99 52 76 10 0 11 0.00 M M 3.7 17 10 M M 0 26 350
6 100 52 76 10 0 11 0.00 M M 4.0 13 320 M M 0 20 330
7 99 52 76 10 0 11 0.00 M M 3.9 10 150 M M 0 8 15 260
8 97 52 75 10 0 10 T M M 4.7 35 280 M M 0 3 55 280
9 93 54 74 9 0 9 0.00 M M 6.6 23 250 M M 0 31 250
10 84 47 66 1 0 1 0.00 M M 6.6 22 310 M M 0 30 310
11 87 40 64 0 1 0 0.00 M M 3.5 12 270 M M 0 16 260
12 89 45 67 3 0 2 0.00 M M 3.3 16 250 M M 0 28 240
13 79 49 64 0 1 0 0.08 M M 5.8 24 260 M M 3 32 270
14 75 53 64 1 1 0 0.23 M M 3.8 24 230 M M 8 3 33 240
15 73 54 64 1 1 0 0.66 M M 3.3 14 290 M M 6 1 19 260
16 68 49 59 -4 6 0 0.08 M M 3.5 16 80 M M 4 3 21 80
17 77 49 63 1 2 0 0.08 M M 4.4 14 140 M M 3 16 140
18 85 46 66 4 0 1 0.00 M M 5.4 17 240 M M 0 21 280
19 85 48 67 6 0 2 0.00 M M 6.4 23 260 M M 0 29 260
20 72 48 60 -1 5 0 0.08 M M 3.5 18 70 M M 5 24 70
21 67 51 59 -2 6 0 0.13 M M 3.0 15 270 M M 5 1 22 280
22 76 54 65 5 0 0 0.06 M M 6.0 25 260 M M 4 128 34 270
23 76 47 62 2 3 0 0.00 M M 4.4 17 270 M M 1 24 270
24 79 39 59 0 6 0 0.00 M M 4.2 13 260 M M 0 17 250
25 83 40 62 3 3 0 0.00 M M 3.7 15 320 M M 0 19 320
26 84 43 64 6 1 0 0.00 M M 4.8 16 280 M M 0 21 290
27 83 48 66 8 0 1 0.00 M M 5.0 18 160 M M 2 23 160
28 84 45 65 7 0 0 T M M 3.3 18 200 M M 2 30 20
29 81 50 66 9 0 1 T M M 5.5 18 260 M M 2 26 220
30 66 50 58 1 7 0 1.02 M M 8.2 22 90 M M 7 13 30 80
================================================================================
SM 2529 1460 43 97 2.42 M 137.1 M 52
================================================================================
AV 84.3 48.7 4.6 FASTST M M 2 MAX(MPH)
MISC ----> 35 280 55 280
================================================================================
NOTES:
# LAST OF SEVERAL OCCURRENCES
COLUMN 17 PEAK WIND IN M.P.H.
PRELIMINARY LOCAL CLIMATOLOGICAL DATA (WS FORM: F-6) , PAGE 2
STATION: RIFLE CO
MONTH: SEPTEMBER
YEAR: 2022
LATITUDE: 39 31 N
LONGITUDE: 107 43 W
[TEMPERATURE DATA] [PRECIPITATION DATA] SYMBOLS USED IN COLUMN 16
AVERAGE MONTHLY: 66.5 TOTAL FOR MONTH: 2.42 1 = FOG OR MIST
DPTR FM NORMAL: 4.0 DPTR FM NORMAL: 1.08 2 = FOG REDUCING VISIBILITY
HIGHEST: 100 ON 6 GRTST 24HR 1.02 ON 29-30 TO 1/4 MILE OR LESS
LOWEST: 39 ON 24 3 = THUNDER
SNOW, ICE PELLETS, HAIL 4 = ICE PELLETS
TOTAL MONTH: M 5 = HAIL
GRTST 24HR M ON M 6 = FREEZING RAIN OR DRIZZLE
GRTST DEPTH: M ON M 7 = DUSTSTORM OR SANDSTORM:
VSBY 1/2 MILE OR LESS
8 = SMOKE OR HAZE
[NO. OF DAYS WITH] [WEATHER - DAYS WITH] 9 = BLOWING SNOW
X = TORNADO
MAX 32 OR BELOW: 0 0.01 INCH OR MORE: 9
MAX 90 OR ABOVE: 9 0.10 INCH OR MORE: 4
MIN 32 OR BELOW: 0 0.50 INCH OR MORE: 2
MIN 0 OR BELOW: 0 1.00 INCH OR MORE: 1
[HDD (BASE 65) ]
TOTAL THIS MO. 43 CLEAR (SCALE 0-3) 21
DPTR FM NORMAL -70 PTCLDY (SCALE 4-7) 9
TOTAL FM JUL 1 43 CLOUDY (SCALE 8-10) 0
DPTR FM NORMAL -75
[CDD (BASE 65) ]
TOTAL THIS MO. 97
DPTR FM NORMAL 59 [PRESSURE DATA]
TOTAL FM JAN 1 855 HIGHEST SLP M ON M
DPTR FM NORMAL 224 LOWEST SLP 29.56 ON 9
[REMARKS]
#FINAL-09-22#