000
CXUS55 KRIW 011010
CF6RKS
PRELIMINARY LOCAL CLIMATOLOGICAL DATA (WS FORM: F-6)
STATION: ROCK SPRINGS WY
MONTH: APRIL
YEAR: 2022
LATITUDE: 41 35 N
LONGITUDE: 109 4 W
TEMPERATURE IN F: :PCPN: SNOW: WIND :SUNSHINE: SKY :PK WND
================================================================================
1 2 3 4 5 6A 6B 7 8 9 10 11 12 13 14 15 16 17 18
12Z AVG MX 2MIN
DY MAX MIN AVG DEP HDD CDD WTR SNW DPTH SPD SPD DIR MIN PSBL S-S WX SPD DR
================================================================================
1 51 23 37 -1 28 0 0.00 M M 13.5 31 270 M M 0 41 270
2 60 27 44 6 21 0 0.00 M M 13.3 37 280 M M 0 53 240
3 53 26 40 1 25 0 0.00 M M 6.6 15 240 M M 0 20 250
4 53 26 40 1 25 0 0.00 M M 21.0 43 250 M M 3 62 260
5 42 21 32 -7 33 0 0.01 M M 27.3 47 270 M M 7 18 63 260
6 41 18 30 -9 35 0 0.00 M M 18.6 30 290 M M 0 43 290
7 56 20 38 -1 27 0 0.00 M M 7.5 18 310 M M 0 27 300
8 66 30 48 8 17 0 0.00 M M 11.2 25 250 M M 0 33 220
9 58 28 43 3 22 0 0.00 M M 17.4 39 280 M M 3 55 270
10 39 20 30 -10 35 0 0.00 M M 21.0 41 260 M M 1 55 260
11 50 26 38 -2 27 0 T M M 12.0 35 270 M M 6 128 45 260
12 29 16 23 -17 42 0 T M M 22.2 35 260 M M 5 18 43 260
13 27 14 21 -19 44 0 0.01 M M 18.7 36 260 M M 5 8 45 260
14 45 15 30 -11 35 0 0.01 M M 14.5 35 270 M M 6 45 260
15 46 29 38 -3 27 0 0.01 M M 15.0 35 270 M M 6 1 45 280
16 58 26 42 1 23 0 0.04 M M 12.3 37 200 M M 4 47 200
17 47 31 39 -2 26 0 0.00 M M 16.8 33 280 M M 8 43 290
18 66 24 45 3 20 0 0.00 M M 7.0 20 270 M M 0 29 280
19 64 33 49 7 16 0 0.00 M M 15.0 28 300 M M 3 40 270
20 55 26 41 -1 24 0 0.00 M M 12.8 29 270 M M 2 39 250
21 71 33 52 10 13 0 0.00 M M 14.6 33 220 M M 1 41 220
22 57 32 45 3 20 0 0.30 M M 11.4 29 210 M M 6 12 39 220
23 43 29 36 -7 29 0 T M M 19.9 30 270 M M 9 1 40 270
24 43 27 35 -8 30 0 T M M 8.2 16 80 M M 7 18 22 80
25 49 26 38 -5 27 0 0.00 M M 4.4 13 120 M M 5 12 17 190
26 66 32 49 5 16 0 0.00 M M 9.8 31 250 M M 4 46 190
27 69 37 53 9 12 0 0.00 M M 10.5 31 260 M M 4 43 250
28 66 41 54 10 11 0 0.00 M M 13.8 33 200 M M 5 45 210
29 46 30 38 -7 27 0 0.01 M M 23.3 39 260 M M 7 1 55 260
30 58 25 42 -3 23 0 0.00 M M 6.2 12 140 M M 0 17 190
================================================================================
SM 1574 791 760 0 0.39 M 425.8 M 107
================================================================================
AV 52.5 26.4 14.2 FASTST M M 4 MAX(MPH)
MISC ----> 47 270 63 260
================================================================================
NOTES:
# LAST OF SEVERAL OCCURRENCES
COLUMN 17 PEAK WIND IN M.P.H.
PRELIMINARY LOCAL CLIMATOLOGICAL DATA (WS FORM: F-6) , PAGE 2
STATION: ROCK SPRINGS WY
MONTH: APRIL
YEAR: 2022
LATITUDE: 41 35 N
LONGITUDE: 109 4 W
[TEMPERATURE DATA] [PRECIPITATION DATA] SYMBOLS USED IN COLUMN 16
AVERAGE MONTHLY: 39.4 TOTAL FOR MONTH: 0.39 1 = FOG OR MIST
DPTR FM NORMAL: -1.8 DPTR FM NORMAL: -0.52 2 = FOG REDUCING VISIBILITY
HIGHEST: 71 ON 21 GRTST 24HR 0.30 ON 22-22 TO 1/4 MILE OR LESS
LOWEST: 14 ON 13 3 = THUNDER
SNOW, ICE PELLETS, HAIL 4 = ICE PELLETS
TOTAL MONTH: M 5 = HAIL
GRTST 24HR M ON M 6 = FREEZING RAIN OR DRIZZLE
GRTST DEPTH: M ON M 7 = DUSTSTORM OR SANDSTORM:
VSBY 1/2 MILE OR LESS
8 = SMOKE OR HAZE
[NO. OF DAYS WITH] [WEATHER - DAYS WITH] 9 = BLOWING SNOW
X = TORNADO
MAX 32 OR BELOW: 2 0.01 INCH OR MORE: 7
MAX 90 OR ABOVE: 0 0.10 INCH OR MORE: 1
MIN 32 OR BELOW: 26 0.50 INCH OR MORE: 0
MIN 0 OR BELOW: 0 1.00 INCH OR MORE: 0
[HDD (BASE 65) ]
TOTAL THIS MO. 760 CLEAR (SCALE 0-3) 12
DPTR FM NORMAL 48 PTCLDY (SCALE 4-7) 16
TOTAL FM JUL 1 7011 CLOUDY (SCALE 8-10) 2
DPTR FM NORMAL -452
[CDD (BASE 65) ]
TOTAL THIS MO. 0
DPTR FM NORMAL 0 [PRESSURE DATA]
TOTAL FM JAN 1 0 HIGHEST SLP 30.57 ON 7
DPTR FM NORMAL 0 LOWEST SLP 29.20 ON 11
[REMARKS]
#FINAL-04-22#