000
CXUS52 KFFC 011533
CF6RMG
PRELIMINARY LOCAL CLIMATOLOGICAL DATA (WS FORM: F-6)
STATION: ROME
MONTH: NOVEMBER
YEAR: 2021
LATITUDE: 34 20 N
LONGITUDE: 85 10 W
TEMPERATURE IN F: :PCPN: SNOW: WIND :SUNSHINE: SKY :PK WND
================================================================================
1 2 3 4 5 6A 6B 7 8 9 10 11 12 13 14 15 16 17 18
12Z AVG MX 2MIN
DY MAX MIN AVG DEP HDD CDD WTR SNW DPTH SPD SPD DIR MIN PSBL S-S WX SPD DR
================================================================================
1 72 43 58 2 7 0 0.00 M M 2.8 10 20 M M 0 18 13 340
2 67 44 56 1 9 0 0.00 M M 6.0 15 30 M M 1 1 20 20
3 54 43 49 -6 16 0 0.09 M M 5.4 12 350 M M 6 1 16 360
4 50 47 49 -6 16 0 0.23 M M 3.5 9 90 M M 10 1 12 90
5 59 42 51 -3 14 0 0.00 M M 3.8 13 100 M M 5 16 90
6 63 37 50 -4 15 0 0.00 M M 5.2 18 10 M M 2 12 25 10
7 69 32 51 -3 14 0 0.00 M M 3.3 16 350 M M 0 1 21 350
8 75 34 55 2 10 0 0.00 M M 0.7 7 150 M M 0 8 150
9 76 36 56 3 9 0 0.00 M M 0.9 9 210 M M 0 8 13 210
10 77 42 60 7 5 0 0.00 M M 0.5 8 200 M M 0 18 12 230
11 73 46 60 8 5 0 0.34 M M 3.9 20 230 M M 5 13 33 220
12 68 42 55 3 10 0 0.00 M M 2.2 10 280 M M 4 12 15 250
13 55 34 45 -7 20 0 0.00 M M 4.2 15 360 M M 1 21 350
14 59 30 45 -7 20 0 0.00 M M 2.3 12 200 M M 0 1 17 240
15 63 32 48 -3 17 0 0.00 M M 1.1 9 10 M M 0 1 13 360
16 74 37 56 5 9 0 0.00 M M 1.7 12 270 M M 3 1 19 210
17 74 43 59 8 6 0 0.00 M M 2.4 14 170 M M 3 128 19 180
18 70 44 57 7 8 0 0.05 M M 5.8 17 360 M M 5 23 330
19 58 32 45 -5 20 0 0.00 M M 8.6 22 10 M M 0 29 10
20 60 29 45 -5 20 0 0.00 M M 3.9 16 150 M M 0 24 150
21 63 38 51 1 14 0 0.73 M M 2.5 9 10 M M 8 1 13 340
22 62 39 51 1 14 0 0.20 M M 9.1 18 350 M M 4 1 25 10
23 54 30 42 -7 23 0 0.00 M M 5.8 15 10 M M 0 20 10
24 62 27 45 -4 20 0 0.00 M M 0.8 9 160 M M 0 8 16 190
25 66 31 49 0 16 0 0.13 M M 3.2 14 310 M M 3 18 19 310
26 55 33 44 -4 21 0 0.00 M M 8.6 20 330 M M 2 29 340
27 57 27 42 -6 23 0 0.00 M M 1.2 12 190 M M 0 17 240
28 62 31 47 -1 18 0 0.00 0.0 M 3.4 13 330 M M 0 17 320
29 53 30 42 -6 23 0 0.00 M M 5.5 17 10 M M 0 23 10
30 65 28 47 -1 18 0 0.00 M M 2.3 13 210 M M 0 8 18 200
================================================================================
SM 1915 1083 440 0 1.77 0.0 110.6 M 62
================================================================================
AV 63.8 36.1 3.7 FASTST M M 2 MAX(MPH)
MISC ----> 22 10 33 220
================================================================================
NOTES:
# LAST OF SEVERAL OCCURRENCES
COLUMN 17 PEAK WIND IN M.P.H.
PRELIMINARY LOCAL CLIMATOLOGICAL DATA (WS FORM: F-6) , PAGE 2
STATION: ROME
MONTH: NOVEMBER
YEAR: 2021
LATITUDE: 34 20 N
LONGITUDE: 85 10 W
[TEMPERATURE DATA] [PRECIPITATION DATA] SYMBOLS USED IN COLUMN 16
AVERAGE MONTHLY: 50.0 TOTAL FOR MONTH: 1.77 1 = FOG OR MIST
DPTR FM NORMAL: -1.4 DPTR FM NORMAL: -2.40 2 = FOG REDUCING VISIBILITY
HIGHEST: 77 ON 10 GRTST 24HR 0.93 ON 21-22 TO 1/4 MILE OR LESS
LOWEST: 27 ON 27,24 3 = THUNDER
SNOW, ICE PELLETS, HAIL 4 = ICE PELLETS
TOTAL MONTH: 0.0 INCH 5 = HAIL
GRTST 24HR 0.0 6 = FREEZING RAIN OR DRIZZLE
GRTST DEPTH: M ON M 7 = DUSTSTORM OR SANDSTORM:
VSBY 1/2 MILE OR LESS
8 = SMOKE OR HAZE
[NO. OF DAYS WITH] [WEATHER - DAYS WITH] 9 = BLOWING SNOW
X = TORNADO
MAX 32 OR BELOW: 0 0.01 INCH OR MORE: 7
MAX 90 OR ABOVE: 0 0.10 INCH OR MORE: 5
MIN 32 OR BELOW: 12 0.50 INCH OR MORE: 1
MIN 0 OR BELOW: 0 1.00 INCH OR MORE: 0
[HDD (BASE 65) ]
TOTAL THIS MO. 440 CLEAR (SCALE 0-3) 20
DPTR FM NORMAL 25 PTCLDY (SCALE 4-7) 9
TOTAL FM JUL 1 532 CLOUDY (SCALE 8-10) 1
DPTR FM NORMAL -34
[CDD (BASE 65) ]
TOTAL THIS MO. 0
DPTR FM NORMAL -6 [PRESSURE DATA]
TOTAL FM JAN 1 1942 HIGHEST SLP 30.46 ON 20
DPTR FM NORMAL 104 LOWEST SLP 29.84 ON 11
[REMARKS]
#FINAL-11-21#