000
CXUS52 KFFC 011010
CF6RMG
PRELIMINARY LOCAL CLIMATOLOGICAL DATA (WS FORM: F-6)
STATION: ROME
MONTH: AUGUST
YEAR: 2020
LATITUDE: 34 20 N
LONGITUDE: 85 10 W
TEMPERATURE IN F: :PCPN: SNOW: WIND :SUNSHINE: SKY :PK WND
================================================================================
1 2 3 4 5 6A 6B 7 8 9 10 11 12 13 14 15 16 17 18
12Z AVG MX 2MIN
DY MAX MIN AVG DEP HDD CDD WTR SNW DPTH SPD SPD DIR MIN PSBL S-S WX SPD DR
================================================================================
1 92 70 81 1 0 16 0.00 0.0 M 4.9 18 210 M M 2 12 27 200
2 92 72 82 2 0 17 0.00 M M 2.9 10 300 M M 3 15 300
3 86 70 78 -2 0 13 0.69 M M 3.8 23 300 M M 4 13 32 310
4 92 69 81 1 0 16 0.04 M M 4.4 17 350 M M 4 13 23 280
5 91 68 80 0 0 15 0.00 M M 2.6 16 120 M M 3 13 23 130
6 90 72 81 1 0 16 0.22 M M 3.4 24 210 M M 3 38 33 240
7 94 70 82 2 0 17 0.00 M M 2.5 9 310 M M 3 13 310
8 95 69 82 3 0 17 0.00 M M 1.6 10 350 M M 1 12 14 320
9 96 71 84 5 0 19 0.00 M M 2.8 21 10 M M 0 1 27 10
10 95 72 84 5 0 19 0.03 M M 2.6 26 30 M M 2 138 34 30
11 95 73 84 5 0 19 0.00 M M 3.0 10 330 M M 3 123 14 20
12 98 73 86 7 0 21 T M M 2.4 28 190 M M 1 3 38 170
13 95 69 82 3 0 17 0.00 M M 2.9 10 200 M M 1 1 15 210
14 87 72 80 1 0 15 0.26 M M 3.1 10 240 M M 6 13 22 220
15 93 74 84 5 0 19 0.07 M M 3.8 22 20 M M 5 138 32 30
16 94 69 82 3 0 17 0.00 M M 3.1 12 350 M M 0 1 17 310
17 93 68 81 2 0 16 0.00 M M 4.6 15 10 M M 2 20 20
18 93 63 78 -1 0 13 0.00 M M 2.0 9 80 M M 0 18 110
19 93 68 81 2 0 16 0.54 M M 2.8 15 40 M M 3 13 23 360
20 87 67 77 -1 0 12 0.12 M M 2.9 16 90 M M 5 13 22 90
21 81 70 76 -2 0 11 0.03 M M 2.1 13 240 M M 7 3 20 240
22 88 68 78 0 0 13 0.11 M M 2.6 17 160 M M 5 13 22 160
23 88 71 80 2 0 15 1.07 M M 3.1 15 140 M M 7 13 25 200
24 87 71 79 1 0 14 0.27 M M 2.6 9 150 M M 4 1 14 140
25 78 74 76 -2 0 11 0.61 M M 2.7 10 130 M M 8 1 14 130
26 88 74 81 3 0 16 0.00 M M 1.6 12 70 M M 5 13 16 70
27 92 73 83 6 0 18 0.05 M M 2.3 12 90 M M 1 13 15 130
28 84 76 80 3 0 15 0.50 M M 4.8 14 200 M M 5 13 24 230
29 92 76 84 7 0 19 0.01 M M 6.7 15 230 M M 5 25 220
30 94 74 84 7 0 19 T M M 3.5 25 300 M M 5 13 37 300
31 91 74 83 6 0 18 T M M 2.4 8 210 M M 5 1 12 230
================================================================================
SM 2814 2200 0 499 4.62 0.0 96.5 M 108
================================================================================
AV 90.8 71.0 3.1 FASTST M M 3 MAX(MPH)
MISC ----> 28 190 38 170
================================================================================
NOTES:
# LAST OF SEVERAL OCCURRENCES
COLUMN 17 PEAK WIND IN M.P.H.
PRELIMINARY LOCAL CLIMATOLOGICAL DATA (WS FORM: F-6) , PAGE 2
STATION: ROME
MONTH: AUGUST
YEAR: 2020
LATITUDE: 34 20 N
LONGITUDE: 85 10 W
[TEMPERATURE DATA] [PRECIPITATION DATA] SYMBOLS USED IN COLUMN 16
AVERAGE MONTHLY: 80.9 TOTAL FOR MONTH: 4.62 1 = FOG OR MIST
DPTR FM NORMAL: 2.2 DPTR FM NORMAL: 0.49 2 = FOG REDUCING VISIBILITY
HIGHEST: 98 ON 12 GRTST 24HR 1.09 ON 23-24 TO 1/4 MILE OR LESS
LOWEST: 63 ON 18 3 = THUNDER
SNOW, ICE PELLETS, HAIL 4 = ICE PELLETS
TOTAL MONTH: 0.0 INCH 5 = HAIL
GRTST 24HR 0.0 6 = FREEZING RAIN OR DRIZZLE
GRTST DEPTH: M ON M 7 = DUSTSTORM OR SANDSTORM:
VSBY 1/2 MILE OR LESS
8 = SMOKE OR HAZE
[NO. OF DAYS WITH] [WEATHER - DAYS WITH] 9 = BLOWING SNOW
X = TORNADO
MAX 32 OR BELOW: 0 0.01 INCH OR MORE: 16
MAX 90 OR ABOVE: 21 0.10 INCH OR MORE: 10
MIN 32 OR BELOW: 0 0.50 INCH OR MORE: 5
MIN 0 OR BELOW: 0 1.00 INCH OR MORE: 1
[HDD (BASE 65) ]
TOTAL THIS MO. 0 CLEAR (SCALE 0-3) 13
DPTR FM NORMAL 0 PTCLDY (SCALE 4-7) 17
TOTAL FM JUL 1 0 CLOUDY (SCALE 8-10) 1
DPTR FM NORMAL 0
[CDD (BASE 65) ]
TOTAL THIS MO. 499
DPTR FM NORMAL 77 [PRESSURE DATA]
TOTAL FM JAN 1 1606 HIGHEST SLP 30.16 ON 24
DPTR FM NORMAL 240 LOWEST SLP 29.73 ON 30
[REMARKS]
#FINAL-08-20#