000
CXUS51 KRNK 010739
CF6RNK
PRELIMINARY LOCAL CLIMATOLOGICAL DATA (WS FORM: F-6)
STATION: BLACKSBURG VA
MONTH: APRIL
YEAR: 2022
LATITUDE: 37 13 N
LONGITUDE: 80 25 W
TEMPERATURE IN F: :PCPN: SNOW: WIND :SUNSHINE: SKY :PK WND
================================================================================
1 2 3 4 5 6A 6B 7 8 9 10 11 12 13 14 15 16 17 18
12Z AVG MX 2MIN
DY MAX MIN AVG DEP HDD CDD WTR SNW DPTH SPD SPD DIR MIN PSBL S-S WX SPD DR
================================================================================
1 54 34 44 -2 21 0 T T 0 10.1 23 320 M M 5 4 39 300
2 62 26 44 -3 21 0 0.00 0.0 0 2.0 8 200 M M 2 M M
3 55 36 46 -1 19 0 0.00 0.0 0 10.5 22 310 M M 2 35 310
4 62 29 46 -1 19 0 0.00 0.0 0 2.2 12 190 M M 5 18 190
5 65 48 57 9 8 0 1.00 0.0 0 4.1 13 120 M M 6 1 21 120
6 73 52 63 15 2 0 0.05 0.0 0 4.8 16 300 M M 4 1 24 300
7 62 42 52 4 13 0 0.45 0.0 0 4.9 15 320 M M 8 1 23 300
8 53 32 43 -6 22 0 0.04 0.0 0 3.6 9 260 M M 6 29 230
9 44 32 38 -11 27 0 0.05 T 0 6.7 15 320 M M 9 14 30 300
10 59 33 46 -4 19 0 0.00 0.0 0 7.0 20 300 M M 5 25 300
11 73 33 53 3 12 0 0.00 0.0 0 2.6 10 200 M M 3 1 17 240
12 70 54 62 12 3 0 T 0.0 0 2.2 8 270 M M 9 M M
13 74 49 62 11 3 0 0.00 0.0 0 4.4 14 190 M M 2 24 190
14 69 42 56 5 9 0 T 0.0 0 7.1 17 300 M M 4 35 300
15 70 37 54 3 11 0 0.00 0.0 0 2.3 12 140 M M 0 17 210
16 71 50 61 9 4 0 0.00 0.0 0 4.7 16 250 M M 3 23 250
17 64 44 54 2 11 0 T 0.0 0 5.9 16 120 M M 2 24 290
18 46 33 40 -12 25 0 0.70 T 0 10.0 24 80 M M 10 4 35 70
19 47 32 40 -13 25 0 T T 0 10.1 18 300 M M 7 1 30 300
20 63 27 45 -8 20 0 0.00 0.0 0 3.0 8 150 M M 1 M M
21 69 44 57 4 8 0 0.00 0.0 0 3.3 8 180 M M 4 M M
22 79 44 62 8 3 0 0.00 0.0 0 2.1 8 100 M M 2 M M
23 80 49 65 11 0 0 0.00 0.0 0 3.9 12 160 M M 1 16 190
24 81 49 65 11 0 0 0.00 0.0 0 2.7 14 180 M M 0 22 190
25 83 50 67 12 0 2 0.00 0.0 0 2.5 10 170 M M 1 M M
26 72 45 59 4 6 0 0.13 0.0 0 4.3 20 310 M M 4 1 24 300
27 61 39 50 -5 15 0 0.00 0.0 0 12.1 23 320 M M 1 38 300
28 62 37 50 -6 15 0 0.00 0.0 0 6.4 22 320 M M 1 33 300
29 64 45 55 -1 10 0 0.00 0.0 0 1.4 9 110 M M 9 M M
30 53 46 50 -6 15 0 0.19 0.0 0 2.0 7 100 M M 10 12 M M
================================================================================
SM 1940 1213 366 2 2.61 T 148.9 M 126
================================================================================
AV 64.7 40.4 5.0 FASTST M M 4 MAX(MPH)
MISC ----> 24 80 39 300
================================================================================
NOTES:
# LAST OF SEVERAL OCCURRENCES
COLUMN 17 PEAK WIND IN M.P.H.
PRELIMINARY LOCAL CLIMATOLOGICAL DATA (WS FORM: F-6) , PAGE 2
STATION: BLACKSBURG VA
MONTH: APRIL
YEAR: 2022
LATITUDE: 37 13 N
LONGITUDE: 80 25 W
[TEMPERATURE DATA] [PRECIPITATION DATA] SYMBOLS USED IN COLUMN 16
AVERAGE MONTHLY: 52.6 TOTAL FOR MONTH: 2.61 1 = FOG OR MIST
DPTR FM NORMAL: 1.1 DPTR FM NORMAL: -1.16 2 = FOG REDUCING VISIBILITY
HIGHEST: 83 ON 25 GRTST 24HR 1.00 ON 5- 5 TO 1/4 MILE OR LESS
LOWEST: 26 ON 2 3 = THUNDER
SNOW, ICE PELLETS, HAIL 4 = ICE PELLETS
TOTAL MONTH: T 5 = HAIL
GRTST 24HR T ON 1- 1 6 = FREEZING RAIN OR DRIZZLE
GRTST DEPTH: 0 7 = DUSTSTORM OR SANDSTORM:
VSBY 1/2 MILE OR LESS
8 = SMOKE OR HAZE
[NO. OF DAYS WITH] [WEATHER - DAYS WITH] 9 = BLOWING SNOW
X = TORNADO
MAX 32 OR BELOW: 0 0.01 INCH OR MORE: 8
MAX 90 OR ABOVE: 0 0.10 INCH OR MORE: 5
MIN 32 OR BELOW: 6 0.50 INCH OR MORE: 2
MIN 0 OR BELOW: 0 1.00 INCH OR MORE: 1
[HDD (BASE 65) ]
TOTAL THIS MO. 366 CLEAR (SCALE 0-3) 14
DPTR FM NORMAL -45 PTCLDY (SCALE 4-7) 10
TOTAL FM JUL 1 4379 CLOUDY (SCALE 8-10) 6
DPTR FM NORMAL -700
[CDD (BASE 65) ]
TOTAL THIS MO. 2
DPTR FM NORMAL -1 [PRESSURE DATA]
TOTAL FM JAN 1 2 HIGHEST SLP M ON M
DPTR FM NORMAL -1 LOWEST SLP M ON M
[REMARKS]
DUE TO EQUIPMENT FAILURE ON OCTOBER 17, 2021, ALL HEATING
DEGREE DAY INFORMATION WILL BE CALCULATED WITHOUT DATA FROM THIS
DATE.
#FINAL-04-22#