000
CXUS56 KSGX 010946
CLMRNM
CLIMATE REPORT
NATIONAL WEATHER SERVICE SAN DIEGO, CA
246 AM PDT MON MAY 01 2023
...................................
...THE RAMONA AIRPORT CA CLIMATE SUMMARY FOR THE MONTH OF APRIL 2023...
CLIMATE NORMAL PERIOD: 1991 TO 2020
CLIMATE RECORD PERIOD: 1974 TO 2023
WEATHER OBSERVED NORMAL DEPART LAST YEAR`S
VALUE DATE(S) VALUE FROM VALUE DATE(S)
NORMAL
................................................................
TEMPERATURE (F)
RECORD
HIGH 98 04/06/1989
LOW 28 04/10/1999
04/03/1997
HIGHEST 88 04/21 73 15 96 04/08
LOWEST 29 04/04 43 -14 32 04/13
04/14
AVG. MAXIMUM 71.6 71.7 -0.1 75.5
AVG. MINIMUM 41.6 42.8 -1.2 43.4
MEAN 56.6 57.3 -0.7 59.5
DAYS MAX >= 90 0 1.0 -1.0 3
DAYS MAX <= 32 0 0.0 0.0 0
DAYS MAX >= 45 30 30
DAYS MAX >= 120 0 0
DAYS MIN <= 32 3 1.0 2.0 2
DAYS MIN <= 0 0 0.0 0.0 0
PRECIPITATION (INCHES)
RECORD
MAXIMUM 4.19 2020
MINIMUM 0.00 1993
TOTALS 0.03 1.00 -0.97 0.16
DAILY AVG. 0.00 0.03 -0.03 0.01
DAYS >= .01 1 6.0 -5.0 2
DAYS >= .10 0 2.6 -2.6 1
DAYS >= .50 0 0.8 -0.8 0
DAYS >= 1.00 0 0.1 -0.1 0
DAYS >= %-5.2F 0 0
DAYS >= %-5.2F 0 0
GREATEST
24 HR. TOTAL 0.03 04/13 TO 04/13 0.14 04/22 TO 04/22
STORM TOTAL 0.03 0.14
(MM/DD(HH)) MM
DEGREE DAYS
HEATING TOTAL 246 239 7 176
SINCE 7/1 2527 2189 338 MM
COOLING TOTAL 0 7 -7 18
SINCE 1/1 0 9 -9 MM
FREEZE DATES
RECORD
EARLIEST 10/10/1974
LATEST 05/07/1975
EARLIEST 11/04
LATEST 05/11
................................................................
WIND (MPH)
AVERAGE WIND SPEED 4.5
RESULTANT WIND SPEED/DIRECTION 3/270
HIGHEST WIND SPEED/DIRECTION 20/270 DATE 04/03
HIGHEST GUST SPEED/DIRECTION 28/260 DATE 04/03
SKY COVER
POSSIBLE SUNSHINE (PERCENT) MM
AVERAGE SKY COVER 0.34
NUMBER OF DAYS FAIR 18
NUMBER OF DAYS PC 7
NUMBER OF DAYS CLOUDY 5
AVERAGE RH (PERCENT) 70
WEATHER CONDITIONS. NUMBER OF DAYS WITH
THUNDERSTORM 0 MIXED PRECIP 0
HEAVY RAIN 0 RAIN 0
LIGHT RAIN 2 FREEZING RAIN 0
LT FREEZING RAIN 0 HAIL 0
HEAVY SNOW 0 SNOW 0
LIGHT SNOW 0 SLEET 0
FOG 26 FOG W/VIS <= 1/4 MILE 15
HAZE 16
- INDICATES NEGATIVE NUMBERS.
R INDICATES RECORD WAS SET OR TIED.
MM INDICATES DATA IS MISSING.
T INDICATES TRACE AMOUNT.
$$