000
CXUS55 KREV 010936
CF6RNO
PRELIMINARY LOCAL CLIMATOLOGICAL DATA (WS FORM: F-6)
STATION: RENO-TAHOE INTL AIRPORT NV
MONTH: JULY
YEAR: 2023
LATITUDE: 39 30 N
LONGITUDE: 119 47 W
TEMPERATURE IN F: :PCPN: SNOW: WIND :SUNSHINE: SKY :PK WND
================================================================================
1 2 3 4 5 6A 6B 7 8 9 10 11 12 13 14 15 16 17 18
12Z AVG MX 2MIN
DY MAX MIN AVG DEP HDD CDD WTR SNW DPTH SPD SPD DIR MIN PSBL S-S WX SPD DR
================================================================================
1 99 66 83 9 0 18 0.00 0.0 0 5.8 18 280 M M 2 22 280
2 101 67 84 10 0 19 0.00 0.0 0 6.8 22 290 M M 2 30 270
3 96 64 80 5 0 15 0.00 0.0 0 8.1 22 270 M M 2 31 320
4 95 67 81 6 0 16 0.00 0.0 0 5.7 20 270 M M 2 23 280
5 97 65 81 6 0 16 0.00 0.0 0 7.9 22 270 M M 1 30 280
6 93 65 79 3 0 14 0.00 0.0 0 7.1 21 280 M M 2 27 290
7 92 64 78 2 0 13 0.00 0.0 0 8.7 24 290 M M 4 8 31 280
8 94 63 79 3 0 14 0.00 0.0 0 6.7 23 320 M M 1 28 320
9 94 64 79 3 0 14 0.00 0.0 0 11.0 29 290 M M 1 36 280
10 93 60 77 0 0 12 0.00 0.0 0 6.3 21 280 M M 1 27 280
11 94 60 77 0 0 12 0.00 0.0 0 7.9 22 280 M M 0 30 280
12 92 58 75 -2 0 10 0.00 0.0 0 9.1 24 280 M M 0 29 290
13 95 58 77 0 0 12 0.00 0.0 0 6.8 17 320 M M 0 23 280
14 99 61 80 2 0 15 0.00 0.0 0 4.4 12 270 M M 0 19 260
15 106 65 86 8 0 21 0.00 0.0 0 5.5 20 240 M M 0 26 270
16 108 64 86 8 0 21 0.00 0.0 0 5.8 22 150 M M 5 30 130
17 101 77 89 11 0 24 T 0.0 0 8.1 23 280 M M 6 29 280
18 97 70 84 6 0 19 T 0.0 0 6.9 23 280 M M 3 32 280
19 99 67 83 5 0 18 0.00 0.0 0 6.5 23 270 M M 2 30 270
20 100 65 83 5 0 18 0.00 0.0 0 6.1 20 320 M M 0 28 260
21 104 65 85 7 0 20 0.00 0.0 0 5.4 20 330 M M 0 25 320
22 105 65 85 7 0 20 0.00 0.0 0 6.6 21 280 M M 4 27 280
23 104 65 85 7 0 20 0.00 0.0 0 5.6 21 290 M M 5 27 230
24 95 67 81 3 0 16 0.00 0.0 0 8.7 26 180 M M 6 34 170
25 97 58 78 0 0 13 0.00 0.0 0 6.0 22 270 M M 1 31 240
26 99 61 80 2 0 15 0.00 0.0 0 7.9 26 190 M M 2 39 200
27 95 61 78 0 0 13 0.00 0.0 0 7.5 24 290 M M 1 30 290
28 97 63 80 2 0 15 0.00 0.0 0 6.9 22 280 M M 1 29 280
29 95 67 81 3 0 16 0.00 0.0 0 7.8 22 280 M M 5 27 290
30 97 61 79 1 0 14 0.00 0.0 0 4.9 20 260 M M 5 34 200
31 96 64 80 2 0 15 0.00 0.0 0 7.0 21 280 M M 5 26 200
================================================================================
SM 3029 1987 0 498 T 0.0 215.5 M 69
================================================================================
AV 97.7 64.1 7.0 FASTST M M 2 MAX(MPH)
MISC ----> 29 290 39 200
================================================================================
NOTES:
# LAST OF SEVERAL OCCURRENCES
COLUMN 17 PEAK WIND IN M.P.H.
PRELIMINARY LOCAL CLIMATOLOGICAL DATA (WS FORM: F-6) , PAGE 2
STATION: RENO-TAHOE INTL AIRPORT NV
MONTH: JULY
YEAR: 2023
LATITUDE: 39 30 N
LONGITUDE: 119 47 W
[TEMPERATURE DATA] [PRECIPITATION DATA] SYMBOLS USED IN COLUMN 16
AVERAGE MONTHLY: 80.9 TOTAL FOR MONTH: T 1 = FOG OR MIST
DPTR FM NORMAL: 3.7 DPTR FM NORMAL: -0.20 2 = FOG REDUCING VISIBILITY
HIGHEST: 108 ON 16 GRTST 24HR T ON 17-17 TO 1/4 MILE OR LESS
LOWEST: 58 ON 25,13 3 = THUNDER
SNOW, ICE PELLETS, HAIL 4 = ICE PELLETS
TOTAL MONTH: 0.0 INCH 5 = HAIL
GRTST 24HR 0.0 6 = FREEZING RAIN OR DRIZZLE
GRTST DEPTH: 0 7 = DUSTSTORM OR SANDSTORM:
VSBY 1/2 MILE OR LESS
8 = SMOKE OR HAZE
[NO. OF DAYS WITH] [WEATHER - DAYS WITH] 9 = BLOWING SNOW
X = TORNADO
MAX 32 OR BELOW: 0 0.01 INCH OR MORE: 0
MAX 90 OR ABOVE: 31 0.10 INCH OR MORE: 0
MIN 32 OR BELOW: 0 0.50 INCH OR MORE: 0
MIN 0 OR BELOW: 0 1.00 INCH OR MORE: 0
[HDD (BASE 65) ]
TOTAL THIS MO. 0 CLEAR (SCALE 0-3) 21
DPTR FM NORMAL -2 PTCLDY (SCALE 4-7) 10
TOTAL FM JUL 1 0 CLOUDY (SCALE 8-10) 0
DPTR FM NORMAL 0
[CDD (BASE 65) ]
TOTAL THIS MO. 498
DPTR FM NORMAL 119 [PRESSURE DATA]
TOTAL FM JAN 1 633 HIGHEST SLP M ON M
DPTR FM NORMAL 36 LOWEST SLP 29.68 ON 7
[REMARKS]
...THE RENO-TAHOE INTL AIRPORT NV CLIMATE SUMMARY FOR THE MONTH OF JULY 2023...
THE AVERAGE TEMPERATURE FOR JULY 2023 AT THE RENO-TAHOE
INTERNATIONAL AIRPORT WAS 80.9 DEGREES, WHICH IS 3.7 DEGREES ABOVE
NORMAL. THE HIGHEST TEMPERATURE FOR JULY WAS 108 DEGREES, WHICH
OCCURRED ON THE 16TH. THIS TIED THE ALL-TIME HIGHEST TEMPERATURE
RECORD SET 3 PREVIOUS TIMES IN JULY OF 2007 (1) AND 2002 (2). THE
LOWEST TEMPERATURE FOR THE MONTH WAS 58 DEGREES, WHICH OCCURRED ON
THE 12TH, 13TH, AND 25TH.
FOR JULY 2023, A TRACE OF PRECIPITATION WAS RECORDED AT THE
RENO-TAHOE INTERNATIONAL AIRPORT. THIS IS 0.20 INCHES BELOW NORMAL
FOR THE MONTH.
THE AVERAGE WIND SPEED FOR JULY 2023 WAS 7.0 MPH. THE PEAK WIND GUST
FOR THE MONTH WAS 39 MPH FROM THE SOUTH ON THE 26TH.
#FINAL-07-23#