000
CXUS55 KREV 011636
CF6RNO
PRELIMINARY LOCAL CLIMATOLOGICAL DATA (WS FORM: F-6)
STATION: RENO-TAHOE INTL AIRPORT NV
MONTH: JUNE
YEAR: 2022
LATITUDE: 39 30 N
LONGITUDE: 119 47 W
TEMPERATURE IN F: :PCPN: SNOW: WIND :SUNSHINE: SKY :PK WND
================================================================================
1 2 3 4 5 6A 6B 7 8 9 10 11 12 13 14 15 16 17 18
12Z AVG MX 2MIN
DY MAX MIN AVG DEP HDD CDD WTR SNW DPTH SPD SPD DIR MIN PSBL S-S WX SPD DR
================================================================================
1 84 45 65 0 0 0 0.00 0.0 0 6.0 22 280 M M 2 27 270
2 82 50 66 1 0 1 0.00 0.0 0 6.3 24 280 M M 6 32 290
3 81 53 67 2 0 2 0.00 0.0 0 7.3 24 280 M M 7 42 250
4 73 58 66 0 0 1 0.00 0.0 0 9.4 25 280 M M 9 32 290
5 77 54 66 0 0 1 T 0.0 0 8.1 26 290 M M 6 45 280
6 85 47 66 0 0 1 0.00 0.0 0 5.8 21 270 M M 1 30 270
7 90 50 70 4 0 5 0.00 0.0 0 6.6 24 290 M M 5 36 290
8 89 57 73 6 0 8 0.00 0.0 0 7.2 28 290 M M 6 8 35 290
9 93 60 77 10 0 12 0.00 0.0 0 6.9 21 330 M M 5 8 27 340
10 96 61 79 12 0 14 0.00 0.0 0 10.9 29 280 M M 5 38 290
11 91 59 75 7 0 10 0.00 0.0 0 11.7 31 270 M M 6 41 270
12 80 57 69 1 0 4 0.00 0.0 0 14.3 32 240 M M 6 8 43 270
13 69 49 59 -9 6 0 0.00 0.0 0 11.5 26 350 M M 2 35 350
14 83 44 64 -5 1 0 0.00 0.0 0 5.4 24 330 M M 0 32 340
15 92 50 71 2 0 6 0.00 0.0 0 6.9 24 270 M M 1 32 270
16 88 59 74 5 0 9 0.00 0.0 0 14.7 32 180 M M 2 41 220
17 73 48 61 -9 4 0 0.00 0.0 0 17.4 32 290 M M 5 41 290
18 64 46 55 -15 10 0 0.00 0.0 0 8.3 24 250 M M 5 33 250
19 72 43 58 -12 7 0 0.00 0.0 0 7.4 22 340 M M 3 28 320
20 79 47 63 -7 2 0 0.00 0.0 0 5.1 16 130 M M 5 21 130
21 86 51 69 -2 0 4 0.00 0.0 0 3.8 17 130 M M 1 21 130
22 92 53 73 2 0 8 0.00 0.0 0 6.1 22 280 M M 5 28 280
23 89 61 75 3 0 10 T 0.0 0 5.8 31 10 M M 7 3 41 10
24 92 54 73 1 0 8 0.00 0.0 0 4.7 18 350 M M 1 22 350
25 95 59 77 5 0 12 T 0.0 0 6.1 28 280 M M 4 34 280
26 97 64 81 8 0 16 0.00 0.0 0 7.1 23 290 M M 3 28 290
27 99 62 81 8 0 16 0.00 0.0 0 7.0 24 240 M M 2 33 190
28 94 59 77 4 0 12 0.00 0.0 0 7.3 26 210 M M 1 34 210
29 92 60 76 2 0 11 0.00 0.0 0 8.1 30 200 M M 1 37 200
30 92 58 75 1 0 10 0.00 0.0 0 7.0 23 280 M M 0 31 280
================================================================================
SM 2569 1618 30 181 T 0.0 240.2 M 112
================================================================================
AV 85.6 53.9 8.0 FASTST M M 4 MAX(MPH)
MISC ----> # 32 240 45 280
================================================================================
NOTES:
# LAST OF SEVERAL OCCURRENCES
COLUMN 17 PEAK WIND IN M.P.H.
PRELIMINARY LOCAL CLIMATOLOGICAL DATA (WS FORM: F-6) , PAGE 2
STATION: RENO-TAHOE INTL AIRPORT NV
MONTH: JUNE
YEAR: 2022
LATITUDE: 39 30 N
LONGITUDE: 119 47 W
[TEMPERATURE DATA] [PRECIPITATION DATA] SYMBOLS USED IN COLUMN 16
AVERAGE MONTHLY: 69.8 TOTAL FOR MONTH: T 1 = FOG OR MIST
DPTR FM NORMAL: 0.6 DPTR FM NORMAL: -0.41 2 = FOG REDUCING VISIBILITY
HIGHEST: 99 ON 27 GRTST 24HR T ON 4- 4 TO 1/4 MILE OR LESS
LOWEST: 43 ON 19 3 = THUNDER
SNOW, ICE PELLETS, HAIL 4 = ICE PELLETS
TOTAL MONTH: 0.0 INCH 5 = HAIL
GRTST 24HR 0.0 6 = FREEZING RAIN OR DRIZZLE
GRTST DEPTH: 0 7 = DUSTSTORM OR SANDSTORM:
VSBY 1/2 MILE OR LESS
8 = SMOKE OR HAZE
[NO. OF DAYS WITH] [WEATHER - DAYS WITH] 9 = BLOWING SNOW
X = TORNADO
MAX 32 OR BELOW: 0 0.01 INCH OR MORE: 0
MAX 90 OR ABOVE: 13 0.10 INCH OR MORE: 0
MIN 32 OR BELOW: 0 0.50 INCH OR MORE: 0
MIN 0 OR BELOW: 0 1.00 INCH OR MORE: 0
[HDD (BASE 65) ]
TOTAL THIS MO. 30 CLEAR (SCALE 0-3) 13
DPTR FM NORMAL -17 PTCLDY (SCALE 4-7) 16
TOTAL FM JUL 1 4496 CLOUDY (SCALE 8-10) 1
DPTR FM NORMAL -171
[CDD (BASE 65) ]
TOTAL THIS MO. 181
DPTR FM NORMAL 8 [PRESSURE DATA]
TOTAL FM JAN 1 214 HIGHEST SLP 30.15 ON 21
DPTR FM NORMAL -4 LOWEST SLP 29.51 ON 17
[REMARKS]
#FINAL-06-22#