000
CXUS55 KABQ 011126
CF6ROW
PRELIMINARY LOCAL CLIMATOLOGICAL DATA (WS FORM: F-6)
STATION: ROSWELL NM
MONTH: SEPTEMBER
YEAR: 2020
LATITUDE: 33 17 N
LONGITUDE: 104 32 W
TEMPERATURE IN F: :PCPN: SNOW: WIND :SUNSHINE: SKY :PK WND
================================================================================
1 2 3 4 5 6A 6B 7 8 9 10 11 12 13 14 15 16 17 18
12Z AVG MX 2MIN
DY MAX MIN AVG DEP HDD CDD WTR SNW DPTH SPD SPD DIR MIN PSBL S-S WX SPD DR
================================================================================
1 100 68 84 7 0 19 T 0.0 0 11.3 44 330 M M 3 78 61 320
2 95 62 79 3 0 14 0.00 0.0 0 6.6 21 60 M M 0 26 50
3 102 63 83 7 0 18 0.00 0.0 0 5.5 15 110 M M 0 21 130
4 97 69 83 7 0 18 0.00 0.0 0 5.4 15 150 M M 0 23 130
5 93 65 79 3 0 14 0.00 0.0 0 5.6 16 140 M M 0 23 150
6 96 66 81 6 0 16 0.00 0.0 0 10.4 22 150 M M 0 30 150
7 99 62 81 6 0 16 0.00 0.0 0 9.0 20 150 M M 0 26 170
8 84 45 65 -10 0 0 0.01 0.0 0 20.3 33 20 M M 4 18 41 20
9 47 42 45 -29 20 0 0.02 0.0 0 13.9 22 360 M M 8 1 31 10
10 56 44 50 -24 15 0 0.06 0.0 0 7.6 16 10 M M 10 1 20 10
11 76 54 65 -9 0 0 0.00 0.0 0 6.6 15 190 M M 4 21 160
12 86 52 69 -4 0 4 0.00 0.0 0 4.6 13 20 M M 0 8 17 20
13 85 54 70 -3 0 5 0.00 0.0 0 6.7 17 130 M M 2 25 120
14 82 60 71 -2 0 6 0.00 0.0 0 5.3 18 210 M M 2 8 23 220
15 88 59 74 2 0 9 0.00 0.0 0 6.6 17 180 M M 0 24 170
16 92 58 75 3 0 10 0.00 0.0 0 5.8 21 130 M M 1 3 26 150
17 87 61 74 2 0 9 0.00 0.0 0 7.0 14 30 M M 0 19 10
18 86 59 73 2 0 8 0.00 0.0 0 3.3 9 160 M M 1 14 110
19 85 57 71 0 0 6 0.00 0.0 0 6.6 16 170 M M 0 21 160
20 88 54 71 0 0 6 0.00 0.0 0 8.3 17 180 M M 0 28 160
21 87 55 71 1 0 6 0.00 0.0 0 7.0 18 160 M M 0 8 24 170
22 91 54 73 3 0 8 0.00 0.0 0 6.2 17 180 M M 0 27 130
23 93 57 75 5 0 10 0.00 0.0 0 7.6 21 240 M M 0 25 230
24 93 58 76 7 0 11 0.00 0.0 0 5.7 14 230 M M 0 20 220
25 100 62 81 12 0 16 0.00 0.0 0 9.0 17 170 M M 0 22 180
26 103 56 80 12 0 15 0.00 0.0 0 8.5 23 280 M M 0 32 300
27 101 62 82 14 0 17 0.00 0.0 0 16.9 31 50 M M 1 8 42 40
28 72 50 61 -7 4 0 0.00 0.0 0 9.6 26 50 M M 4 35 40
29 83 42 63 -4 2 0 0.00 0.0 0 6.4 15 200 M M 0 21 190
30 93 50 72 5 0 7 0.00 0.0 0 6.9 14 130 M M 0 21 120
================================================================================
SM 2640 1700 41 268 0.09 0.0 240.2 M 40
================================================================================
AV 88.0 56.7 8.0 FASTST M M 1 MAX(MPH)
MISC ----> # 44 330 # 61 320
================================================================================
NOTES:
# LAST OF SEVERAL OCCURRENCES
COLUMN 17 PEAK WIND IN M.P.H.
PRELIMINARY LOCAL CLIMATOLOGICAL DATA (WS FORM: F-6) , PAGE 2
STATION: ROSWELL NM
MONTH: SEPTEMBER
YEAR: 2020
LATITUDE: 33 17 N
LONGITUDE: 104 32 W
[TEMPERATURE DATA] [PRECIPITATION DATA] SYMBOLS USED IN COLUMN 16
AVERAGE MONTHLY: 72.3 TOTAL FOR MONTH: 0.09 1 = FOG OR MIST
DPTR FM NORMAL: 0.3 DPTR FM NORMAL: -1.44 2 = FOG REDUCING VISIBILITY
HIGHEST: 103 ON 26 GRTST 24HR 0.06 ON 10-10 TO 1/4 MILE OR LESS
LOWEST: 42 ON 29, 9 3 = THUNDER
SNOW, ICE PELLETS, HAIL 4 = ICE PELLETS
TOTAL MONTH: 0.0 INCH 5 = HAIL
GRTST 24HR 0.0 6 = FREEZING RAIN OR DRIZZLE
GRTST DEPTH: 0 7 = DUSTSTORM OR SANDSTORM:
VSBY 1/2 MILE OR LESS
8 = SMOKE OR HAZE
[NO. OF DAYS WITH] [WEATHER - DAYS WITH] 9 = BLOWING SNOW
X = TORNADO
MAX 32 OR BELOW: 0 0.01 INCH OR MORE: 3
MAX 90 OR ABOVE: 15 0.10 INCH OR MORE: 0
MIN 32 OR BELOW: 0 0.50 INCH OR MORE: 0
MIN 0 OR BELOW: 0 1.00 INCH OR MORE: 0
[HDD (BASE 65) ]
TOTAL THIS MO. 41 CLEAR (SCALE 0-3) 25
DPTR FM NORMAL 25 PTCLDY (SCALE 4-7) 4
TOTAL FM JUL 1 41 CLOUDY (SCALE 8-10) 1
DPTR FM NORMAL 25
[CDD (BASE 65) ]
TOTAL THIS MO. 268
DPTR FM NORMAL 41 [PRESSURE DATA]
TOTAL FM JAN 1 2542 HIGHEST SLP 30.36 ON 10
DPTR FM NORMAL 791 LOWEST SLP 29.46 ON 8
[REMARKS]
#FINAL-09-20#