000
CXUS53 KARX 012245
CF6RST
PRELIMINARY LOCAL CLIMATOLOGICAL DATA (WS FORM: F-6)
STATION: ROCHESTER MN
MONTH: MAY
YEAR: 2023
LATITUDE: 43 55 N
LONGITUDE: 92 30 W
TEMPERATURE IN F: :PCPN: SNOW: WIND :SUNSHINE: SKY :PK WND
================================================================================
1 2 3 4 5 6A 6B 7 8 9 10 11 12 13 14 15 16 17 18
12Z AVG MX 2MIN
DY MAX MIN AVG DEP HDD CDD WTR SNW DPTH SPD SPD DIR MIN PSBL S-S WX SPD DR
================================================================================
1 56 36 46 -6 19 0 0.00 0.0 0 22.6 37 330 M M 3 48 350
2 59 37 48 -4 17 0 0.00 0.0 0 19.0 33 330 M M 1 46 340
3 67 36 52 0 13 0 0.00 0.0 0 4.9 16 330 M M 0 22 320
4 79 42 61 8 4 0 0.00 0.0 0 11.7 24 270 M M 1 8 36 260
5 75 46 61 8 4 0 1.25 0.0 0 11.2 24 200 M M 8 13 32 190
6 67 56 62 8 3 0 0.21 0.0 0 12.0 24 120 M M 10 1 33 120
7 71 55 63 9 2 0 0.13 0.0 0 6.2 21 190 M M 5 12 31 180
8 74 54 64 10 1 0 0.27 0.0 0 9.5 22 150 M M 5 13 26 150
9 69 50 60 5 5 0 0.00 0.0 0 8.1 14 140 M M 5 12 18 120
10 77 51 64 9 1 0 0.00 0.0 0 10.7 18 150 M M 0 1 25 130
11 75 55 65 9 0 0 1.27 0.0 0 7.9 22 150 M M 5 13 29 150
12 66 57 62 6 3 0 0.32 0.0 0 10.5 22 90 M M 9 1 31 70
13 67 58 63 7 2 0 0.11 0.0 0 14.7 24 70 M M 8 1 30 60
14 59 45 52 -5 13 0 0.88 0.0 0 13.8 26 50 M M 9 1 37 50
15 69 42 56 -1 9 0 0.00 0.0 0 6.6 12 300 M M 0 17 40
16 76 50 63 5 2 0 0.00 0.0 0 11.0 18 300 M M 0 24 310
17 63 47 55 -3 10 0 0.00 0.0 0 11.1 17 140 M M 0 22 120
18 79 51 65 7 0 0 0.00 0.0 0 14.6 24 210 M M 2 18 33 210
19 57 43 50 -9 15 0 0.00 0.0 0 14.2 25 320 M M 3 18 32 310
20 71 40 56 -3 9 0 0.00 0.0 0 6.5 13 270 M M 0 17 270
21 77 46 62 2 3 0 0.00 0.0 0 6.5 14 210 M M 0 8 20 220
22 78 50 64 4 1 0 0.00 0.0 0 7.6 18 190 M M 1 25 190
23 80 51 66 6 0 1 0.00 0.0 0 7.4 14 190 M M 0 20 220
24 78 55 67 6 0 2 0.00 0.0 0 10.4 18 90 M M 2 25 140
25 73 49 61 0 4 0 0.00 0.0 0 12.0 20 120 M M 3 31 130
26 75 43 59 -2 6 0 0.00 0.0 0 8.7 16 180 M M 0 21 160
27 78 47 63 1 2 0 0.00 0.0 0 8.5 16 140 M M 0 22 130
28 78 51 65 3 0 0 0.00 0.0 0 8.2 16 110 M M 0 24 170
29 84 58 71 9 0 6 0.00 0.0 0 11.1 23 190 M M 0 31 160
30 87 61 74 11 0 9 T 0.0 0 11.3 22 170 M M 2 3 29 170
31 86 61 74 11 0 9 0.07 0.0 0 8.2 17 180 M M 2 1 23 140
================================================================================
SM 2250 1523 148 27 4.51 0.0 326.7 M 84
================================================================================
AV 72.6 49.1 10.5 FASTST M M 3 MAX(MPH)
MISC ----> 37 330 48 350
================================================================================
NOTES:
# LAST OF SEVERAL OCCURRENCES
COLUMN 17 PEAK WIND IN M.P.H.
PRELIMINARY LOCAL CLIMATOLOGICAL DATA (WS FORM: F-6) , PAGE 2
STATION: ROCHESTER MN
MONTH: MAY
YEAR: 2023
LATITUDE: 43 55 N
LONGITUDE: 92 30 W
[TEMPERATURE DATA] [PRECIPITATION DATA] SYMBOLS USED IN COLUMN 16
AVERAGE MONTHLY: 60.9 TOTAL FOR MONTH: 4.51 1 = FOG OR MIST
DPTR FM NORMAL: 3.3 DPTR FM NORMAL: 0.16 2 = FOG REDUCING VISIBILITY
HIGHEST: 87 ON 30 GRTST 24HR 1.27 ON 11-11 TO 1/4 MILE OR LESS
LOWEST: 36 ON 3, 1 3 = THUNDER
SNOW, ICE PELLETS, HAIL 4 = ICE PELLETS
TOTAL MONTH: T 5 = HAIL
GRTST 24HR 0.0 6 = FREEZING RAIN OR DRIZZLE
GRTST DEPTH: 0 7 = DUSTSTORM OR SANDSTORM:
VSBY 1/2 MILE OR LESS
8 = SMOKE OR HAZE
[NO. OF DAYS WITH] [WEATHER - DAYS WITH] 9 = BLOWING SNOW
X = TORNADO
MAX 32 OR BELOW: 0 0.01 INCH OR MORE: 9
MAX 90 OR ABOVE: 0 0.10 INCH OR MORE: 8
MIN 32 OR BELOW: 0 0.50 INCH OR MORE: 3
MIN 0 OR BELOW: 0 1.00 INCH OR MORE: 2
[HDD (BASE 65) ]
TOTAL THIS MO. 148 CLEAR (SCALE 0-3) 22
DPTR FM NORMAL -115 PTCLDY (SCALE 4-7) 5
TOTAL FM JUL 1 7596 CLOUDY (SCALE 8-10) 4
DPTR FM NORMAL -208
[CDD (BASE 65) ]
TOTAL THIS MO. 27
DPTR FM NORMAL -5 [PRESSURE DATA]
TOTAL FM JAN 1 39 HIGHEST SLP 30.49 ON 14
DPTR FM NORMAL 5 LOWEST SLP 29.64 ON 1
[REMARKS]
#FINAL-05-23#