231
CXUS53 KARX 061623
CLSRST
MKECLMRST 000
TTAA00 KARX 030227
CLIMATE REPORT
NATIONAL WEATHER SERVICE LA CROSSE WI
919 PM CDT TUE JUN 2 2020
...................................
...THE ROCHESTER MN CLIMATE SUMMARY FOR THE SEASON, FROM
3/1/2020 TO 5/31/2020...
CLIMATE NORMAL PERIOD 1981 TO 2010
CLIMATE RECORD PERIOD 1886 TO 2020
WEATHER OBSERVED NORMAL DEPART LAST YEAR`S
VALUE DATE(S) VALUE FROM VALUE DATE(S)
NORMAL
................................................................
TEMPERATURE (F)
RECORD
HIGH 106 05/31/1934
LOW -31 03/01/1962
HIGHEST 81 05/26 MM MM 86 05/31
LOWEST 8 04/15 MM MM -17 03/04
03/03
AVG. MAXIMUM 54.0 55.4 -1.4
AVG. MINIMUM 35.7 36.0 -0.3 32.4
MEAN 44.9 45.7 -0.8 41.5
DAYS MAX >= 90 0 0.4 -0.4 0
DAYS MAX <= 32 6 6.7 -0.7 11
DAYS MIN <= 32 44 32.6 11.4 38
DAYS MIN <= 0 0 1.3 -1.3 6
PRECIPITATION (INCHES)
RECORD
MAXIMUM MM MM
MINIMUM MM MM
TOTALS 9.33 8.75 0.58 14.82
DAILY AVG. 0.10 0.10 0.00
DAYS >= .01 38 33.8 4.2 39
DAYS >= .10 19 18.6 0.4 22
DAYS >= .50 5 5.5 -0.5 9
DAYS >= 1.00 1 1.6 -0.6 5
GREATEST
24 HR. TOTAL 2.20 MM
STORM TOTAL MM
(MM/DD(HH)) MM
SNOWFALL (INCHES)
RECORDS
TOTAL MM 5
24 HR TOTAL MM
TOTALS 10.5 12.0 -1.5
LIQUID EQUIV 1.05 MM MM
SINCE 7/1 58.1 51.9 6.2
DAYS >= TRACE 16 8.4 7.6
DAYS >= 1.0 1 3.3 -2.3
GREATEST
SNOW DEPTH 8 04/13
24 HR TOTAL 7.5 MM
STORM TOTAL MM
(MM/DD(HH)) MM
DEGREE_DAYS
HEATING TOTAL 1848 1809 39
SINCE 7/1 MM 7670 MM
COOLING TOTAL 23 34 -11
SINCE 1/1 23 34 -11
FREEZE DATES
RECORD
EARLIEST MM
LATEST MM
EARLIEST MM
LATEST MM
.................................................................
WIND (MPH)
AVERAGE WIND SPEED 12.1
HIGHEST WIND SPEED/DIRECTION 44/290 DATE 04/20
HIGHEST GUST SPEED/DIRECTION 56/290 DATE 04/20
SKY COVER
POSSIBLE SUNSHINE (PERCENT) MM
AVERAGE SKY COVER 0.50
NUMBER OF DAYS FAIR 40
NUMBER OF DAYS PC 26
NUMBER OF DAYS CLOUDY 26
AVERAGE RH (PERCENT) 68
WEATHER CONDITIONS. NUMBER OF DAYS WITH
THUNDERSTORM 8 MIXED PRECIP 0
HEAVY RAIN 8 RAIN 15
LIGHT RAIN 40 FREEZING RAIN 2
LT FREEZING RAIN 1 HAIL 0
HEAVY SNOW 3 SNOW 3
LIGHT SNOW 16 SLEET 0
FOG 44 FOG W/VIS <= 1/4 MILE 11
HAZE 0
- INDICATES NEGATIVE NUMBERS.
R INDICATES RECORD WAS SET OR TIED.
MM INDICATES DATA IS MISSING.
T INDICATES TRACE AMOUNT.
$$
BOYNE