000
CXUS51 KBTV 010700
CF6RUT
PRELIMINARY LOCAL CLIMATOLOGICAL DATA (WS FORM: F-6)
STATION: RUTLAND VT
MONTH: AUGUST
YEAR: 2022
LATITUDE: 43 31 N
LONGITUDE: 72 57 W
TEMPERATURE IN F: :PCPN: SNOW: WIND :SUNSHINE: SKY :PK WND
================================================================================
1 2 3 4 5 6A 6B 7 8 9 10 11 12 13 14 15 16 17 18
12Z AVG MX 2MIN
DY MAX MIN AVG DEP HDD CDD WTR SNW DPTH SPD SPD DIR MIN PSBL S-S WX SPD DR
================================================================================
1 85 61 73 M 0 8 0.00 M M 5.7 13 120 M M 1 M M
2 82 63 73 M 0 8 0.02 M M 5.7 13 350 M M 6 17 350
3 82 57 70 M 0 5 0.00 M M 4.8 13 130 M M 1 8 M M
4 92 63 78 M 0 13 T M M 7.3 18 160 M M 2 31 180
5 86 69 78 M 0 13 T M M 3.7 7 350 M M 3 M M
6 90 66 78 M 0 13 0.00 M M 5.0 10 200 M M 3 12 M M
7 88 72 80 M 0 15 T M M 5.4 13 180 M M 5 M M
8 91 71 81 M 0 16 0.06 M M 6.9 15 210 M M 5 3 21 210
9 83 61 72 M 0 7 0.08 M M 7.2 15 360 M M 8 20 360
10 75 60 68 M 0 3 0.00 M M 3.2 9 120 M M 8 M M
11 81 61 71 M 0 6 0.13 M M 3.7 16 320 M M 6 12 23 320
12 72 53 63 M 2 0 0.00 M M 6.9 15 360 M M 3 1 22 360
13 73 48 61 M 4 0 0.00 M M 5.5 10 120 M M 5 M M
14 78 49 64 M 1 0 0.00 M M 5.7 12 130 M M 0 M M
15 84 50 67 M 0 2 0.00 M M 5.3 13 120 M M 1 M M
16 82 56 69 M 0 4 0.01 M M 6.8 21 90 M M 5 25 90
17 78 60 69 M 0 4 0.17 M M 2.7 10 20 M M 5 1 M M
18 76 59 68 M 0 3 0.22 M M 3.3 12 290 M M 8 1 20 300
19 82 56 69 M 0 4 0.00 M M 5.4 8 190 M M 1 M M
20 89 57 73 M 0 8 0.00 M M 5.8 13 130 M M 1 M M
21 87 66 77 M 0 12 0.00 M M 8.1 14 150 M M 2 20 140
22 78 67 73 M 0 8 T M M 8.3 13 130 M M 5 20 130
23 75 65 70 M 0 5 0.94 M M 6.6 14 110 M M 9 13 23 250
24 80 65 73 M 0 8 T M M 2.1 9 130 M M 8 1 M M
25 79 59 69 M 0 4 0.00 M M 3.7 9 340 M M 2 M M
26 74 59 67 M 0 2 0.73 M M 4.1 12 360 M M 7 123 18 150
27 75 56 66 M 0 1 0.01 M M 4.6 10 120 M M 5 12 M M
28 81 52 67 M 0 2 0.00 M M 5.2 10 130 M M 2 1 M M
29 86 63 75 M 0 10 0.00 M M 6.9 12 110 M M 5 16 220
30 88 66 77 M 0 12 0.59 M M 5.3 16 260 M M 6 13 23 260
31 75 61 68 M 0 3 0.08 M M 6.5 15 250 M M 7 24 250
================================================================================
SM 2527 1871 7 199 3.04 M 167.4 M 135
================================================================================
AV 81.5 60.4 5.4 FASTST M M 4 MAX(MPH)
MISC ----> 21 90 31 180
================================================================================
NOTES:
# LAST OF SEVERAL OCCURRENCES
COLUMN 17 PEAK WIND IN M.P.H.
PRELIMINARY LOCAL CLIMATOLOGICAL DATA (WS FORM: F-6) , PAGE 2
STATION: RUTLAND VT
MONTH: AUGUST
YEAR: 2022
LATITUDE: 43 31 N
LONGITUDE: 72 57 W
[TEMPERATURE DATA] [PRECIPITATION DATA] SYMBOLS USED IN COLUMN 16
AVERAGE MONTHLY: 70.9 TOTAL FOR MONTH: 3.04 1 = FOG OR MIST
DPTR FM NORMAL: 0.0 DPTR FM NORMAL: M 2 = FOG REDUCING VISIBILITY
HIGHEST: 92 ON 4 GRTST 24HR 0.94 ON 23-23 TO 1/4 MILE OR LESS
LOWEST: 48 ON 13 3 = THUNDER
SNOW, ICE PELLETS, HAIL 4 = ICE PELLETS
TOTAL MONTH: M 5 = HAIL
GRTST 24HR M ON M 6 = FREEZING RAIN OR DRIZZLE
GRTST DEPTH: M ON M 7 = DUSTSTORM OR SANDSTORM:
VSBY 1/2 MILE OR LESS
8 = SMOKE OR HAZE
[NO. OF DAYS WITH] [WEATHER - DAYS WITH] 9 = BLOWING SNOW
X = TORNADO
MAX 32 OR BELOW: 0 0.01 INCH OR MORE: 12
MAX 90 OR ABOVE: 3 0.10 INCH OR MORE: 6
MIN 32 OR BELOW: 0 0.50 INCH OR MORE: 3
MIN 0 OR BELOW: 0 1.00 INCH OR MORE: 0
[HDD (BASE 65) ]
TOTAL THIS MO. 7 CLEAR (SCALE 0-3) 13
DPTR FM NORMAL M PTCLDY (SCALE 4-7) 17
TOTAL FM JUL 1 16 CLOUDY (SCALE 8-10) 1
DPTR FM NORMAL M
[CDD (BASE 65) ]
TOTAL THIS MO. 199
DPTR FM NORMAL M [PRESSURE DATA]
TOTAL FM JAN 1 467 HIGHEST SLP M ON M
DPTR FM NORMAL M LOWEST SLP M ON M
[REMARKS]
#FINAL-08-22#