000
CXUS51 KBTV 010700
CF6RUT
PRELIMINARY LOCAL CLIMATOLOGICAL DATA (WS FORM: F-6)
STATION: RUTLAND VT
MONTH: SEPTEMBER
YEAR: 2021
LATITUDE: 43 31 N
LONGITUDE: 72 57 W
TEMPERATURE IN F: :PCPN: SNOW: WIND :SUNSHINE: SKY :PK WND
================================================================================
1 2 3 4 5 6A 6B 7 8 9 10 11 12 13 14 15 16 17 18
12Z AVG MX 2MIN
DY MAX MIN AVG DEP HDD CDD WTR SNW DPTH SPD SPD DIR MIN PSBL S-S WX SPD DR
================================================================================
1 65 56 61 M 4 0 M M M 3.8 8 130 M M 3 M M
2 66 50 58 M 7 0 M M M 5.7 14 320 M M 6 12 25 330
3 68 52 60 M 5 0 M M M 4.5 13 330 M M 8 20 310
4 73 50 62 M 3 0 0.00 M M 5.5 12 120 M M 3 M M
5 72 55 64 M 1 0 M M M 4.9 10 130 M M 7 M M
6 73 54 64 M 1 0 0.01 M M 6.5 15 260 M M 5 1 18 260
7 72 52 62 M 3 0 0.00 M M 5.9 9 130 M M 3 M M
8 81 56 69 M 0 4 M M M 9.4 17 190 M M 5 13 25 170
9 69 62 66 M 0 1 0.00 M M 1.8 7 360 M M 6 12 M M
10 66 48 57 M 8 0 0.00 M M 4.8 14 340 M M 7 1 18 340
11 71 44 58 M 7 0 0.00 M M 6.8 12 240 M M 1 18 240
12 74 56 65 M 0 0 0.00 M M 5.8 12 240 M M 7 1 18 240
13 72 54 63 M 2 0 T M M 4.7 12 130 M M 6 1 M M
14 74 48 61 M 4 0 0.00 M M 6.8 15 120 M M 4 1 22 120
15 82 62 72 M 0 7 M M M 6.9 15 120 M M 8 13 25 160
16 73 56 65 M 0 0 M M M 4.6 12 130 M M 4 M M
17 72 62 67 M 0 2 0.00 M M 10.1 17 130 M M 7 23 130
18 78 53 66 M 0 1 0.00 M M 4.4 13 360 M M 7 M M
19 67 47 57 M 8 0 0.00 M M 4.2 9 350 M M 3 1 16 350
20 76 45 61 M 4 0 0.00 M M 6.4 14 120 M M 0 M M
21 73 55 64 M 1 0 0.00 M M 9.7 16 120 M M 0 21 120
22 80 60 70 M 0 5 0.00 M M 11.7 16 130 M M 7 26 150
23 79 68 74 M 0 9 M M M 15.8 24 130 M M 5 35 130
24 73 51 62 M 3 0 M M M 6.4 17 160 M M 7 1 30 170
25 72 47 60 M 5 0 0.00 M M 5.1 10 130 M M 0 M M
26 67 50 59 M 6 0 0.00 M M 4.1 10 280 M M 8 18 280
27 63 47 55 M 10 0 0.00 M M 4.9 9 120 M M 8 M M
28 60 44 52 M 13 0 T M M 4.0 9 20 M M 7 1 M M
29 57 38 48 M 17 0 M M M 4.3 9 320 M M 7 M M
30 55 42 49 M 16 0 M M M 3.9 10 330 M M 9 17 340
================================================================================
SM 2123 1564 128 29 0.01 M 183.5 M 158
================================================================================
AV 70.8 52.1 6.1 FASTST M M 5 MAX(MPH)
MISC ----> 24 130 35 130
================================================================================
NOTES:
# LAST OF SEVERAL OCCURRENCES
COLUMN 17 PEAK WIND IN M.P.H.
PRELIMINARY LOCAL CLIMATOLOGICAL DATA (WS FORM: F-6) , PAGE 2
STATION: RUTLAND VT
MONTH: SEPTEMBER
YEAR: 2021
LATITUDE: 43 31 N
LONGITUDE: 72 57 W
[TEMPERATURE DATA] [PRECIPITATION DATA] SYMBOLS USED IN COLUMN 16
AVERAGE MONTHLY: 61.5 TOTAL FOR MONTH: 0.01 1 = FOG OR MIST
DPTR FM NORMAL: 0.0 DPTR FM NORMAL: M 2 = FOG REDUCING VISIBILITY
HIGHEST: 82 ON 15 GRTST 24HR 0.01 ON 6- 6 TO 1/4 MILE OR LESS
LOWEST: 38 ON 29 3 = THUNDER
SNOW, ICE PELLETS, HAIL 4 = ICE PELLETS
TOTAL MONTH: M 5 = HAIL
GRTST 24HR M ON M 6 = FREEZING RAIN OR DRIZZLE
GRTST DEPTH: M ON M 7 = DUSTSTORM OR SANDSTORM:
VSBY 1/2 MILE OR LESS
8 = SMOKE OR HAZE
[NO. OF DAYS WITH] [WEATHER - DAYS WITH] 9 = BLOWING SNOW
X = TORNADO
MAX 32 OR BELOW: 0 0.01 INCH OR MORE: 1
MAX 90 OR ABOVE: 0 0.10 INCH OR MORE: 0
MIN 32 OR BELOW: 0 0.50 INCH OR MORE: 0
MIN 0 OR BELOW: 0 1.00 INCH OR MORE: 0
[HDD (BASE 65) ]
TOTAL THIS MO. 128 CLEAR (SCALE 0-3) 8
DPTR FM NORMAL M PTCLDY (SCALE 4-7) 19
TOTAL FM JUL 1 168 CLOUDY (SCALE 8-10) 3
DPTR FM NORMAL M
[CDD (BASE 65) ]
TOTAL THIS MO. 29
DPTR FM NORMAL M [PRESSURE DATA]
TOTAL FM JAN 1 496 HIGHEST SLP M ON M
DPTR FM NORMAL M LOWEST SLP M ON M
[REMARKS]
#FINAL-09-21#