000
CXUS51 KBTV 010700
CF6RUT
PRELIMINARY LOCAL CLIMATOLOGICAL DATA (WS FORM: F-6)
STATION: RUTLAND VT
MONTH: MAY
YEAR: 2021
LATITUDE: 43 31 N
LONGITUDE: 72 57 W
TEMPERATURE IN F: :PCPN: SNOW: WIND :SUNSHINE: SKY :PK WND
================================================================================
1 2 3 4 5 6A 6B 7 8 9 10 11 12 13 14 15 16 17 18
12Z AVG MX 2MIN
DY MAX MIN AVG DEP HDD CDD WTR SNW DPTH SPD SPD DIR MIN PSBL S-S WX SPD DR
================================================================================
1 54 33 44 M 21 0 0.07 M M 6.8 13 290 M M 7 1 20 290
2 67 42 55 M 10 0 T M M 6.3 14 250 M M 6 M M
3 54 47 51 M 14 0 T M M 2.8 9 350 M M 10 M M
4 55 48 52 M 13 0 0.04 M M 11.2 17 130 M M 10 28 120
5 55 47 51 M 14 0 0.64 M M 9.8 16 140 M M 10 1 23 130
6 57 40 49 M 16 0 0.12 M M 9.4 17 360 M M 6 23 350
7 62 33 48 M 17 0 0.00 M M 7.9 15 100 M M 3 M M
8 56 43 50 M 15 0 0.00 M M 5.8 10 130 M M 9 M M
9 59 37 48 M 17 0 0.00 M M 4.5 10 250 M M 7 M M
10 58 42 50 M 15 0 0.06 M M 4.0 9 330 M M 10 1 M M
11 56 38 47 M 18 0 0.00 M M 9.7 21 250 M M 5 1 31 240
12 59 41 50 M 15 0 T M M 5.6 14 350 M M 9 21 350
13 66 38 52 M 13 0 0.00 M M 6.4 14 360 M M 1 23 330
14 70 38 54 M 11 0 T M M 5.9 13 260 M M 3 20 30
15 74 41 58 M 7 0 0.00 M M 5.5 13 250 M M 3 17 240
16 72 45 59 M 6 0 0.00 M M 7.4 21 10 M M 2 24 10
17 75 44 60 M 5 0 0.00 M M 6.3 12 360 M M 2 8 M M
18 78 48 63 M 2 0 0.00 M M 5.9 13 250 M M 3 18 340
19 80 48 64 M 1 0 0.00 M M 6.4 12 330 M M 0 M M
20 86 53 70 M 0 5 T M M 5.4 9 190 M M 1 M M
21 87 61 74 M 0 9 0.00 M M 5.1 9 130 M M 1 M M
22 82 61 72 M 0 7 T M M 4.8 13 260 M M 3 20 260
23 77 45 61 M 4 0 0.13 M M 6.4 16 330 M M 9 1 38 350
24 69 41 55 M 10 0 0.00 M M 5.9 10 260 M M 1 18 250
25 79 49 64 M 1 0 0.00 M M 6.9 15 250 M M 4 18 230
26 88 62 75 M 0 10 0.09 M M 5.7 17 350 M M 4 3 30 240
27 67 43 55 M 10 0 0.00 M M 9.2 17 20 M M 1 23 20
28 49 40 45 M 20 0 0.07 M M 3.0 8 310 M M 5 M M
29 54 41 48 M 17 0 0.09 M M 6.4 12 140 M M 10 20 90
30 52 45 49 M 16 0 0.03 M M 4.7 12 130 M M 10 1 22 120
31 57 44 51 M 14 0 0.02 M M 5.1 12 310 M M 7 1 M M
================================================================================
SM 2054 1378 322 31 1.36 M 196.1 M 162
================================================================================
AV 66.3 44.5 6.3 FASTST M M 5 MAX(MPH)
MISC ----> # 21 250 38 350
================================================================================
NOTES:
# LAST OF SEVERAL OCCURRENCES
COLUMN 17 PEAK WIND IN M.P.H.
PRELIMINARY LOCAL CLIMATOLOGICAL DATA (WS FORM: F-6) , PAGE 2
STATION: RUTLAND VT
MONTH: MAY
YEAR: 2021
LATITUDE: 43 31 N
LONGITUDE: 72 57 W
[TEMPERATURE DATA] [PRECIPITATION DATA] SYMBOLS USED IN COLUMN 16
AVERAGE MONTHLY: 55.4 TOTAL FOR MONTH: 1.36 1 = FOG OR MIST
DPTR FM NORMAL: 0.0 DPTR FM NORMAL: M 2 = FOG REDUCING VISIBILITY
HIGHEST: 88 ON 26 GRTST 24HR 0.64 ON 5- 5 TO 1/4 MILE OR LESS
LOWEST: 33 ON 7, 1 3 = THUNDER
SNOW, ICE PELLETS, HAIL 4 = ICE PELLETS
TOTAL MONTH: M 5 = HAIL
GRTST 24HR M ON M 6 = FREEZING RAIN OR DRIZZLE
GRTST DEPTH: M ON M 7 = DUSTSTORM OR SANDSTORM:
VSBY 1/2 MILE OR LESS
8 = SMOKE OR HAZE
[NO. OF DAYS WITH] [WEATHER - DAYS WITH] 9 = BLOWING SNOW
X = TORNADO
MAX 32 OR BELOW: 0 0.01 INCH OR MORE: 11
MAX 90 OR ABOVE: 0 0.10 INCH OR MORE: 3
MIN 32 OR BELOW: 0 0.50 INCH OR MORE: 1
MIN 0 OR BELOW: 0 1.00 INCH OR MORE: 0
[HDD (BASE 65) ]
TOTAL THIS MO. 322 CLEAR (SCALE 0-3) 13
DPTR FM NORMAL M PTCLDY (SCALE 4-7) 9
TOTAL FM JUL 1 6791 CLOUDY (SCALE 8-10) 9
DPTR FM NORMAL M
[CDD (BASE 65) ]
TOTAL THIS MO. 31
DPTR FM NORMAL M [PRESSURE DATA]
TOTAL FM JAN 1 31 HIGHEST SLP M ON M
DPTR FM NORMAL M LOWEST SLP M ON M
[REMARKS]
#FINAL-05-21#