771
CXUS51 KBTV 010700
CF6RUT
PRELIMINARY LOCAL CLIMATOLOGICAL DATA (WS FORM: F-6)
STATION: RUTLAND VT
MONTH: JUNE
YEAR: 2020
LATITUDE: 43 31 N
LONGITUDE: 72 57 W
TEMPERATURE IN F: :PCPN: SNOW: WIND :SUNSHINE: SKY :PK WND
================================================================================
1 2 3 4 5 6A 6B 7 8 9 10 11 12 13 14 15 16 17 18
12Z AVG MX 2MIN
DY MAX MIN AVG DEP HDD CDD WTR SNW DPTH SPD SPD DIR MIN PSBL S-S WX SPD DR
================================================================================
1 58 34 46 M 19 0 T M M 5.5 12 310 M M 7 20 310
2 65 40 53 M 12 0 0.01 M M 6.5 12 240 M M 7 17 240
3 70 53 62 M 3 0 0.00 M M 3.9 9 220 M M 8 M M
4 83 51 67 M 0 2 0.00 M M 6.4 15 230 M M 3 1 21 230
5 83 64 74 M 0 9 0.01 M M 5.0 9 250 M M 5 M M
6 78 54 66 M 0 1 0.02 M M 5.8 22 320 M M 7 43 360
7 67 50 59 M 6 0 0.01 M M 8.7 15 320 M M 6 22 340
8 71 44 58 M 7 0 0.00 M M 6.6 12 350 M M 1 18 99
9 73 54 64 M 1 0 0.01 M M 4.3 8 140 M M 8 M M
10 76 60 68 M 0 3 0.00 M M 16.4 23 120 M M 2 35 120
11 82 56 69 M 0 4 0.01 M M 11.3 21 120 M M 6 33 120
12 75 51 63 M 2 0 0.00 M M 9.1 18 240 M M 1 30 250
13 55 41 48 M 17 0 0.00 M M 6.6 13 340 M M 7 17 310
14 65 38 52 M 13 0 0.00 M M 5.6 10 320 M M 8 M M
15 71 46 59 M 6 0 0.00 M M 5.1 9 130 M M 6 M M
16 80 46 63 M 2 0 0.00 M M 6.0 12 120 M M 0 16 150
17 85 50 68 M 0 3 0.00 M M 6.1 12 120 M M 0 M M
18 86 54 70 M 0 5 0.00 M M 4.4 12 120 M M 0 M M
19 86 61 74 M 0 9 0.00 M M 4.7 9 240 M M 2 M M
20 86 61 74 M 0 9 0.00 M M 5.7 16 110 M M 2 38 M M
21 89 63 76 M 0 11 0.00 M M 6.1 13 130 M M 1 M M
22 89 64 77 M 0 12 0.00 M M 6.6 13 110 M M 1 8 20 100
23 88 67 78 M 0 13 0.00 M M 9.2 16 130 M M 1 3 23 110
24 78 58 68 M 0 3 0.06 M M 7.8 15 110 M M 5 1 20 240
25 78 53 66 M 0 1 0.00 M M 9.0 14 230 M M 4 21 240
26 79 55 67 M 0 2 0.01 M M 5.7 15 260 M M 3 21 260
27 74 56 65 M 0 0 0.01 M M 5.4 12 120 M M 4 M M
28 77 62 70 M 0 5 0.03 M M 2.9 10 20 M M 8 123 16 20
29 72 64 68 M 0 3 0.01 M M 3.9 10 340 M M 10 13 M M
30 74 61 68 M 0 3 T M M 2.9 12 280 M M 9 13 M M
================================================================================
SM 2293 1611 88 98 0.19 M 193.3 M 132
================================================================================
AV 76.4 53.7 6.4 FASTST M M 4 MAX(MPH)
MISC ----> 23 120 43 360
================================================================================
NOTES:
# LAST OF SEVERAL OCCURRENCES
COLUMN 17 PEAK WIND IN M.P.H.
PRELIMINARY LOCAL CLIMATOLOGICAL DATA (WS FORM: F-6) , PAGE 2
STATION: RUTLAND VT
MONTH: JUNE
YEAR: 2020
LATITUDE: 43 31 N
LONGITUDE: 72 57 W
[TEMPERATURE DATA] [PRECIPITATION DATA] SYMBOLS USED IN COLUMN 16
AVERAGE MONTHLY: 65.1 TOTAL FOR MONTH: 0.19 1 = FOG OR MIST
DPTR FM NORMAL: 0.0 DPTR FM NORMAL: M 2 = FOG REDUCING VISIBILITY
HIGHEST: 89 ON 22,21 GRTST 24HR 0.06 ON 24-24 TO 1/4 MILE OR LESS
LOWEST: 34 ON 1 3 = THUNDER
SNOW, ICE PELLETS, HAIL 4 = ICE PELLETS
TOTAL MONTH: M 5 = HAIL
GRTST 24HR M ON M 6 = FREEZING RAIN OR DRIZZLE
GRTST DEPTH: M ON M 7 = DUSTSTORM OR SANDSTORM:
VSBY 1/2 MILE OR LESS
8 = SMOKE OR HAZE
[NO. OF DAYS WITH] [WEATHER - DAYS WITH] 9 = BLOWING SNOW
X = TORNADO
MAX 32 OR BELOW: 0 0.01 INCH OR MORE: 11
MAX 90 OR ABOVE: 0 0.10 INCH OR MORE: 0
MIN 32 OR BELOW: 0 0.50 INCH OR MORE: 0
MIN 0 OR BELOW: 0 1.00 INCH OR MORE: 0
[HDD (BASE 65) ]
TOTAL THIS MO. 88 CLEAR (SCALE 0-3) 12
DPTR FM NORMAL M PTCLDY (SCALE 4-7) 15
TOTAL FM JUL 1 7065 CLOUDY (SCALE 8-10) 3
DPTR FM NORMAL M
[CDD (BASE 65) ]
TOTAL THIS MO. 98
DPTR FM NORMAL M [PRESSURE DATA]
TOTAL FM JAN 1 137 HIGHEST SLP M ON M
DPTR FM NORMAL M LOWEST SLP M ON M
[REMARKS]
#FINAL-06-20#