000
CXUS51 KBTV 010700
CF6RUT
PRELIMINARY LOCAL CLIMATOLOGICAL DATA (WS FORM: F-6)
STATION: RUTLAND VT
MONTH: MAY
YEAR: 2020
LATITUDE: 43 31 N
LONGITUDE: 72 57 W
TEMPERATURE IN F: :PCPN: SNOW: WIND :SUNSHINE: SKY :PK WND
================================================================================
1 2 3 4 5 6A 6B 7 8 9 10 11 12 13 14 15 16 17 18
12Z AVG MX 2MIN
DY MAX MIN AVG DEP HDD CDD WTR SNW DPTH SPD SPD DIR MIN PSBL S-S WX SPD DR
================================================================================
1 61 45 53 M 12 0 0.26 M M 9.0 20 150 M M 10 18 33 150
2 65 34 50 M 15 0 0.00 M M 6.2 14 320 M M 1 22 320
3 75 51 63 M 2 0 T M M 9.9 18 280 M M 5 26 280
4 60 43 52 M 13 0 T M M 7.5 16 330 M M 6 23 320
5 52 35 44 M 21 0 0.00 M M 10.0 16 360 M M 4 24 360
6 56 30 43 M 22 0 T M M 5.8 10 130 M M 3 M M
7 60 33 47 M 18 0 0.00 M M 7.5 17 240 M M 5 37 250
8 51 32 42 M 23 0 0.08 M M 8.6 15 250 M M 8 1 30 220
9 38 29 34 M 31 0 0.05 M M 12.1 22 280 M M 9 1 35 250
10 53 33 43 M 22 0 0.01 M M 11.3 22 250 M M 9 35 260
11 57 35 46 M 19 0 0.19 M M 5.0 12 320 M M 8 1 16 320
12 48 35 42 M 23 0 0.11 M M 8.0 16 280 M M 9 1 30 290
13 55 25 40 M 25 0 0.00 M M 7.3 20 320 M M 1 28 320
14 65 31 48 M 17 0 0.00 M M 6.6 12 120 M M 2 17 240
15 76 54 65 M 0 0 0.17 M M 6.1 13 310 M M 10 13 35 290
16 62 48 55 M 10 0 0.17 M M 8.1 15 320 M M 7 25 350
17 66 46 56 M 9 0 0.05 M M 3.8 10 130 M M 6 M M
18 67 45 56 M 9 0 0.01 M M 3.7 8 340 M M 6 M M
19 68 40 54 M 11 0 0.01 M M 7.9 14 130 M M 0 21 90
20 74 42 58 M 7 0 0.00 M M 7.2 13 130 M M 0 M M
21 77 41 59 M 6 0 0.00 M M 5.2 12 230 M M 0 18 230
22 81 46 64 M 1 0 0.00 M M 5.7 12 120 M M 0 8 M M
23 80 52 66 M 0 1 0.00 M M 9.5 21 110 M M 0 1 31 100
24 74 49 62 M 3 0 0.00 M M 12.2 16 120 M M 1 22 110
25 77 50 64 M 1 0 0.00 M M 10.9 18 110 M M 3 22 110
26 89 57 73 M 0 8 0.00 M M 5.0 13 120 M M 0 M M
27 89 63 76 M 0 11 0.01 M M 5.2 8 270 M M 2 M M
28 81 63 72 M 0 7 0.00 M M 7.0 13 130 M M 6 8 18 220
29 85 66 76 M 0 11 0.11 M M 6.8 18 240 M M 8 1 39 250
30 72 59 66 M 0 1 0.05 M M 7.0 14 270 M M 8 18 230
31 58 40 49 M 16 0 0.02 M M 9.5 16 340 M M 9 25 340
================================================================================
SM 2072 1352 336 39 1.30 M 235.6 M 146
================================================================================
AV 66.8 43.6 7.6 FASTST M M 5 MAX(MPH)
MISC ----> # 22 280 39 250
================================================================================
NOTES:
# LAST OF SEVERAL OCCURRENCES
COLUMN 17 PEAK WIND IN M.P.H.
PRELIMINARY LOCAL CLIMATOLOGICAL DATA (WS FORM: F-6) , PAGE 2
STATION: RUTLAND VT
MONTH: MAY
YEAR: 2020
LATITUDE: 43 31 N
LONGITUDE: 72 57 W
[TEMPERATURE DATA] [PRECIPITATION DATA] SYMBOLS USED IN COLUMN 16
AVERAGE MONTHLY: 55.2 TOTAL FOR MONTH: 1.30 1 = FOG OR MIST
DPTR FM NORMAL: 0.0 DPTR FM NORMAL: M 2 = FOG REDUCING VISIBILITY
HIGHEST: 89 ON 27,26 GRTST 24HR 0.26 ON 1- 1 TO 1/4 MILE OR LESS
LOWEST: 25 ON 13 3 = THUNDER
SNOW, ICE PELLETS, HAIL 4 = ICE PELLETS
TOTAL MONTH: M 5 = HAIL
GRTST 24HR M ON M 6 = FREEZING RAIN OR DRIZZLE
GRTST DEPTH: M ON M 7 = DUSTSTORM OR SANDSTORM:
VSBY 1/2 MILE OR LESS
8 = SMOKE OR HAZE
[NO. OF DAYS WITH] [WEATHER - DAYS WITH] 9 = BLOWING SNOW
X = TORNADO
MAX 32 OR BELOW: 0 0.01 INCH OR MORE: 15
MAX 90 OR ABOVE: 0 0.10 INCH OR MORE: 6
MIN 32 OR BELOW: 5 0.50 INCH OR MORE: 0
MIN 0 OR BELOW: 0 1.00 INCH OR MORE: 0
[HDD (BASE 65) ]
TOTAL THIS MO. 336 CLEAR (SCALE 0-3) 13
DPTR FM NORMAL M PTCLDY (SCALE 4-7) 10
TOTAL FM JUL 1 6977 CLOUDY (SCALE 8-10) 8
DPTR FM NORMAL M
[CDD (BASE 65) ]
TOTAL THIS MO. 39
DPTR FM NORMAL M [PRESSURE DATA]
TOTAL FM JAN 1 39 HIGHEST SLP M ON M
DPTR FM NORMAL M LOWEST SLP M ON M
[REMARKS]
#FINAL-05-20#