000
CXUS51 KBTV 010800
CF6RUT
PRELIMINARY LOCAL CLIMATOLOGICAL DATA (WS FORM: F-6)
STATION: RUTLAND VT
MONTH: NOVEMBER
YEAR: 2023
LATITUDE: 43 31 N
LONGITUDE: 72 57 W
TEMPERATURE IN F: :PCPN: SNOW: WIND :SUNSHINE: SKY :PK WND
================================================================================
1 2 3 4 5 6A 6B 7 8 9 10 11 12 13 14 15 16 17 18
12Z AVG MX 2MIN
DY MAX MIN AVG DEP HDD CDD WTR SNW DPTH SPD SPD DIR MIN PSBL S-S WX SPD DR
================================================================================
1 39 31 35 M 30 0 0.08 M M 3.6 10 330 M M 10 1 M M
2 42 22 32 M 33 0 T M M 4.9 10 280 M M 4 M M
3 55 34 45 M 20 0 0.00 M M 8.2 14 230 M M 4 22 230
4 53 45 49 M 16 0 0.00 M M 4.2 10 210 M M 8 16 210
5 53 30 42 M 23 0 T M M 4.7 13 330 M M 7 18 310
6 46 28 37 M 28 0 0.01 M M 7.8 20 110 M M 4 M M
7 60 36 48 M 17 0 0.08 M M 10.2 18 300 M M 9 32 190
8 36 29 33 M 32 0 T M M 9.9 21 330 M M 5 27 330
9 44 30 37 M 28 0 0.19 M M 6.7 16 110 M M 10 1 27 110
10 47 42 45 M 20 0 T M M 8.6 15 250 M M 8 24 270
11 43 29 36 M 29 0 T M M 7.7 13 320 M M 8 18 270
12 34 19 27 M 38 0 0.00 M M 5.4 9 310 M M 7 M M
13 36 16 26 M 39 0 0.02 M M 3.3 7 120 M M 5 1 M M
14 37 30 34 M 31 0 0.05 M M 1.1 6 320 M M 10 1 M M
15 46 29 38 M 27 0 0.00 M M 2.6 9 250 M M 3 12 M M
16 56 30 43 M 22 0 0.00 M M 6.2 14 130 M M 0 M M
17 67 34 51 M 14 0 0.05 M M 8.8 17 180 M M 3 22 180
18 56 25 41 M 24 0 0.17 M M 6.9 14 360 M M 8 23 360
19 44 26 35 M 30 0 T M M 6.9 12 350 M M 8 23 240
20 31 19 25 M 40 0 T M M 7.5 14 340 M M 4 17 340
21 35 14 25 M 40 0 0.21 M M 10.6 20 140 M M 3 1 27 140
22 41 32 37 M 28 0 0.18 M M 9.4 24 160 M M 10 12 38 170
23 43 36 40 M 25 0 0.01 M M 5.9 12 240 M M 10 12 16 280
24 42 23 33 M 32 0 T M M 9.3 14 360 M M 7 21 360
25 34 15 25 M 40 0 0.00 M M 3.9 9 290 M M 1 M M
26 42 23 33 M 32 0 0.17 M M 9.1 18 110 M M 4 24 110
27 41 32 37 M 28 0 0.64 M M 6.1 14 260 M M 9 1 18 260
28 33 24 29 M 36 0 T M M 10.0 16 280 M M 9 1 30 240
29 31 19 25 M 40 0 T M M 7.5 14 230 M M 8 22 270
30 44 27 36 M 29 0 0.00 M M 6.2 9 130 M M 5 M M
================================================================================
SM 1311 829 871 0 1.86 M 203.1 M 191
================================================================================
AV 43.7 27.6 6.8 FASTST M M 6 MAX(MPH)
MISC ----> 24 160 38 170
================================================================================
NOTES:
# LAST OF SEVERAL OCCURRENCES
COLUMN 17 PEAK WIND IN M.P.H.
PRELIMINARY LOCAL CLIMATOLOGICAL DATA (WS FORM: F-6) , PAGE 2
STATION: RUTLAND VT
MONTH: NOVEMBER
YEAR: 2023
LATITUDE: 43 31 N
LONGITUDE: 72 57 W
[TEMPERATURE DATA] [PRECIPITATION DATA] SYMBOLS USED IN COLUMN 16
AVERAGE MONTHLY: 35.7 TOTAL FOR MONTH: 1.86 1 = FOG OR MIST
DPTR FM NORMAL: 0.0 DPTR FM NORMAL: M 2 = FOG REDUCING VISIBILITY
HIGHEST: 67 ON 17 GRTST 24HR 0.64 ON 27-27 TO 1/4 MILE OR LESS
LOWEST: 14 ON 21 3 = THUNDER
SNOW, ICE PELLETS, HAIL 4 = ICE PELLETS
TOTAL MONTH: M 5 = HAIL
GRTST 24HR M ON M 6 = FREEZING RAIN OR DRIZZLE
GRTST DEPTH: M ON M 7 = DUSTSTORM OR SANDSTORM:
VSBY 1/2 MILE OR LESS
8 = SMOKE OR HAZE
[NO. OF DAYS WITH] [WEATHER - DAYS WITH] 9 = BLOWING SNOW
X = TORNADO
MAX 32 OR BELOW: 2 0.01 INCH OR MORE: 13
MAX 90 OR ABOVE: 0 0.10 INCH OR MORE: 6
MIN 32 OR BELOW: 24 0.50 INCH OR MORE: 1
MIN 0 OR BELOW: 0 1.00 INCH OR MORE: 0
[HDD (BASE 65) ]
TOTAL THIS MO. 871 CLEAR (SCALE 0-3) 3
DPTR FM NORMAL M PTCLDY (SCALE 4-7) 15
TOTAL FM JUL 1 1408 CLOUDY (SCALE 8-10) 12
DPTR FM NORMAL M
[CDD (BASE 65) ]
TOTAL THIS MO. 0
DPTR FM NORMAL M [PRESSURE DATA]
TOTAL FM JAN 1 455 HIGHEST SLP M ON M
DPTR FM NORMAL M LOWEST SLP M ON M
[REMARKS]
#FINAL-11-23#