000
CXUS51 KBTV 010700
CF6RUT
PRELIMINARY LOCAL CLIMATOLOGICAL DATA (WS FORM: F-6)
STATION: RUTLAND VT
MONTH: SEPTEMBER
YEAR: 2023
LATITUDE: 43 31 N
LONGITUDE: 72 57 W
TEMPERATURE IN F: :PCPN: SNOW: WIND :SUNSHINE: SKY :PK WND
================================================================================
1 2 3 4 5 6A 6B 7 8 9 10 11 12 13 14 15 16 17 18
12Z AVG MX 2MIN
DY MAX MIN AVG DEP HDD CDD WTR SNW DPTH SPD SPD DIR MIN PSBL S-S WX SPD DR
================================================================================
1 72 46 59 M 6 0 0.00 M M 6.1 12 140 M M 0 M M
2 76 48 62 M 3 0 0.00 M M 6.5 14 250 M M 0 17 190
3 81 60 71 M 0 6 0.00 M M 3.9 12 120 M M 3 M M
4 86 60 73 M 0 8 0.00 M M 4.8 9 120 M M 0 M M
5 85 63 74 M 0 9 0.00 M M 4.7 9 130 M M 0 M M
6 87 64 76 M 0 11 0.00 M M 5.3 8 130 M M 1 M M
7 89 66 78 M 0 13 0.44 M M 5.9 14 180 M M 2 13 16 210
8 83 65 74 M 0 9 T M M 4.1 9 130 M M 5 M M
9 74 65 70 M 0 5 T M M 2.2 7 350 M M 8 M M
10 76 62 69 M 0 4 0.03 M M 3.1 8 130 M M 9 1 M M
11 67 61 64 M 1 0 0.04 M M 4.2 8 330 M M 10 12 M M
12 77 60 69 M 0 4 0.00 M M 2.3 9 130 M M 6 12 M M
13 70 59 65 M 0 0 0.24 M M 2.9 10 100 M M 7 12 M M
14 68 49 59 M 6 0 T M M 4.3 10 280 M M 6 12 20 290
15 65 46 56 M 9 0 0.00 M M 4.7 16 10 M M 2 22 10
16 68 49 59 M 6 0 0.00 M M 6.0 18 330 M M 0 24 340
17 69 45 57 M 8 0 0.07 M M 3.8 8 110 M M 2 M M
18 61 55 58 M 7 0 0.88 M M 3.6 9 150 M M 10 1 M M
19 67 56 62 M 3 0 0.02 M M 6.4 16 260 M M 10 1 28 250
20 67 47 57 M 8 0 0.00 M M 3.0 10 120 M M 4 1 M M
21 68 41 55 M 10 0 0.00 M M 5.4 10 130 M M 1 12 M M
22 71 44 58 M 7 0 0.00 M M 5.8 9 140 M M 0 M M
23 62 48 55 M 10 0 0.00 M M 5.6 9 130 M M 1 M M
24 64 52 58 M 7 0 0.00 M M 4.4 12 120 M M 10 17 110
25 67 51 59 M 6 0 T M M 6.7 16 90 M M 5 21 110
26 65 45 55 M 10 0 0.00 M M 7.5 15 110 M M 0 20 110
27 67 40 54 M 11 0 0.00 M M 5.1 9 130 M M 0 12 M M
28 70 41 56 M 9 0 0.00 M M 6.9 13 120 M M 1 M M
29 58 52 55 M 10 0 0.05 M M 6.8 12 110 M M 10 1 M M
30 70 52 61 M 4 0 T M M 3.5 8 340 M M 6 18 M M
================================================================================
SM 2150 1592 141 69 1.77 M 145.5 M 119
================================================================================
AV 71.7 53.1 4.8 FASTST M M 4 MAX(MPH)
MISC ----> 18 330 28 250
================================================================================
NOTES:
# LAST OF SEVERAL OCCURRENCES
COLUMN 17 PEAK WIND IN M.P.H.
PRELIMINARY LOCAL CLIMATOLOGICAL DATA (WS FORM: F-6) , PAGE 2
STATION: RUTLAND VT
MONTH: SEPTEMBER
YEAR: 2023
LATITUDE: 43 31 N
LONGITUDE: 72 57 W
[TEMPERATURE DATA] [PRECIPITATION DATA] SYMBOLS USED IN COLUMN 16
AVERAGE MONTHLY: 62.4 TOTAL FOR MONTH: 1.77 1 = FOG OR MIST
DPTR FM NORMAL: 0.0 DPTR FM NORMAL: M 2 = FOG REDUCING VISIBILITY
HIGHEST: 89 ON 7 GRTST 24HR 0.88 ON 18-18 TO 1/4 MILE OR LESS
LOWEST: 40 ON 27 3 = THUNDER
SNOW, ICE PELLETS, HAIL 4 = ICE PELLETS
TOTAL MONTH: M 5 = HAIL
GRTST 24HR M ON M 6 = FREEZING RAIN OR DRIZZLE
GRTST DEPTH: M ON M 7 = DUSTSTORM OR SANDSTORM:
VSBY 1/2 MILE OR LESS
8 = SMOKE OR HAZE
[NO. OF DAYS WITH] [WEATHER - DAYS WITH] 9 = BLOWING SNOW
X = TORNADO
MAX 32 OR BELOW: 0 0.01 INCH OR MORE: 8
MAX 90 OR ABOVE: 0 0.10 INCH OR MORE: 3
MIN 32 OR BELOW: 0 0.50 INCH OR MORE: 1
MIN 0 OR BELOW: 0 1.00 INCH OR MORE: 0
[HDD (BASE 65) ]
TOTAL THIS MO. 141 CLEAR (SCALE 0-3) 15
DPTR FM NORMAL M PTCLDY (SCALE 4-7) 9
TOTAL FM JUL 1 175 CLOUDY (SCALE 8-10) 6
DPTR FM NORMAL M
[CDD (BASE 65) ]
TOTAL THIS MO. 69
DPTR FM NORMAL M [PRESSURE DATA]
TOTAL FM JAN 1 441 HIGHEST SLP M ON M
DPTR FM NORMAL M LOWEST SLP M ON M
[REMARKS]
#FINAL-09-23#