000
CXUS54 KTSA 011104
CF6RVS
PRELIMINARY LOCAL CLIMATOLOGICAL DATA (WS FORM: F-6)
STATION: TULSA-RIVERSIDE OKLAHOMA
MONTH: JULY
YEAR: 2023
LATITUDE: 36 2 N
LONGITUDE: 95 59 W
TEMPERATURE IN F: :PCPN: SNOW: WIND :SUNSHINE: SKY :PK WND
================================================================================
1 2 3 4 5 6A 6B 7 8 9 10 11 12 13 14 15 16 17 18
12Z AVG MX 2MIN
DY MAX MIN AVG DEP HDD CDD WTR SNW DPTH SPD SPD DIR MIN PSBL S-S WX SPD DR
================================================================================
1 91 74 83 1 0 18 0.03 0.0 M 4.9 15 210 M M 2 3 23 210
2 92 69 81 -1 0 16 0.00 0.0 M 2.4 10 20 M M 0 16 30
3 95 67 81 -1 0 16 0.19 0.0 M 3.0 13 180 M M 1 3 25 250
4 94 67 81 -1 0 16 0.00 0.0 M 6.2 15 180 M M 0 26 160
5 81 70 76 -6 0 11 0.14 0.0 M 3.2 22 20 M M 3 3 35 360
6 83 70 77 -6 0 12 0.53 0.0 M 4.0 14 40 M M 4 3 20 240
7 83 68 76 -7 0 11 0.02 0.0 M 3.9 16 160 M M 1 3 24 170
8 90 71 81 -2 0 16 0.06 0.0 M 5.1 15 30 M M 4 3 27 150
9 86 67 77 -6 0 12 0.34 0.0 M 4.8 18 20 M M 6 3 27 30
10 90 63 77 -6 0 12 0.00 0.0 M 4.0 12 180 M M 0 16 190
11 87 73 80 -3 0 15 0.00 0.0 M 6.4 15 120 M M 2 3 23 140
12 98 73 86 3 0 21 T 0.0 M 8.2 16 180 M M 2 25 180
13 96 80 88 5 0 23 T 0.0 M 6.4 18 30 M M 2 3 27 30
14 93 71 82 -1 0 17 0.73 0.0 M 9.7 28 10 M M 3 3 52 350
15 91 71 81 -2 0 16 0.00 0.0 M 2.8 12 20 M M 2 16 30
16 93 69 81 -3 0 16 0.00 0.0 M 4.7 17 180 M M 0 24 170
17 92 71 82 -2 0 17 T 0.0 M 6.0 23 60 M M 0 3 39 80
18 101 75 88 4 0 23 0.00 0.0 M 8.5 17 200 M M 0 27 210
19 98 77 88 4 0 23 0.00 0.0 M 8.5 17 200 M M 0 30 220
20 96 77 87 3 0 22 T 0.0 M 4.2 12 30 M M 0 16 170
21 84 68 76 -8 0 11 0.65 0.0 M 4.1 17 290 M M 4 3 42 300
22 89 64 77 -7 0 12 0.00 0.0 M 1.6 10 30 M M 1 15 10
23 92 66 79 -5 0 14 0.00 0.0 M 3.4 10 220 M M 0 17 230
24 97 70 84 0 0 19 0.00 0.0 M 7.4 17 190 M M 0 26 180
25 102 72 87 3 0 22 0.00 0.0 M 9.7 20 200 M M 0 29 210
26 100 78 89 5 0 24 0.00 0.0 M 9.8 21 200 M M 0 31 190
27 100 74 87 3 0 22 0.00 0.0 M 9.1 18 200 M M 0 27 200
28 100 79 90 6 0 25 T 0.0 M 9.2 20 190 M M 0 29 180
29 101 75 88 4 0 23 0.00 0.0 M 4.8 14 200 M M 0 19 170
30 102 73 88 4 0 23 0.00 0.0 M 2.5 13 200 M M 0 18 200
31 101 74 88 4 0 23 0.00 0.0 M 8.1 16 190 M M 0 23 80
================================================================================
SM 2898 2216 0 551 2.69 0.0 176.6 M 37
================================================================================
AV 93.5 71.5 5.7 FASTST M M 1 MAX(MPH)
MISC ----> 28 10 52 350
================================================================================
NOTES:
# LAST OF SEVERAL OCCURRENCES
COLUMN 17 PEAK WIND IN M.P.H.
PRELIMINARY LOCAL CLIMATOLOGICAL DATA (WS FORM: F-6) , PAGE 2
STATION: TULSA-RIVERSIDE OKLAHOMA
MONTH: JULY
YEAR: 2023
LATITUDE: 36 2 N
LONGITUDE: 95 59 W
[TEMPERATURE DATA] [PRECIPITATION DATA] SYMBOLS USED IN COLUMN 16
AVERAGE MONTHLY: 82.5 TOTAL FOR MONTH: 2.69 1 = FOG OR MIST
DPTR FM NORMAL: -0.8 DPTR FM NORMAL: -1.13 2 = FOG REDUCING VISIBILITY
HIGHEST: 102 ON 30,25 GRTST 24HR 0.73 ON 13-14 TO 1/4 MILE OR LESS
LOWEST: 63 ON 10 3 = THUNDER
SNOW, ICE PELLETS, HAIL 4 = ICE PELLETS
TOTAL MONTH: 0.0 INCH 5 = HAIL
GRTST 24HR 0.0 6 = FREEZING RAIN OR DRIZZLE
GRTST DEPTH: M ON M 7 = DUSTSTORM OR SANDSTORM:
VSBY 1/2 MILE OR LESS
8 = SMOKE OR HAZE
[NO. OF DAYS WITH] [WEATHER - DAYS WITH] 9 = BLOWING SNOW
X = TORNADO
MAX 32 OR BELOW: 0 0.01 INCH OR MORE: 9
MAX 90 OR ABOVE: 24 0.10 INCH OR MORE: 6
MIN 32 OR BELOW: 0 0.50 INCH OR MORE: 3
MIN 0 OR BELOW: 0 1.00 INCH OR MORE: 0
[HDD (BASE 65) ]
TOTAL THIS MO. 0 CLEAR (SCALE 0-3) 27
DPTR FM NORMAL 0 PTCLDY (SCALE 4-7) 4
TOTAL FM JUL 1 0 CLOUDY (SCALE 8-10) 0
DPTR FM NORMAL 0
[CDD (BASE 65) ]
TOTAL THIS MO. 551
DPTR FM NORMAL -15 [PRESSURE DATA]
TOTAL FM JAN 1 1197 HIGHEST SLP 30.15 ON 5
DPTR FM NORMAL -49 LOWEST SLP 29.74 ON 12
[REMARKS]
#FINAL-07-23#