000
CXUS55 KCYS 091241 CCA
CF6RWL
PRELIMINARY LOCAL CLIMATOLOGICAL DATA (WS FORM: F-6)...CORRECTED
STATION: RAWLINS WYOMING AIRPORT
MONTH: JANUARY
YEAR: 2022
LATITUDE: 41 47 N
LONGITUDE: 107 12 W
TEMPERATURE IN F: :PCPN: SNOW: WIND :SUNSHINE: SKY :PK WND
================================================================================
1 2 3 4 5 6A 6B 7 8 9 10 11 12 13 14 15 16 17 18
12Z AVG MX 2MIN
DY MAX MIN AVG DEP HDD CDD WTR SNW DPTH SPD SPD DIR MIN PSBL S-S WX SPD DR
================================================================================
1 15 -1 7 -15 58 0 T M M 14.2 30 250 M M 3 8 42 250
2 24 4 14 -8 51 0 0.00 M M 12.9 32 220 M M 0 46 220
3 30 21 26 4 39 0 0.00 M M 25.8 38 210 M M 0 55 220
4 32 19 26 4 39 0 0.00 M M 26.4 41 280 M M 4 60 290
5 34 4 19 -3 46 0 0.09 M M 18.8 44 260 M M 9 8 60 230
6 38 5 22 0 43 0 T M M 21.5 47 240 M M 8 18 61 250
7 44 33 39 17 26 0 0.00 M M 21.6 41 230 M M 3 55 220
8 35 16 26 4 39 0 0.05 M M 19.1 30 270 M M 5 128 41 260
9 28 11 20 -2 45 0 0.00 M M 10.4 28 240 M M 0 40 210
10 38 3 21 -1 44 0 0.00 M M 4.0 14 230 M M 0 18 230
11 35 20 28 6 37 0 0.00 M M 12.7 30 250 M M 0 39 240
12 38 25 32 10 33 0 0.00 M M 23.0 36 260 M M 0 49 270
13 46 24 35 13 30 0 0.00 M M 10.7 26 210 M M 0 39 260
14 36 21 29 7 36 0 T M M 9.5 20 340 M M 7 26 350
15 37 16 27 5 38 0 T M M 12.2 31 250 M M 2 43 250
16 39 28 34 11 31 0 T M M 16.3 31 250 M M 0 43 240
17 43 27 35 12 30 0 0.00 M M 10.1 28 240 M M 1 37 250
18 40 26 33 10 32 0 0.00 M M 18.1 31 240 M M 1 41 230
19 28 14 21 -2 44 0 T M M 8.8 23 360 M M 8 38 30
20 31 16 24 1 41 0 0.01 M M 15.1 33 240 M M 5 49 250
21 34 11 23 0 42 0 T M M 10.8 28 240 M M 8 40 220
22 30 5 18 -5 47 0 0.00 M M 9.6 22 240 M M 1 29 270
23 35 15 25 2 40 0 T M M 10.7 28 240 M M 0 40 240
24 34 21 28 5 37 0 T M M 12.7 23 250 M M 2 30 250
25 27 3 15 -7 50 0 0.02 M M 7.0 16 20 M M 7 27 40
26 27 9 18 -4 47 0 0.00 M M 7.7 25 240 M M 1 41 220
27 28 14 21 -1 44 0 T M M 7.8 18 360 M M 5 39 20
28 33 15 24 2 41 0 T M M 10.3 31 250 M M 0 41 240
29 41 20 31 9 34 0 0.00 M M 8.8 24 240 M M 0 31 230
30 42 4 23 1 42 0 0.00 M M 5.9 18 260 M M 0 30 250
31 40 19 30 8 35 0 T M M 20.2 46 270 M M 1 67 260
================================================================================
SM 1062 468 1241 0 0.17 M 422.7 M 81
================================================================================
AV 34.3 15.1 13.6 FASTST M M 3 MAX(MPH)
MISC ----> 47 240 67 260
================================================================================
NOTES:
# LAST OF SEVERAL OCCURRENCES
COLUMN 17 PEAK WIND IN M.P.H.
PRELIMINARY LOCAL CLIMATOLOGICAL DATA (WS FORM: F-6) , PAGE 2
STATION: RAWLINS WYOMING AIRPORT
MONTH: JANUARY
YEAR: 2022
LATITUDE: 41 47 N
LONGITUDE: 107 12 W
[TEMPERATURE DATA] [PRECIPITATION DATA] SYMBOLS USED IN COLUMN 16
AVERAGE MONTHLY: 24.7 TOTAL FOR MONTH: 0.17 1 = FOG OR MIST
DPTR FM NORMAL: 2.4 DPTR FM NORMAL: -0.25 2 = FOG REDUCING VISIBILITY
HIGHEST: 46 ON 13 GRTST 24HR 0.09 ON 5 TO 1/4 MILE OR LESS
LOWEST: -1 ON 1 3 = THUNDER
SNOW, ICE PELLETS, HAIL 4 = ICE PELLETS
TOTAL MONTH: M 5 = HAIL
GRTST 24HR M ON M 6 = FREEZING RAIN OR DRIZZLE
GRTST DEPTH: M ON M 7 = DUSTSTORM OR SANDSTORM:
VSBY 1/2 MILE OR LESS
8 = SMOKE OR HAZE
[NO. OF DAYS WITH] [WEATHER - DAYS WITH] 9 = BLOWING SNOW
X = TORNADO
MAX 32 OR BELOW: 11 0.01 INCH OR MORE: 4
MAX 90 OR ABOVE: 0 0.10 INCH OR MORE: 0
MIN 32 OR BELOW: 30 0.50 INCH OR MORE: 0
MIN 0 OR BELOW: 1 1.00 INCH OR MORE: 0
[HDD (BASE 65) ]
TOTAL THIS MO. 1241 CLEAR (SCALE 0-3) 20
DPTR FM NORMAL -81 PTCLDY (SCALE 4-7) 8
TOTAL FM JUL 1 3976 CLOUDY (SCALE 8-10) 3
DPTR FM NORMAL -683
[CDD (BASE 65) ]
TOTAL THIS MO. 0
DPTR FM NORMAL 0 [PRESSURE DATA]
TOTAL FM JAN 1 0 HIGHEST SLP 30.86 ON 10
DPTR FM NORMAL 0 LOWEST SLP 29.48 ON 7
[REMARKS]
#FINAL-01-22#