000
CXUS55 KCYS 011809
CLMRWL
CLIMATE REPORT
NATIONAL WEATHER SERVICE CHEYENNE WY
1209 PM MDT WED NOV 01 2023
...................................
...THE RAWLINS WYOMING AIRPORT CLIMATE SUMMARY FOR THE MONTH OF OCTOBER 2023...
CLIMATE NORMAL PERIOD 1991 TO 2020
CLIMATE RECORD PERIOD 1951 TO 2023
WEATHER OBSERVED NORMAL DEPART LAST YEAR`S
VALUE DATE(S) VALUE FROM VALUE DATE(S)
NORMAL
................................................................
TEMPERATURE (F)
RECORD
HIGH 81 10/01/1997
10/11/1996
10/10/1996
LOW -20 10/30/2019
HIGHEST 73 10/01 MM MM 70
10/10
10/20
LOWEST 8 10/29 MM MM 22
AVG. MAXIMUM 59.1 56.8 2.3 58.6
AVG. MINIMUM 30.0 30.4 -0.4 30.7
MEAN 44.5 43.6 0.9 44.7
DAYS MAX >= 90 0 0.0 0.0 0
DAYS MAX <= 32 2 1.0 1.0 0
DAYS MIN <= 32 17 16.7 0.3 19
DAYS MIN <= 0 0 0.3 -0.3 0
PRECIPITATION (INCHES)
RECORD
MAXIMUM 3.14 1971
TOTALS 0.92 0.68 0.24 0.67
DAYS >= .01 5 6.8 -1.8 7
DAYS >= .10 4 2.4 1.6 3
DAYS >= .50 1 0.2 0.8 0
DAYS >= 1.00 0 0.0 0.0 0
GREATEST
24 HR. TOTAL 0.54 10/12 TO 10/12 0.54 09/30 TO 09/30
DEGREE DAYS
HEATING TOTAL 626 663 -37 622
SINCE 7/1 882 1005 -123 MM
COOLING TOTAL 0 0 0 0
SINCE 1/1 263 225 38 MM
................................................................
WIND (MPH)
AVERAGE WIND SPEED 9.2
HIGHEST WIND SPEED/DIRECTION 35/180 DATE 10/11
HIGHEST GUST SPEED/DIRECTION 48/230 DATE 10/02
SKY COVER
POSSIBLE SUNSHINE (PERCENT) MM
AVERAGE SKY COVER 0.25
NUMBER OF DAYS FAIR 22
NUMBER OF DAYS PC 6
NUMBER OF DAYS CLOUDY 3
AVERAGE RH (PERCENT) 53
WEATHER CONDITIONS. NUMBER OF DAYS WITH
THUNDERSTORM 1 MIXED PRECIP 0
HEAVY RAIN 0 RAIN 3
LIGHT RAIN 6 FREEZING RAIN 0
LT FREEZING RAIN 0 HAIL 0
HEAVY SNOW 1 SNOW 2
LIGHT SNOW 3 SLEET 0
FOG 5 FOG W/VIS <= 1/4 MILE 2
HAZE 0
- INDICATES NEGATIVE NUMBERS.
R INDICATES RECORD WAS SET OR TIED.
MM INDICATES DATA IS MISSING.
T INDICATES TRACE AMOUNT.
$$