000
CXUS56 KSTO 011400
CF6SAC
PRELIMINARY LOCAL CLIMATOLOGICAL DATA (WS FORM: F-6)
STATION: SACRAMENTO EXEC. AIRPORT CA
MONTH: FEBRUARY
YEAR: 2023
LATITUDE: 38 31 N
LONGITUDE: 121 30 W
TEMPERATURE IN F: :PCPN: SNOW: WIND :SUNSHINE: SKY :PK WND
================================================================================
1 2 3 4 5 6A 6B 7 8 9 10 11 12 13 14 15 16 17 18
12Z AVG MX 2MIN
DY MAX MIN AVG DEP HDD CDD WTR SNW DPTH SPD SPD DIR MIN PSBL S-S WX SPD DR
================================================================================
1 57 32 45 -4 20 0 0.00 M M 3.3 9 340 M M 0 M M
2 56 32 44 -5 21 0 0.00 M M 2.2 9 90 M M 0 12 12 80
3 56 39 48 -2 17 0 0.12 M M 4.1 12 60 M M 7 1 15 60
4 59 38 49 -1 16 0 0.22 M M 7.0 20 160 M M 7 128 29 170
5 58 39 49 -1 16 0 0.22 0.0 M 6.4 17 230 M M 3 1 23 210
6 62 36 49 -1 16 0 0.00 M M 7.4 21 320 M M 0 1 27 320
7 61 35 48 -2 17 0 0.00 M M 1.7 8 120 M M 0 1 10 120
8 63 34 49 -1 16 0 0.00 M M 1.2 8 310 M M 1 128 13 330
9 65 37 51 1 14 0 0.00 0.0 M 1.9 8 180 M M 0 18 11 200
10 62 37 50 -1 15 0 0.00 M M 6.7 20 230 M M 1 128 24 230
11 58 41 50 -1 15 0 0.00 M M 6.7 20 360 M M 3 26 350
12 72 38 55 4 10 0 0.00 M M 7.4 22 340 M M 0 26 350
13 65 36 51 0 14 0 0.00 M M 6.2 25 350 M M 0 1 34 350
14 55 41 48 -3 17 0 0.00 M M 12.6 22 330 M M 1 29 310
15 59 36 48 -4 17 0 0.00 M M 10.3 18 330 M M 0 22 310
16 57 32 45 -7 20 0 0.00 M M 3.2 13 120 M M 0 16 130
17 63 36 50 -2 15 0 0.00 M M 6.1 14 310 M M 0 18 300
18 60 30 45 -7 20 0 0.00 M M 2.4 9 320 M M 0 14 320
19 64 32 48 -4 17 0 0.00 M M 0.9 7 110 M M 0 9 140
20 68 36 52 0 13 0 0.00 M M 0.9 7 120 M M 0 9 240
21 66 41 54 2 11 0 0.00 M M 10.7 29 280 M M 0 39 270
22 55 32 44 -9 21 0 T M M 7.2 25 230 M M 1 32 230
23 50 37 44 -9 21 0 0.04 M M 10.6 24 140 M M 7 1 41 140
24 48 40 44 -9 21 0 0.73 M M 10.4 29 150 M M 10 18 43 150
25 46 40 43 -10 22 0 0.04 M M 5.2 13 340 M M 10 16 330
26 50 42 46 -7 19 0 0.24 M M 9.3 20 140 M M 9 1 27 150
27 48 39 44 -9 21 0 0.30 M M 9.5 21 120 M M 4 1 27 130
28 49 39 44 -10 21 0 0.71 M M 9.7 22 140 M M 8 18 31 130
================================================================================
SM 1632 1027 483 0 2.62 0.0 171.2 M 72
================================================================================
AV 58.3 36.7 6.1 FASTST M M 3 MAX(MPH)
MISC ----> # 29 280 43 150
================================================================================
NOTES:
# LAST OF SEVERAL OCCURRENCES
COLUMN 17 PEAK WIND IN M.P.H.
PRELIMINARY LOCAL CLIMATOLOGICAL DATA (WS FORM: F-6) , PAGE 2
STATION: SACRAMENTO EXEC. AIRPORT CA
MONTH: FEBRUARY
YEAR: 2023
LATITUDE: 38 31 N
LONGITUDE: 121 30 W
[TEMPERATURE DATA] [PRECIPITATION DATA] SYMBOLS USED IN COLUMN 16
AVERAGE MONTHLY: 47.5 TOTAL FOR MONTH: 2.62 1 = FOG OR MIST
DPTR FM NORMAL: -3.9 DPTR FM NORMAL: -0.87 2 = FOG REDUCING VISIBILITY
HIGHEST: 72 ON 12 GRTST 24HR 0.73 ON 24-24 TO 1/4 MILE OR LESS
LOWEST: 30 ON 18 3 = THUNDER
SNOW, ICE PELLETS, HAIL 4 = ICE PELLETS
TOTAL MONTH: 0.0 INCH 5 = HAIL
GRTST 24HR 0.0 6 = FREEZING RAIN OR DRIZZLE
GRTST DEPTH: M ON M 7 = DUSTSTORM OR SANDSTORM:
VSBY 1/2 MILE OR LESS
8 = SMOKE OR HAZE
[NO. OF DAYS WITH] [WEATHER - DAYS WITH] 9 = BLOWING SNOW
X = TORNADO
MAX 32 OR BELOW: 0 0.01 INCH OR MORE: 9
MAX 90 OR ABOVE: 0 0.10 INCH OR MORE: 7
MIN 32 OR BELOW: 6 0.50 INCH OR MORE: 2
MIN 0 OR BELOW: 0 1.00 INCH OR MORE: 0
[HDD (BASE 65) ]
TOTAL THIS MO. 483 CLEAR (SCALE 0-3) 20
DPTR FM NORMAL 102 PTCLDY (SCALE 4-7) 5
TOTAL FM JUL 1 2032 CLOUDY (SCALE 8-10) 3
DPTR FM NORMAL 143
[CDD (BASE 65) ]
TOTAL THIS MO. 0
DPTR FM NORMAL 0 [PRESSURE DATA]
TOTAL FM JAN 1 0 HIGHEST SLP 30.43 ON 6
DPTR FM NORMAL 0 LOWEST SLP 29.60 ON 24
[REMARKS]
#FINAL-02-23#