000
CXUS55 KTWC 010855
CF6SAD
PRELIMINARY LOCAL CLIMATOLOGICAL DATA (WS FORM: F-6)
STATION: SAFFORD AZ AIRPORT
MONTH: JULY
YEAR: 2021
LATITUDE: 32 50 N
LONGITUDE: 109 38 W
TEMPERATURE IN F: :PCPN: SNOW: WIND :SUNSHINE: SKY :PK WND
================================================================================
1 2 3 4 5 6A 6B 7 8 9 10 11 12 13 14 15 16 17 18
12Z AVG MX 2MIN
DY MAX MIN AVG DEP HDD CDD WTR SNW DPTH SPD SPD DIR MIN PSBL S-S WX SPD DR
================================================================================
1 93 74 84 -2 0 19 T M M 7.3 18 170 M M 2 3 23 130
2 98 74 86 0 0 21 T M M 7.1 26 40 M M 1 3 35 30
3 99 74 87 1 0 22 0.02 M M 5.7 25 110 M M 4 3 36 140
4 98 72 85 -1 0 20 0.00 M M 7.0 21 20 M M 1 3 33 20
5 103 75 89 3 0 24 0.00 M M 10.7 22 280 M M 3 30 290
6 103 77 90 4 0 25 0.00 M M 9.9 28 70 M M 2 38 37 70
7 101 78 90 4 0 25 0.00 M M 9.2 24 100 M M 2 3 32 100
8 102 77 90 4 0 25 0.00 M M 8.3 21 170 M M 3 29 180
9 109 76 93 7 0 28 0.00 M M 7.8 23 310 M M 4 3 30 320
10 111 79 95 9 0 30 T M M 8.9 25 140 M M 2 3 39 90
11 109 77 93 7 0 28 0.00 M M 11.8 28 300 M M 4 8 40 310
12 98 76 87 1 0 22 0.05 M M 9.8 37 30 M M M 3 52 50
13 102 71 87 1 0 22 T M M 6.8 36 50 M M M 3 49 50
14 92 74 83 -3 0 18 0.00 M M 15.0 33 300 M M M 47 300
15 101 70 86 0 0 21 0.84 M M 12.5 41 20 M M M 138 69 20
16 96 69 83 -3 0 18 T M M 8.7 30 290 M M M 3 40 280
17 97 68 83 -3 0 18 0.00 M M 5.2 13 290 M M M 18 280
18 101 71 86 0 0 21 0.65 M M 7.2 36 290 M M M 13 45 280
19 97 71 84 -2 0 19 T M M 6.0 20 80 M M 0 3 25 80
20 100 77 89 3 0 24 0.00 M M 8.3 28 10 M M 1 3 36 10
21 101 79 90 4 0 25 0.00 M M 7.4 16 140 M M 1 22 140
22 101 70 86 0 0 21 0.18 M M 10.3 40 60 M M 2 13 55 60
23 88 67 78 -8 0 13 0.38 M M 15.7 29 300 M M 2 13 39 320
24 75 68 72 -14 0 7 0.94 M M 7.6 20 310 M M 10 1 27 320
25 85 68 77 -9 0 12 0.13 M M 7.4 16 290 M M 4 1 21 300
26 93 67 80 -6 0 15 0.00 M M 4.8 15 290 M M 1 21 270
27 98 71 85 -1 0 20 0.23 M M 6.2 36 360 M M 1 3 50 10
28 98 70 84 -1 0 19 0.00 M M 6.7 23 20 M M 1 8 31 20
29 97 74 86 1 0 21 0.02 M M 9.2 33 20 M M 1 3 46 20
30 97 70 84 -1 0 19 0.03 M M 9.3 31 70 M M 3 3 40 70
31 95 69 82 -3 0 17 0.00 M M 5.4 15 200 M M 0 21 130
================================================================================
SM 3038 2253 0 639 3.47 M 263.2 M 55
================================================================================
AV 98.0 72.7 8.5 FASTST M M 2 MAX(MPH)
MISC ----> 41 20 69 20
================================================================================
NOTES:
# LAST OF SEVERAL OCCURRENCES
COLUMN 17 PEAK WIND IN M.P.H.
PRELIMINARY LOCAL CLIMATOLOGICAL DATA (WS FORM: F-6) , PAGE 2
STATION: SAFFORD AZ AIRPORT
MONTH: JULY
YEAR: 2021
LATITUDE: 32 50 N
LONGITUDE: 109 38 W
[TEMPERATURE DATA] [PRECIPITATION DATA] SYMBOLS USED IN COLUMN 16
AVERAGE MONTHLY: 85.3 TOTAL FOR MONTH: 3.47 1 = FOG OR MIST
DPTR FM NORMAL: -0.6 DPTR FM NORMAL: 2.14 2 = FOG REDUCING VISIBILITY
HIGHEST: 111 ON 10 GRTST 24HR 0.98 ON 24-25 TO 1/4 MILE OR LESS
LOWEST: 67 ON 26,23 3 = THUNDER
SNOW, ICE PELLETS, HAIL 4 = ICE PELLETS
TOTAL MONTH: M 5 = HAIL
GRTST 24HR M ON M 6 = FREEZING RAIN OR DRIZZLE
GRTST DEPTH: M ON M 7 = DUSTSTORM OR SANDSTORM:
VSBY 1/2 MILE OR LESS
8 = SMOKE OR HAZE
[NO. OF DAYS WITH] [WEATHER - DAYS WITH] 9 = BLOWING SNOW
X = TORNADO
MAX 32 OR BELOW: 0 0.01 INCH OR MORE: 11
MAX 90 OR ABOVE: 28 0.10 INCH OR MORE: 7
MIN 32 OR BELOW: 0 0.50 INCH OR MORE: 3
MIN 0 OR BELOW: 0 1.00 INCH OR MORE: 0
[HDD (BASE 65) ]
TOTAL THIS MO. 0 CLEAR (SCALE 0-3) 19
DPTR FM NORMAL 0 PTCLDY (SCALE 4-7) 4
TOTAL FM JUL 1 0 CLOUDY (SCALE 8-10) 8
DPTR FM NORMAL 0
[CDD (BASE 65) ]
TOTAL THIS MO. 639
DPTR FM NORMAL -10 [PRESSURE DATA]
TOTAL FM JAN 1 1774 HIGHEST SLP M ON M
DPTR FM NORMAL 219 LOWEST SLP 29.57 ON 11
[REMARKS]
#FINAL-07-21#