000
CXUS56 KSGX 011045
CF6SAN
PRELIMINARY LOCAL CLIMATOLOGICAL DATA (WS FORM: F-6)
STATION: SAN DIEGO INTL AIRPORT CA
MONTH: MARCH
YEAR: 2022
LATITUDE: 32 43 N
LONGITUDE: 117 10 W
TEMPERATURE IN F: :PCPN: SNOW: WIND :SUNSHINE: SKY :PK WND
================================================================================
1 2 3 4 5 6A 6B 7 8 9 10 11 12 13 14 15 16 17 18
12Z AVG MX 2MIN
DY MAX MIN AVG DEP HDD CDD WTR SNW DPTH SPD SPD DIR MIN PSBL S-S WX SPD DR
================================================================================
1 76 45 61 1 4 0 0.00 M M 3.5 12 280 M M 1 8 18 170
2 78 46 62 2 3 0 0.00 M M 3.1 10 260 M M 5 128 19 200
3 61 52 57 -3 8 0 0.00 M M 9.7 20 210 M M 8 128 28 180
4 63 53 58 -2 7 0 0.62 M M 9.1 18 270 M M 7 13 24 210
5 59 53 56 -4 9 0 0.01 M M 13.2 24 270 M M 7 34 270
6 61 49 55 -5 10 0 T M M 5.2 17 260 M M 3 24 210
7 64 44 54 -6 11 0 0.00 M M 4.1 16 300 M M 1 32 290
8 67 42 55 -5 10 0 T M M 3.2 15 280 M M 0 20 200
9 63 44 54 -6 11 0 0.00 M M 5.4 12 230 M M 3 25 220
10 64 53 59 -1 6 0 0.00 M M 7.3 14 280 M M 6 26 210
11 69 46 58 -2 7 0 0.00 M M 4.0 14 310 M M 1 18 310
12 72 44 58 -2 7 0 0.00 M M 3.2 15 300 M M 2 21 220
13 63 49 56 -4 9 0 0.00 M M 4.6 13 260 M M 5 23 200
14 66 52 59 -2 6 0 0.00 M M 4.9 14 290 M M 2 19 300
15 66 51 59 -2 6 0 0.00 M M 4.1 14 280 M M 5 128 17 270
16 67 56 62 1 3 0 0.00 M M 5.3 13 270 M M 6 22 250
17 74 51 63 2 2 0 0.00 M M 4.6 16 320 M M 3 23 330
18 74 50 62 1 3 0 0.00 M M 3.5 12 280 M M 2 18 220
19 66 55 61 0 4 0 0.06 M M 5.1 15 310 M M 7 1 22 200
20 64 55 60 -1 5 0 0.23 M M 7.5 18 280 M M 6 1 23 280
21 67 52 60 -1 5 0 0.00 M M 4.0 10 270 M M 6 20 190
22 77 52 65 4 0 0 0.00 M M 4.2 15 280 M M 1 17 270
23 85 55 70 9 0 5 0.00 M M 4.5 13 320 M M 0 21 210
24 72 55 64 3 1 0 0.00 M M 4.4 14 310 M M 2 1 20 300
25 67 56 62 1 3 0 0.00 M M 5.6 15 280 M M 8 128 19 270
26 66 55 61 -1 4 0 0.00 M M 4.8 13 280 M M 7 18 17 250
27 63 56 60 -2 5 0 0.00 M M 7.0 13 220 M M 8 25 200
28 66 54 60 -2 5 0 0.48 M M 10.7 25 170 M M 9 138 31 170
29 63 54 59 -3 6 0 0.21 M M 5.3 16 280 M M 7 1 23 260
30 65 55 60 -2 5 0 0.00 M M 5.6 16 270 M M 7 20 260
31 62 57 60 -2 5 0 0.00 M M 8.4 14 170 M M 9 24 210
================================================================================
SM 2090 1591 170 5 1.61 M 175.1 M 144
================================================================================
AV 67.4 51.3 5.6 FASTST M M 5 MAX(MPH)
MISC ----> 25 170 34 270
================================================================================
NOTES:
# LAST OF SEVERAL OCCURRENCES
COLUMN 17 PEAK WIND IN M.P.H.
PRELIMINARY LOCAL CLIMATOLOGICAL DATA (WS FORM: F-6) , PAGE 2
STATION: SAN DIEGO INTL AIRPORT CA
MONTH: MARCH
YEAR: 2022
LATITUDE: 32 43 N
LONGITUDE: 117 10 W
[TEMPERATURE DATA] [PRECIPITATION DATA] SYMBOLS USED IN COLUMN 16
AVERAGE MONTHLY: 59.4 TOTAL FOR MONTH: 1.61 1 = FOG OR MIST
DPTR FM NORMAL: -1.3 DPTR FM NORMAL: 0.15 2 = FOG REDUCING VISIBILITY
HIGHEST: 85 ON 23 GRTST 24HR 0.69 ON 28-29 TO 1/4 MILE OR LESS
LOWEST: 42 ON 8 3 = THUNDER
SNOW, ICE PELLETS, HAIL 4 = ICE PELLETS
TOTAL MONTH: M 5 = HAIL
GRTST 24HR M ON M 6 = FREEZING RAIN OR DRIZZLE
GRTST DEPTH: M ON M 7 = DUSTSTORM OR SANDSTORM:
VSBY 1/2 MILE OR LESS
8 = SMOKE OR HAZE
[NO. OF DAYS WITH] [WEATHER - DAYS WITH] 9 = BLOWING SNOW
X = TORNADO
MAX 32 OR BELOW: 0 0.01 INCH OR MORE: 6
MAX 90 OR ABOVE: 0 0.10 INCH OR MORE: 4
MIN 32 OR BELOW: 0 0.50 INCH OR MORE: 1
MIN 0 OR BELOW: 0 1.00 INCH OR MORE: 0
[HDD (BASE 65) ]
TOTAL THIS MO. 170 CLEAR (SCALE 0-3) 13
DPTR FM NORMAL 28 PTCLDY (SCALE 4-7) 16
TOTAL FM JUL 1 988 CLOUDY (SCALE 8-10) 2
DPTR FM NORMAL 138
[CDD (BASE 65) ]
TOTAL THIS MO. 5
DPTR FM NORMAL -5 [PRESSURE DATA]
TOTAL FM JAN 1 13 HIGHEST SLP 30.31 ON 11
DPTR FM NORMAL -5 LOWEST SLP 29.80 ON 28
[REMARKS]
#FINAL-03-22#