000
CXUS52 KCHS 030416
CF6SAV
PRELIMINARY LOCAL CLIMATOLOGICAL DATA (WS FORM: F-6)
STATION: SAVANNAH GA
MONTH: NOVEMBER
YEAR: 2022
LATITUDE: 32 7 N
LONGITUDE: 81 12 W
TEMPERATURE IN F: :PCPN: SNOW: WIND :SUNSHINE: SKY :PK WND
================================================================================
1 2 3 4 5 6A 6B 7 8 9 10 11 12 13 14 15 16 17 18
12Z AVG MX 2MIN
DY MAX MIN AVG DEP HDD CDD WTR SNW DPTH SPD SPD DIR MIN PSBL S-S WX SPD DR
================================================================================
1 82 57 70 7 0 5 0.00 0.0 0 5.2 13 340 M M 7 1 16 340
2 80 51 66 3 0 1 0.00 0.0 0 4.0 13 100 M M 3 1 16 80
3 79 55 67 5 0 2 0.00 0.0 0 6.6 14 50 M M 1 8 20 20
4 81 54 68 6 0 3 0.03 0.0 0 6.5 14 80 M M 3 1 17 60
5 81 64 73 11 0 8 0.04 0.0 0 7.3 25 160 M M 7 1 31 150
6 77 65 71 9 0 6 0.18 0.0 0 5.9 18 130 M M 7 1 24 130
7 84 62 73 12 0 8 0.00 0.0 0 6.6 14 20 M M 3 1 18 30
8 80 60 70 9 0 5 0.00 0.0 0 10.7 23 60 M M 4 28 50
9 70 55 63 2 2 0 0.00 0.0 0 15.3 23 30 M M 8 32 30
10 75 62 69 9 0 4 1.12 0.0 0 18.4 29 120 M M 10 138 37 100
11 75 70 73 13 0 8 0.10 0.0 0 14.0 28 210 M M 9 1 38 210
12 79 64 72 12 0 7 0.00 0.0 0 6.8 13 230 M M 6 17 230
13 65 45 55 -5 10 0 0.00 0.0 0 11.1 21 320 M M 3 26 320
14 61 40 51 -8 14 0 0.00 0.0 0 9.1 15 30 M M 5 20 30
15 79 50 65 6 0 0 0.05 0.0 0 5.8 14 180 M M 5 1 18 190
16 67 46 57 -2 8 0 0.00 0.0 0 8.1 17 320 M M 7 1 22 330
17 51 38 45 -13 20 0 0.00 0.0 0 7.8 15 300 M M 5 21 320
18 58 32 45 -13 20 0 0.00 0.0 0 3.4 9 10 M M 1 12 90
19 62 34 48 -10 17 0 0.00 0.0 0 4.3 10 310 M M 5 14 330
20 52 42 47 -11 18 0 0.01 0.0 0 6.5 15 340 M M 9 18 320
21 61 39 50 -8 15 0 0.00 0.0 0 8.4 13 30 M M 6 19 40
22 67 48 58 1 7 0 T 0.0 0 6.6 13 10 M M 8 16 10
23 71 55 63 6 2 0 T 0.0 0 7.1 15 30 M M 9 19 40
24 73 56 65 8 0 0 T 0.0 0 7.9 13 40 M M 9 17 40
25 66 57 62 5 3 0 0.08 0.0 0 4.5 12 340 M M 9 18 14 310
26 70 54 62 6 3 0 0.05 0.0 0 6.9 13 80 M M 7 1 17 100
27 78 57 68 12 0 3 0.21 0.0 0 10.8 25 250 M M 7 13 37 250
28 73 50 62 6 3 0 0.00 0.0 0 8.1 20 260 M M 1 25 280
29 76 44 60 4 5 0 0.00 0.0 0 3.8 13 120 M M 1 1 19 100
30 72 59 66 10 0 1 0.06 0.0 0 8.4 29 160 M M 6 36 160
================================================================================
SM 2145 1565 147 61 1.93 0.0 235.9 M 171
================================================================================
AV 71.5 52.2 7.9 FASTST M M 6 MAX(MPH)
MISC ----> # 29 120 38 210
================================================================================
NOTES:
# LAST OF SEVERAL OCCURRENCES
COLUMN 17 PEAK WIND IN M.P.H.
PRELIMINARY LOCAL CLIMATOLOGICAL DATA (WS FORM: F-6) , PAGE 2
STATION: SAVANNAH GA
MONTH: NOVEMBER
YEAR: 2022
LATITUDE: 32 7 N
LONGITUDE: 81 12 W
[TEMPERATURE DATA] [PRECIPITATION DATA] SYMBOLS USED IN COLUMN 16
AVERAGE MONTHLY: 61.8 TOTAL FOR MONTH: 1.93 1 = FOG OR MIST
DPTR FM NORMAL: 2.7 DPTR FM NORMAL: -0.46 2 = FOG REDUCING VISIBILITY
HIGHEST: 84 ON 7 GRTST 24HR 1.12 ON 10-10 TO 1/4 MILE OR LESS
LOWEST: 32 ON 18 3 = THUNDER
SNOW, ICE PELLETS, HAIL 4 = ICE PELLETS
TOTAL MONTH: 0.0 INCH 5 = HAIL
GRTST 24HR 0.0 6 = FREEZING RAIN OR DRIZZLE
GRTST DEPTH: 0 7 = DUSTSTORM OR SANDSTORM:
VSBY 1/2 MILE OR LESS
8 = SMOKE OR HAZE
[NO. OF DAYS WITH] [WEATHER - DAYS WITH] 9 = BLOWING SNOW
X = TORNADO
MAX 32 OR BELOW: 0 0.01 INCH OR MORE: 11
MAX 90 OR ABOVE: 0 0.10 INCH OR MORE: 4
MIN 32 OR BELOW: 1 0.50 INCH OR MORE: 1
MIN 0 OR BELOW: 0 1.00 INCH OR MORE: 1
[HDD (BASE 65) ]
TOTAL THIS MO. 147 CLEAR (SCALE 0-3) 6
DPTR FM NORMAL -66 PTCLDY (SCALE 4-7) 17
TOTAL FM JUL 1 221 CLOUDY (SCALE 8-10) 7
DPTR FM NORMAL -40
[CDD (BASE 65) ]
TOTAL THIS MO. 61
DPTR FM NORMAL 25 [PRESSURE DATA]
TOTAL FM JAN 1 2600 HIGHEST SLP 30.42 ON 21
DPTR FM NORMAL 16 LOWEST SLP 29.69 ON 11
[REMARKS]
#FINAL-11-22#