000
CXUS52 KCHS 012136
CF6SAV
PRELIMINARY LOCAL CLIMATOLOGICAL DATA (WS FORM: F-6)
STATION: SAVANNAH GA
MONTH: DECEMBER
YEAR: 2020
LATITUDE: 32 7 N
LONGITUDE: 81 12 W
TEMPERATURE IN F: :PCPN: SNOW: WIND :SUNSHINE: SKY :PK WND
================================================================================
1 2 3 4 5 6A 6B 7 8 9 10 11 12 13 14 15 16 17 18
12Z AVG MX 2MIN
DY MAX MIN AVG DEP HDD CDD WTR SNW DPTH SPD SPD DIR MIN PSBL S-S WX SPD DR
================================================================================
1 50 35 43 -12 22 0 0.00 0.0 0 12.5 25 280 M M 1 32 270
2 57 29 43 -12 22 0 0.00 0.0 0 4.3 10 330 M M 1 13 280
3 66 30 48 -6 17 0 0.00 0.0 0 3.3 9 60 M M 6 12 60
4 77 46 62 8 3 0 0.11 0.0 0 7.7 22 290 M M 6 1 30 270
5 64 42 53 -1 12 0 0.00 0.0 0 8.2 22 290 M M 0 28 280
6 66 41 54 0 11 0 0.00 0.0 0 2.9 9 220 M M 5 1 12 220
7 64 45 55 2 10 0 T 0.0 0 10.4 25 300 M M 6 30 290
8 53 35 44 -9 21 0 0.00 0.0 0 5.8 16 310 M M 1 21 310
9 63 31 47 -6 18 0 0.00 0.0 0 6.9 16 290 M M 2 20 320
10 71 41 56 3 9 0 0.00 0.0 0 2.4 10 110 M M 1 1 12 110
11 71 40 56 4 9 0 0.00 0.0 0 2.6 13 150 M M 2 1 18 190
12 75 48 62 10 3 0 T 0.0 0 4.1 14 200 M M 8 1 17 200
13 77 59 68 16 0 3 0.00 0.0 0 5.0 13 160 M M 7 12 13 160
14 75 53 64 12 1 0 0.09 0.0 0 12.0 24 290 M M 7 1 31 310
15 56 46 51 -1 14 0 T 0.0 0 10.9 17 30 M M 8 22 40
16 49 45 47 -4 18 0 0.73 0.0 0 6.8 16 60 M M 10 1 21 60
17 49 40 45 -6 20 0 0.00 0.0 0 10.4 18 290 M M 10 24 300
18 56 32 44 -7 21 0 0.00 0.0 0 5.1 13 350 M M 3 18 16 340
19 61 33 47 -4 18 0 0.00 0.0 0 5.4 10 80 M M 4 1 13 30
20 65 49 57 6 8 0 0.27 0.0 0 4.5 14 60 M M 10 1 17 60
21 62 50 56 6 9 0 0.04 0.0 0 9.3 18 270 M M 6 1 23 250
22 68 39 54 4 11 0 0.00 0.0 0 6.5 17 290 M M 1 23 280
23 72 38 55 5 10 0 0.00 0.0 0 6.8 18 110 M M 3 22 110
24 73 42 58 8 7 0 0.47 0.0 0 10.7 31 270 M M 7 13 38 270
25 44 30 37 -13 28 0 0.00 0.0 0 14.4 29 260 M M 1 36 290
26 47 26 37 -13 28 0 0.00 0.0 0 4.1 12 270 M M 1 16 280
27 60 28 44 -6 21 0 0.00 0.0 0 1.8 9 150 M M 0 12 160
28 70 34 52 2 13 0 0.00 0.0 0 1.7 12 320 M M 1 14 290
29 71 39 55 5 10 0 0.00 0.0 0 4.6 17 100 M M 1 1 20 110
30 69 51 60 10 5 0 0.01 0.0 0 6.9 14 50 M M 8 18 70
31 74 52 63 14 2 0 T 0.0 0 4.6 20 170 M M 9 128 25 170
================================================================================
SM 1975 1249 401 3 1.72 0.0 202.6 M 136
================================================================================
AV 63.7 40.3 6.5 FASTST M M 4 MAX(MPH)
MISC ----> 31 270 38 270
================================================================================
NOTES:
# LAST OF SEVERAL OCCURRENCES
COLUMN 17 PEAK WIND IN M.P.H.
PRELIMINARY LOCAL CLIMATOLOGICAL DATA (WS FORM: F-6) , PAGE 2
STATION: SAVANNAH GA
MONTH: DECEMBER
YEAR: 2020
LATITUDE: 32 7 N
LONGITUDE: 81 12 W
[TEMPERATURE DATA] [PRECIPITATION DATA] SYMBOLS USED IN COLUMN 16
AVERAGE MONTHLY: 52.0 TOTAL FOR MONTH: 1.72 1 = FOG OR MIST
DPTR FM NORMAL: 0.3 DPTR FM NORMAL: -1.23 2 = FOG REDUCING VISIBILITY
HIGHEST: 77 ON 13, 4 GRTST 24HR 0.73 ON 15-16 TO 1/4 MILE OR LESS
LOWEST: 26 ON 26 3 = THUNDER
SNOW, ICE PELLETS, HAIL 4 = ICE PELLETS
TOTAL MONTH: 0.0 INCH 5 = HAIL
GRTST 24HR 0.0 6 = FREEZING RAIN OR DRIZZLE
GRTST DEPTH: 0 7 = DUSTSTORM OR SANDSTORM:
VSBY 1/2 MILE OR LESS
8 = SMOKE OR HAZE
[NO. OF DAYS WITH] [WEATHER - DAYS WITH] 9 = BLOWING SNOW
X = TORNADO
MAX 32 OR BELOW: 0 0.01 INCH OR MORE: 7
MAX 90 OR ABOVE: 0 0.10 INCH OR MORE: 4
MIN 32 OR BELOW: 7 0.50 INCH OR MORE: 1
MIN 0 OR BELOW: 0 1.00 INCH OR MORE: 0
[HDD (BASE 65) ]
TOTAL THIS MO. 401 CLEAR (SCALE 0-3) 15
DPTR FM NORMAL -22 PTCLDY (SCALE 4-7) 11
TOTAL FM JUL 1 487 CLOUDY (SCALE 8-10) 5
DPTR FM NORMAL -203
[CDD (BASE 65) ]
TOTAL THIS MO. 3
DPTR FM NORMAL -6 [PRESSURE DATA]
TOTAL FM JAN 1 3210 HIGHEST SLP 30.42 ON 29
DPTR FM NORMAL 752 LOWEST SLP 29.66 ON 24
[REMARKS]
#FINAL-12-20#