000
CXUS53 KMKX 010910
CF6SBM
PRELIMINARY LOCAL CLIMATOLOGICAL DATA (WS FORM: F-6)
STATION: SHEBOYGAN WI
MONTH: MARCH
YEAR: 2020
LATITUDE: 43 46 N
LONGITUDE: 87 51 W
TEMPERATURE IN F: :PCPN: SNOW: WIND :SUNSHINE: SKY :PK WND
================================================================================
1 2 3 4 5 6A 6B 7 8 9 10 11 12 13 14 15 16 17 18
12Z AVG MX 2MIN
DY MAX MIN AVG DEP HDD CDD WTR SNW DPTH SPD SPD DIR MIN PSBL S-S WX SPD DR
================================================================================
1 47 26 37 10 28 0 0.00 0.0 0 11.7 18 230 M M 0 25 180
2 41 29 35 8 30 0 0.00 0.0 0 9.9 17 270 M M 0 26 290
3 41 27 34 6 31 0 0.03 M 0 10.2 21 280 M M 5 18 31 280
4 39 28 34 6 31 0 0.00 0.0 0 9.4 18 280 M M 0 26 300
5 44 28 36 8 29 0 0.02 M 0 14.0 30 270 M M 8 41 260
6 35 22 29 0 36 0 T M 0 12.8 32 340 M M 5 43 360
7 42 22 32 3 33 0 0.00 0.0 0 11.5 20 180 M M 0 27 160
8 59 37 48 19 17 0 0.00 0.0 0 12.9 23 200 M M 0 30 200
9 53 32 43 13 22 0 0.46 M 0 12.3 24 210 M M 8 12 33 210
10 42 28 35 5 30 0 T M 0 7.2 21 340 M M 4 28 340
11 38 32 35 5 30 0 0.04 M 0 3.1 9 170 M M 8 12 14 160
12 48 31 40 9 25 0 0.08 M 0 13.5 29 280 M M 9 128 43 290
13 43 32 38 7 27 0 0.00 M 0 17.6 28 270 M M 1 41 270
14 33 28 31 -1 34 0 0.00 0.0 0 8.9 17 50 M M 6 21 40
15 38 25 32 0 33 0 0.00 0.0 0 8.0 17 20 M M 5 23 40
16 39 24 32 0 33 0 0.00 0.0 0 5.0 12 240 M M 8 15 220
17 45 29 37 4 28 0 T M 0 10.4 20 300 M M 2 27 270
18 37 32 35 2 30 0 0.13 M 0 6.0 22 190 M M 10 18 28 180
19 42 34 38 4 27 0 0.62 M 0 8.0 16 170 M M 10 128 27 170
20 38 22 30 -4 35 0 0.24 M 0 14.0 24 340 M M 8 1 34 350
21 31 20 26 -8 39 0 T M 0 6.9 14 20 M M 4 19 20
22 35 21 28 -7 37 0 0.00 0.0 0 6.5 17 170 M M 6 24 150
23 42 27 35 0 30 0 0.00 0.0 0 3.9 12 290 M M 9 18 14 310
24 46 30 38 2 27 0 0.00 0.0 0 4.5 13 170 M M 9 128 19 170
25 59 28 44 8 21 0 0.01 M 0 5.6 15 190 M M 9 128 19 170
26 46 34 40 4 25 0 T M 0 8.1 20 50 M M 9 18 23 60
27 48 32 40 3 25 0 0.25 M 0 7.4 15 60 M M 8 128 18 40
28 47 39 43 6 22 0 0.86 M 0 12.3 22 60 M M 10 1238 29 110
29 51 40 46 9 19 0 0.08 M 0 13.8 25 280 M M 10 128 36 230
30 50 37 44 6 21 0 0.01 M 0 12.5 25 340 M M 9 34 340
31 42 37 40 2 25 0 0.00 0.0 0 9.3 16 30 M M 10 8 21 40
================================================================================
SM 1341 913 880 0 2.83 0.0 297.2 M 190
================================================================================
AV 43.3 29.5 9.6 FASTST M M 6 MAX(MPH)
MISC ----> # 32 340 # 43 360
================================================================================
NOTES:
# LAST OF SEVERAL OCCURRENCES
COLUMN 17 PEAK WIND IN M.P.H.
PRELIMINARY LOCAL CLIMATOLOGICAL DATA (WS FORM: F-6) , PAGE 2
STATION: SHEBOYGAN WI
MONTH: MARCH
YEAR: 2020
LATITUDE: 43 46 N
LONGITUDE: 87 51 W
[TEMPERATURE DATA] [PRECIPITATION DATA] SYMBOLS USED IN COLUMN 16
AVERAGE MONTHLY: 36.4 TOTAL FOR MONTH: 2.83 1 = FOG OR MIST
DPTR FM NORMAL: 4.0 DPTR FM NORMAL: 1.08 2 = FOG REDUCING VISIBILITY
HIGHEST: 59 ON 25, 8 GRTST 24HR 0.86 ON 28-28 TO 1/4 MILE OR LESS
LOWEST: 20 ON 21 3 = THUNDER
SNOW, ICE PELLETS, HAIL 4 = ICE PELLETS
TOTAL MONTH: 0.0 INCH 5 = HAIL
GRTST 24HR 0.0 6 = FREEZING RAIN OR DRIZZLE
GRTST DEPTH: 0 7 = DUSTSTORM OR SANDSTORM:
VSBY 1/2 MILE OR LESS
8 = SMOKE OR HAZE
[NO. OF DAYS WITH] [WEATHER - DAYS WITH] 9 = BLOWING SNOW
X = TORNADO
MAX 32 OR BELOW: 1 0.01 INCH OR MORE: 13
MAX 90 OR ABOVE: 0 0.10 INCH OR MORE: 6
MIN 32 OR BELOW: 24 0.50 INCH OR MORE: 2
MIN 0 OR BELOW: 0 1.00 INCH OR MORE: 0
[HDD (BASE 65) ]
TOTAL THIS MO. 880 CLEAR (SCALE 0-3) 7
DPTR FM NORMAL -130 PTCLDY (SCALE 4-7) 12
TOTAL FM JUL 1 6100 CLOUDY (SCALE 8-10) 12
DPTR FM NORMAL -439
[CDD (BASE 65) ]
TOTAL THIS MO. 0
DPTR FM NORMAL 0 [PRESSURE DATA]
TOTAL FM JAN 1 0 HIGHEST SLP 30.73 ON 15
DPTR FM NORMAL 0 LOWEST SLP 29.32 ON 29
[REMARKS]
#FINAL-03-20#