000
CXUS53 KIWX 011238
CF6SBN
PRELIMINARY LOCAL CLIMATOLOGICAL DATA (WS FORM: F-6)
STATION: SOUTH BEND
MONTH: FEBRUARY
YEAR: 2021
LATITUDE: 41 42 N
LONGITUDE: 86 19 W
TEMPERATURE IN F: :PCPN: SNOW: WIND :SUNSHINE: SKY :PK WND
================================================================================
1 2 3 4 5 6A 6B 7 8 9 10 11 12 13 14 15 16 17 18
12Z AVG MX 2MIN
DY MAX MIN AVG DEP HDD CDD WTR SNW DPTH SPD SPD DIR MIN PSBL S-S WX SPD DR
================================================================================
1 32 19 26 1 39 0 T T 7 11.7 23 340 M M 5 30 330
2 34 13 24 -1 41 0 T T 6 10.3 21 340 M M 6 27 330
3 37 10 24 -1 41 0 0.00 0.0 6 3.7 12 220 M M 1 18 14 270
4 36 24 30 5 35 0 0.12 2.0 5 16.0 30 240 M M 5 12 41 240
5 24 12 18 -8 47 0 0.03 0.7 8 20.3 33 250 M M 7 189 46 260
6 18 5 12 -14 53 0 0.02 0.5 8 11.8 25 270 M M 8 8 35 260
7 12 1 7 -19 58 0 0.01 0.4 8 10.5 17 290 M M 10 89 24 300
8 15 1 8 -18 57 0 0.10 3.1 8 2.7 9 160 M M 10 18 12 150
9 22 6 14 -12 51 0 0.01 0.2 10 2.8 10 10 M M 10 18 12 360
10 23 6 15 -11 50 0 0.01 0.2 9 3.1 9 360 M M 8 8 14 100
11 21 13 17 -10 48 0 T T 9 8.0 16 30 M M 8 22 30
12 26 16 21 -6 44 0 0.01 0.1 8 6.2 15 350 M M 10 18 18 350
13 25 19 22 -5 43 0 0.09 2.5 9 5.5 17 300 M M 10 18 23 310
14 19 12 16 -11 49 0 0.02 1.1 10 9.6 17 310 M M 10 18 23 300
15 14 9 12 -16 53 0 0.39 6.5 10 11.4 20 10 M M 10 8 28 30
16 21 0 11 -17 54 0 0.06 1.4 16 7.8 18 20 M M 8 128 25 10
17 19 -4 8 -20 57 0 T T 15 3.7 12 130 M M 6 128 13 120
18 24 8 16 -12 49 0 0.03 0.7 15 5.8 10 340 M M 10 18 13 350
19 21 6 14 -15 51 0 0.01 0.2 14 8.3 18 290 M M 6 18 23 300
20 26 4 15 -14 50 0 T T 13 6.6 12 240 M M 4 18 15 210
21 34 6 20 -9 45 0 0.06 0.8 13 12.9 24 110 M M 3 1 32 110
22 38 28 33 3 32 0 0.02 T 10 16.6 26 260 M M 8 18 34 250
23 47 36 42 12 23 0 T 0.0 8 12.1 21 280 M M 4 27 260
24 45 26 36 6 29 0 T T 6 13.2 25 320 M M 2 34 320
25 40 23 32 1 33 0 0.00 0.0 5 5.3 20 300 M M 3 12 24 290
26 41 18 30 -1 35 0 0.04 0.0 4 8.8 21 120 M M 3 18 29 110
27 48 34 41 10 24 0 0.02 0.0 3 7.2 13 210 M M 6 128 16 250
28 58 36 47 15 18 0 0.02 0.0 T 12.6 24 280 M M 7 18 35 280
================================================================================
SM 820 387 1209 0 1.07 20.4 254.5 M 188
================================================================================
AV 29.3 13.8 9.1 FASTST M M 7 MAX(MPH)
MISC ----> 33 250 46 260
================================================================================
NOTES:
# LAST OF SEVERAL OCCURRENCES
COLUMN 17 PEAK WIND IN M.P.H.
PRELIMINARY LOCAL CLIMATOLOGICAL DATA (WS FORM: F-6) , PAGE 2
STATION: SOUTH BEND
MONTH: FEBRUARY
YEAR: 2021
LATITUDE: 41 42 N
LONGITUDE: 86 19 W
[TEMPERATURE DATA] [PRECIPITATION DATA] SYMBOLS USED IN COLUMN 16
AVERAGE MONTHLY: 21.6 TOTAL FOR MONTH: 1.07 1 = FOG OR MIST
DPTR FM NORMAL: -6.2 DPTR FM NORMAL: -0.88 2 = FOG REDUCING VISIBILITY
HIGHEST: 58 ON 28 GRTST 24HR 0.47 ON 15-16 TO 1/4 MILE OR LESS
LOWEST: -4 ON 17 3 = THUNDER
SNOW, ICE PELLETS, HAIL 4 = ICE PELLETS
TOTAL MONTH: 24.0 INCHES 5 = HAIL
GRTST 24HR 6.5 ON 15-15 6 = FREEZING RAIN OR DRIZZLE
GRTST DEPTH: 16 ON 16 7 = DUSTSTORM OR SANDSTORM:
VSBY 1/2 MILE OR LESS
8 = SMOKE OR HAZE
[NO. OF DAYS WITH] [WEATHER - DAYS WITH] 9 = BLOWING SNOW
X = TORNADO
MAX 32 OR BELOW: 17 0.01 INCH OR MORE: 19
MAX 90 OR ABOVE: 0 0.10 INCH OR MORE: 3
MIN 32 OR BELOW: 25 0.50 INCH OR MORE: 0
MIN 0 OR BELOW: 2 1.00 INCH OR MORE: 0
[HDD (BASE 65) ]
TOTAL THIS MO. 1209 CLEAR (SCALE 0-3) 5
DPTR FM NORMAL 168 PTCLDY (SCALE 4-7) 14
TOTAL FM JUL 1 4395 CLOUDY (SCALE 8-10) 9
DPTR FM NORMAL -296
[CDD (BASE 65) ]
TOTAL THIS MO. 0
DPTR FM NORMAL 0 [PRESSURE DATA]
TOTAL FM JAN 1 0 HIGHEST SLP 30.48 ON 17
DPTR FM NORMAL 0 LOWEST SLP 29.32 ON 4
[REMARKS]
#FINAL-02-21#