000
CXUS51 KAKQ 022011
CLMSBY
CLIMATE REPORT
NATIONAL WEATHER SERVICE WAKEFIELD VA
411 PM EDT SUN JUL 02 2023
...................................
...THE SALISBURY MD CLIMATE SUMMARY FOR THE MONTH OF JUNE 2023...
CLIMATE NORMAL PERIOD: 1991 TO 2020
CLIMATE RECORD PERIOD: 1900 TO 2023
WEATHER OBSERVED NORMAL DEPART LAST YEAR`S
VALUE DATE(S) VALUE FROM VALUE DATE(S)
NORMAL
................................................................
TEMPERATURE (F)
RECORD
HIGH 102 06/06/1925
LOW 37 06/02/1966
HIGHEST 92 06/26 94 -2 94 06/17
LOWEST 50 06/09 46 4 50 06/06
06/20
AVG. MAXIMUM 81.7 82.9 -1.2 84.2
AVG. MINIMUM 60.0 62.6 -2.6 61.7
MEAN 70.8 72.7 -1.8 73.0
DAYS MAX >= 90 1 6.0 -5.0 6
DAYS MAX <= 32 0 0.0 0.0 0
DAYS MIN <= 32 0 0.0 0.0 0
DAYS MIN <= 0 0 0.0 0.0 0
PRECIPITATION (INCHES)
RECORD
MAXIMUM 9.92 2013
MINIMUM 0.38 1988
TOTALS 3.52 4.03 -0.51 5.26
DAILY AVG. 0.12 0.13 -0.01 0.18
DAYS >= .01 8 10.9 -2.9 11
DAYS >= .10 6 7.0 -1.0 7
DAYS >= .50 4 2.6 1.4 3
DAYS >= 1.00 1 1.2 -0.2 1
GREATEST
24 HR. TOTAL 1.11 06/21 TO 06/21
DEGREE DAYS
HEATING TOTAL 4 16 -12 0
SINCE 7/1 3509 4207 -698 MM
COOLING TOTAL 188 248 -60 246
SINCE 1/1 264 356 -92 MM
................................................................
WIND (MPH)
AVERAGE WIND SPEED 7.1
HIGHEST WIND SPEED/DIRECTION 30/050 DATE 06/21
30/260 06/27
HIGHEST GUST SPEED/DIRECTION 47/280 DATE 06/27
SKY COVER
POSSIBLE SUNSHINE (PERCENT) MM
AVERAGE SKY COVER 0.38
AVERAGE RH (PERCENT) 71
WEATHER CONDITIONS. NUMBER OF DAYS WITH
THUNDERSTORM 9 MIXED PRECIP 0
HEAVY RAIN 6 RAIN 6
LIGHT RAIN 15 FREEZING RAIN 0
LT FREEZING RAIN 0 HAIL 0
HEAVY SNOW 0 SNOW 0
LIGHT SNOW 0 SLEET 0
FOG 19 FOG W/VIS <= 1/4 MILE 2
HAZE 8
- INDICATES NEGATIVE NUMBERS.
R INDICATES RECORD WAS SET OR TIED.
MM INDICATES DATA IS MISSING.
T INDICATES TRACE AMOUNT.
$$