048
CXUS56 KSTO 131749
CF6SCK
PRELIMINARY LOCAL CLIMATOLOGICAL DATA (WS FORM: F-6)
STATION: STOCKTON AIRPORT CA
MONTH: DECEMBER
YEAR: 2020
LATITUDE: 37 54 N
LONGITUDE: 121 15 W
TEMPERATURE IN F: :PCPN: SNOW: WIND :SUNSHINE: SKY :PK WND
================================================================================
1 2 3 4 5 6A 6B 7 8 9 10 11 12 13 14 15 16 17 18
12Z AVG MX 2MIN
DY MAX MIN AVG DEP HDD CDD WTR SNW DPTH SPD SPD DIR MIN PSBL S-S WX SPD DR
================================================================================
1 66 34 50 2 15 0 0.00 0.0 0 2.3 8 290 M M 0 14 110
2 67 32 50 2 15 0 0.00 0.0 0 2.5 8 250 M M 0 18 20 300
3 66 36 51 3 14 0 0.00 0.0 0 3.5 10 170 M M 0 8 13 170
4 68 36 52 5 13 0 0.00 0.0 0 3.4 7 130 M M 0 18 11 180
5 68 34 51 4 14 0 0.00 0.0 0 3.9 14 270 M M 0 8 18 70
6 65 35 50 3 15 0 0.00 0.0 0 6.1 13 320 M M 1 8 16 300
7 76 34 55 8 10 0 0.00 0.0 0 7.4 18 340 M M 0 22 350
8 68 37 53 7 12 0 0.00 0.0 0 5.5 13 170 M M 0 8 22 130
9 68 32 50 4 15 0 0.00 0.0 0 4.7 12 290 M M 0 8 25 220
10 69 36 53 7 12 0 0.00 0.0 0 4.3 14 320 M M 0 8 17 330
11 61 37 49 3 16 0 0.33 M 0 5.6 16 130 M M 4 1 20 130
12 54 49 52 6 13 0 0.13 M 0 7.8 21 130 M M 10 1 26 130
13 55 46 51 5 14 0 0.83 0.0 0 11.1 22 150 M M 8 128 27 140
14 56 42 49 4 16 0 0.00 0.0 0 8.1 18 310 M M 0 22 310
15 59 36 48 3 17 0 0.00 0.0 0 2.5 9 290 M M 3 18 11 90
16 59 35 47 2 18 0 0.00 0.0 0 4.0 10 150 M M 3 128 17 150
17 61 46 54 9 11 0 0.32 M 0 10.5 22 290 M M 4 18 26 300
18 59 38 49 4 16 0 0.00 0.0 0 3.8 23 320 M M 0 128 27 330
19 55 34 45 0 20 0 0.00 0.0 0 3.0 12 250 M M 6 128 14 270
20 57 33 45 0 20 0 0.00 0.0 0 2.4 8 140 M M 6 128 9 140
21 45 39 42 -3 23 0 0.00 0.0 0 3.2 12 140 M M 10 12 13 150
22 56 36 46 1 19 0 0.00 0.0 0 6.9 13 280 M M 6 128 15 310
23 51 35 43 -2 22 0 0.00 0.0 0 6.1 12 120 M M 7 128 15 120
24 50 41 46 1 19 0 0.00 0.0 0 2.7 9 230 M M 7 18 10 140
25 58 40 49 5 16 0 0.02 M 0 9.5 33 150 M M 9 18 40 150
26 62 45 54 10 11 0 0.11 M 0 7.1 12 240 M M 2 18 21 190
27 60 42 51 7 14 0 0.00 0.0 0 5.6 13 120 M M 1 1 16 90
28 59 42 51 7 14 0 T M 0 4.1 13 100 M M 6 1 16 100
29 59 37 48 4 17 0 0.00 0.0 0 4.8 12 260 M M 0 12 15 350
30 59 35 47 3 18 0 0.02 0.0 0 6.1 13 130 M M 2 128 22 130
31 61 42 52 8 13 0 0.08 0.0 0 10.6 23 330 M M 3 18 27 320
================================================================================
SM 1877 1176 482 0 1.84 0.0 169.1 M 98
================================================================================
AV 60.6 37.9 5.5 FASTST M M 3 MAX(MPH)
MISC ----> # 33 150 # 40 150
================================================================================
NOTES:
# LAST OF SEVERAL OCCURRENCES
COLUMN 17 PEAK WIND IN M.P.H.
PRELIMINARY LOCAL CLIMATOLOGICAL DATA (WS FORM: F-6) , PAGE 2
STATION: STOCKTON AIRPORT CA
MONTH: DECEMBER
YEAR: 2020
LATITUDE: 37 54 N
LONGITUDE: 121 15 W
[TEMPERATURE DATA] [PRECIPITATION DATA] SYMBOLS USED IN COLUMN 16
AVERAGE MONTHLY: 49.2 TOTAL FOR MONTH: 1.84 1 = FOG OR MIST
DPTR FM NORMAL: 3.6 DPTR FM NORMAL: -0.38 2 = FOG REDUCING VISIBILITY
HIGHEST: 76 ON 7 GRTST 24HR 0.83 ON 13-13 TO 1/4 MILE OR LESS
LOWEST: 32 ON 9, 2 3 = THUNDER
SNOW, ICE PELLETS, HAIL 4 = ICE PELLETS
TOTAL MONTH: 0.0 INCH 5 = HAIL
GRTST 24HR 0.0 6 = FREEZING RAIN OR DRIZZLE
GRTST DEPTH: 0 7 = DUSTSTORM OR SANDSTORM:
VSBY 1/2 MILE OR LESS
8 = SMOKE OR HAZE
[NO. OF DAYS WITH] [WEATHER - DAYS WITH] 9 = BLOWING SNOW
X = TORNADO
MAX 32 OR BELOW: 0 0.01 INCH OR MORE: 8
MAX 90 OR ABOVE: 0 0.10 INCH OR MORE: 5
MIN 32 OR BELOW: 2 0.50 INCH OR MORE: 1
MIN 0 OR BELOW: 0 1.00 INCH OR MORE: 0
[HDD (BASE 65) ]
TOTAL THIS MO. 482 CLEAR (SCALE 0-3) 18
DPTR FM NORMAL -121 PTCLDY (SCALE 4-7) 9
TOTAL FM JUL 1 859 CLOUDY (SCALE 8-10) 4
DPTR FM NORMAL -201
[CDD (BASE 65) ]
TOTAL THIS MO. 0
DPTR FM NORMAL 0 [PRESSURE DATA]
TOTAL FM JAN 1 2083 HIGHEST SLP 30.45 ON 19
DPTR FM NORMAL 763 LOWEST SLP 29.69 ON 28
[REMARKS]
#FINAL-12-20#