000
CXUS53 KLMK 010810
CF6SDF
PRELIMINARY LOCAL CLIMATOLOGICAL DATA (WS FORM: F-6)
STATION: LOUISVILLE KY
MONTH: DECEMBER
YEAR: 2023
LATITUDE: 38 10 N
LONGITUDE: 85 44 W
TEMPERATURE IN F: :PCPN: SNOW: WIND :SUNSHINE: SKY :PK WND
================================================================================
1 2 3 4 5 6A 6B 7 8 9 10 11 12 13 14 15 16 17 18
12Z AVG MX 2MIN
DY MAX MIN AVG DEP HDD CDD WTR SNW DPTH SPD SPD DIR MIN PSBL S-S WX SPD DR
================================================================================
1 57 44 51 8 14 0 0.15 0.0 0 8.7 24 190 M M 10 1 35 200
2 58 50 54 11 11 0 0.00 0.0 0 4.5 10 350 M M 9 13 160
3 55 38 47 4 18 0 T 0.0 0 9.6 24 250 M M 6 33 240
4 51 36 44 2 21 0 0.18 0.0 0 4.3 13 320 M M 8 1 16 310
5 50 37 44 2 21 0 0.01 0.0 0 6.3 15 280 M M 9 1 19 310
6 47 36 42 0 23 0 T 0.0 0 8.1 20 340 M M 8 28 320
7 59 33 46 4 19 0 0.00 0.0 0 10.1 20 230 M M 4 26 240
8 63 48 56 15 9 0 0.00 0.0 0 11.7 18 190 M M 7 25 180
9 63 46 55 14 10 0 0.57 0.0 0 11.0 21 330 M M 9 13 29 170
10 47 36 42 1 23 0 0.00 0.0 0 10.4 16 280 M M 8 22 280
11 45 33 39 -2 26 0 0.00 0.0 0 5.5 16 330 M M 4 20 320
12 55 30 43 3 22 0 0.00 0.0 0 6.5 16 250 M M 1 20 260
13 52 32 42 2 23 0 0.00 0.0 0 3.3 10 340 M M 5 14 350
14 58 30 44 4 21 0 0.00 0.0 0 0.3 6 150 M M 0 8 140
15 60 31 46 6 19 0 0.00 0.0 0 1.4 9 140 M M 4 12 120
16 60 38 49 9 16 0 0.18 0.0 0 6.4 20 170 M M 9 28 160
17 54 42 48 9 17 0 0.10 0.0 0 9.7 17 300 M M 9 1 22 290
18 42 29 36 -3 29 0 T 0.1 0 15.9 31 300 M M 10 40 280
19 40 22 31 -8 34 0 0.00 0.0 0 5.4 13 300 M M 3 17 300
20 53 26 40 1 25 0 0.00 0.0 0 5.6 12 160 M M 6 14 150
21 54 35 45 7 20 0 0.00 0.0 0 5.0 10 200 M M 8 13 200
22 59 32 46 8 19 0 0.00 0.0 0 5.7 13 170 M M 8 15 170
23 55 47 51 13 14 0 0.07 0.0 0 6.2 13 190 M M 10 1 17 150
24 67 50 59 21 6 0 0.03 0.0 0 5.5 14 160 M M 9 16 160
25 58 52 55 17 10 0 0.53 0.0 0 10.1 22 120 M M 10 1 34 120
26 54 42 48 10 17 0 0.00 0.0 M 5.7 16 260 M M 8 1 20 240
27 54 34 44 7 21 0 0.00 0.0 0 2.3 10 70 M M 7 15 70
28 47 35 41 4 24 0 0.02 0.0 0 10.5 17 250 M M 9 28 240
29 40 36 38 1 27 0 0.01 T 0 8.8 15 240 M M 10 22 260
30 42 37 40 3 25 0 0.01 0.0 0 10.0 17 260 M M 9 18 23 250
31 46 33 40 3 25 0 T T 0 10.6 23 280 M M 8 1 29 270
================================================================================
SM 1645 1150 609 0 1.86 0.1 225.1 M 225
================================================================================
AV 53.1 37.1 7.3 FASTST M M 7 MAX(MPH)
MISC ----> 31 300 40 280
================================================================================
NOTES:
# LAST OF SEVERAL OCCURRENCES
COLUMN 17 PEAK WIND IN M.P.H.
PRELIMINARY LOCAL CLIMATOLOGICAL DATA (WS FORM: F-6) , PAGE 2
STATION: LOUISVILLE KY
MONTH: DECEMBER
YEAR: 2023
LATITUDE: 38 10 N
LONGITUDE: 85 44 W
[TEMPERATURE DATA] [PRECIPITATION DATA] SYMBOLS USED IN COLUMN 16
AVERAGE MONTHLY: 45.1 TOTAL FOR MONTH: 1.86 1 = FOG OR MIST
DPTR FM NORMAL: 5.5 DPTR FM NORMAL: -2.27 2 = FOG REDUCING VISIBILITY
HIGHEST: 67 ON 24 GRTST 24HR 0.57 ON 9- 9 TO 1/4 MILE OR LESS
LOWEST: 22 ON 19 3 = THUNDER
SNOW, ICE PELLETS, HAIL 4 = ICE PELLETS
TOTAL MONTH: 0.1 INCH 5 = HAIL
GRTST 24HR 0.1 ON 18-18 6 = FREEZING RAIN OR DRIZZLE
GRTST DEPTH: 0 7 = DUSTSTORM OR SANDSTORM:
VSBY 1/2 MILE OR LESS
8 = SMOKE OR HAZE
[NO. OF DAYS WITH] [WEATHER - DAYS WITH] 9 = BLOWING SNOW
X = TORNADO
MAX 32 OR BELOW: 0 0.01 INCH OR MORE: 12
MAX 90 OR ABOVE: 0 0.10 INCH OR MORE: 6
MIN 32 OR BELOW: 8 0.50 INCH OR MORE: 2
MIN 0 OR BELOW: 0 1.00 INCH OR MORE: 0
[HDD (BASE 65) ]
TOTAL THIS MO. 609 CLEAR (SCALE 0-3) 3
DPTR FM NORMAL -177 PTCLDY (SCALE 4-7) 12
TOTAL FM JUL 1 1198 CLOUDY (SCALE 8-10) 16
DPTR FM NORMAL -308
[CDD (BASE 65) ]
TOTAL THIS MO. 0
DPTR FM NORMAL 0 [PRESSURE DATA]
TOTAL FM JAN 1 1726 HIGHEST SLP 30.78 ON 14
DPTR FM NORMAL -17 LOWEST SLP 29.77 ON 3
[REMARKS]
#FINAL-12-23#