000
CXUS56 KSGX 011045
CF6SDM
PRELIMINARY LOCAL CLIMATOLOGICAL DATA (WS FORM: F-6)
STATION: SAN DIEGO/BROWN
MONTH: AUGUST
YEAR: 2022
LATITUDE: 32 34 N
LONGITUDE: 116 59 W
TEMPERATURE IN F: :PCPN: SNOW: WIND :SUNSHINE: SKY :PK WND
================================================================================
1 2 3 4 5 6A 6B 7 8 9 10 11 12 13 14 15 16 17 18
12Z AVG MX 2MIN
DY MAX MIN AVG DEP HDD CDD WTR SNW DPTH SPD SPD DIR MIN PSBL S-S WX SPD DR
================================================================================
1 85 65 75 4 0 10 0.00 M M 4.7 13 260 M M 1 17 290
2 84 65 75 4 0 10 0.00 M M 4.7 14 270 M M 0 18 280
3 82 66 74 3 0 9 0.00 M M 4.2 12 290 M M 3 18 18 290
4 83 65 74 3 0 9 0.00 M M 3.6 10 260 M M 2 14 270
5 84 64 74 3 0 9 0.00 M M 4.6 15 280 M M 0 19 290
6 83 64 74 3 0 9 0.00 M M 5.3 15 260 M M 1 19 270
7 87 63 75 3 0 10 0.00 M M 3.4 10 270 M M 0 1 15 280
8 86 64 75 3 0 10 0.00 M M 3.5 12 280 M M 0 1 17 290
9 87 68 78 6 0 13 0.00 M M 3.8 14 260 M M 0 1 19 290
10 90 66 78 6 0 13 0.00 M M 3.7 14 260 M M 0 128 18 250
11 89 64 77 5 0 12 0.00 M M 4.6 15 290 M M 0 1 20 290
12 87 67 77 5 0 12 0.00 M M 4.2 13 280 M M 1 128 18 280
13 86 67 77 5 0 12 0.00 M M 3.8 14 260 M M 0 18 18 270
14 84 66 75 3 0 10 0.00 M M 4.0 12 270 M M 0 18 15 280
15 83 66 75 3 0 10 0.00 M M 4.0 13 280 M M 3 18 17 280
16 83 65 74 2 0 9 0.00 M M 3.9 13 270 M M 0 18 17 310
17 84 65 75 3 0 10 0.00 M M 3.9 13 280 M M 0 18 19 250
18 83 66 75 3 0 10 0.00 M M 5.3 14 270 M M 4 19 280
19 80 65 73 1 0 8 0.00 M M 3.7 13 250 M M 4 17 290
20 82 63 73 1 0 8 0.00 M M 3.9 14 260 M M 3 8 20 260
21 78 66 72 0 0 7 0.00 M M 3.3 12 260 M M 7 8 16 290
22 81 66 74 2 0 9 0.00 M M 5.3 13 280 M M 5 16 270
23 81 67 74 2 0 9 0.00 M M 4.2 12 280 M M 4 18 16 270
24 82 66 74 2 0 9 0.00 M M 4.1 14 270 M M 2 1 18 320
25 83 65 74 2 0 9 0.00 M M 4.2 13 270 M M 0 17 280
26 83 67 75 3 0 10 0.00 M M 3.9 13 280 M M 2 1 19 280
27 80 67 74 2 0 9 0.00 M M 4.2 13 270 M M 5 17 270
28 78 66 72 0 0 7 0.00 M M 5.0 13 270 M M 6 18 250
29 79 67 73 1 0 8 0.00 M M 5.2 15 280 M M 4 22 270
30 85 66 76 4 0 11 0.00 M M 4.6 14 280 M M 0 19 270
31 92 66 79 7 0 14 0.00 M M 4.0 13 280 M M 0 17 290
================================================================================
SM 2594 2033 0 305 0.00 M 130.8 M 57
================================================================================
AV 83.7 65.6 4.2 FASTST M M 2 MAX(MPH)
MISC ----> # 15 280 22 270
================================================================================
NOTES:
# LAST OF SEVERAL OCCURRENCES
COLUMN 17 PEAK WIND IN M.P.H.
PRELIMINARY LOCAL CLIMATOLOGICAL DATA (WS FORM: F-6) , PAGE 2
STATION: SAN DIEGO/BROWN
MONTH: AUGUST
YEAR: 2022
LATITUDE: 32 34 N
LONGITUDE: 116 59 W
[TEMPERATURE DATA] [PRECIPITATION DATA] SYMBOLS USED IN COLUMN 16
AVERAGE MONTHLY: 74.6 TOTAL FOR MONTH: 0.00 1 = FOG OR MIST
DPTR FM NORMAL: 2.8 DPTR FM NORMAL: -0.01 2 = FOG REDUCING VISIBILITY
HIGHEST: 92 ON 31 GRTST 24HR 0.00 ON 2- 2 TO 1/4 MILE OR LESS
LOWEST: 63 ON 20, 7 3 = THUNDER
SNOW, ICE PELLETS, HAIL 4 = ICE PELLETS
TOTAL MONTH: M 5 = HAIL
GRTST 24HR M ON M 6 = FREEZING RAIN OR DRIZZLE
GRTST DEPTH: M ON M 7 = DUSTSTORM OR SANDSTORM:
VSBY 1/2 MILE OR LESS
8 = SMOKE OR HAZE
[NO. OF DAYS WITH] [WEATHER - DAYS WITH] 9 = BLOWING SNOW
X = TORNADO
MAX 32 OR BELOW: 0 0.01 INCH OR MORE: 0
MAX 90 OR ABOVE: 2 0.10 INCH OR MORE: 0
MIN 32 OR BELOW: 0 0.50 INCH OR MORE: 0
MIN 0 OR BELOW: 0 1.00 INCH OR MORE: 0
[HDD (BASE 65) ]
TOTAL THIS MO. 0 CLEAR (SCALE 0-3) 23
DPTR FM NORMAL -1 PTCLDY (SCALE 4-7) 8
TOTAL FM JUL 1 0 CLOUDY (SCALE 8-10) 0
DPTR FM NORMAL -1
[CDD (BASE 65) ]
TOTAL THIS MO. 305
DPTR FM NORMAL 94 [PRESSURE DATA]
TOTAL FM JAN 1 722 HIGHEST SLP 30.06 ON 21
DPTR FM NORMAL 255 LOWEST SLP 29.75 ON 31
[REMARKS]
#FINAL-08-22#