000
CXUS56 KOTX 010910
CF6SFF
PRELIMINARY LOCAL CLIMATOLOGICAL DATA (WS FORM: F-6)
STATION: SPOKANE WA FELTS AIRPORT
MONTH: APRIL
YEAR: 2021
LATITUDE: 47 40 N
LONGITUDE: 117 20 W
TEMPERATURE IN F: :PCPN: SNOW: WIND :SUNSHINE: SKY :PK WND
================================================================================
1 2 3 4 5 6A 6B 7 8 9 10 11 12 13 14 15 16 17 18
12Z AVG MX 2MIN
DY MAX MIN AVG DEP HDD CDD WTR SNW DPTH SPD SPD DIR MIN PSBL S-S WX SPD DR
================================================================================
1 67 32 50 6 15 0 0.00 M M 5.5 23 230 M M 0 31 240
2 64 36 50 5 15 0 0.00 M M 6.2 22 220 M M 0 27 210
3 64 38 51 6 14 0 0.00 M M 4.1 13 240 M M 0 17 240
4 56 39 48 3 17 0 0.07 M M 4.4 16 280 M M 9 1 22 290
5 58 33 46 1 19 0 0.00 M M 2.9 12 220 M M 2 1 18 260
6 62 32 47 2 18 0 0.00 M M 4.4 13 190 M M 0 17 220
7 57 34 46 0 19 0 0.00 M M 9.8 20 220 M M 3 25 220
8 53 32 43 -3 22 0 T M M 8.1 24 230 M M 8 8 33 230
9 56 29 43 -3 22 0 0.00 M M 9.4 23 220 M M 3 30 200
10 48 28 38 -8 27 0 T M M 10.2 26 280 M M 5 37 290
11 51 25 38 -8 27 0 0.00 M M 2.3 9 170 M M 0 17 210
12 56 26 41 -5 24 0 0.00 M M 8.2 22 70 M M 2 28 70
13 58 38 48 1 17 0 0.00 M M 10.2 26 60 M M 0 34 60
14 67 37 52 5 13 0 0.00 M M 8.5 25 70 M M 1 35 60
15 70 37 54 7 11 0 0.00 M M 5.8 20 60 M M 0 30 70
16 72 34 53 6 12 0 0.00 M M 4.6 15 120 M M 0 18 120
17 76 36 56 9 9 0 0.00 M M 2.8 14 240 M M 0 20 220
18 77 39 58 10 7 0 T M M 10.0 26 60 M M 2 39 50
19 58 39 49 1 16 0 0.00 M M 9.6 24 60 M M 0 30 70
20 63 31 47 -1 18 0 0.00 M M 4.4 17 70 M M 0 23 80
21 70 31 51 3 14 0 0.00 M M 3.7 16 240 M M 0 22 250
22 66 41 54 6 11 0 0.02 M M 4.2 17 90 M M 5 26 290
23 65 36 51 2 14 0 0.00 M M 2.8 16 220 M M 3 19 220
24 54 44 49 0 16 0 0.06 M M 5.8 15 220 M M 9 1 19 190
25 59 41 50 1 15 0 0.01 M M 7.0 28 220 M M 8 37 220
26 62 41 52 3 13 0 0.00 M M 2.6 18 230 M M 6 21 230
27 66 38 52 2 13 0 0.00 M M 7.2 22 220 M M 2 27 220
28 71 43 57 7 8 0 0.00 M M 6.6 17 220 M M 2 21 240
29 80 50 65 15 0 0 0.00 M M 4.7 18 220 M M 1 23 220
30 74 50 62 12 3 0 0.00 M M 8.3 21 220 M M 3 26 200
================================================================================
SM 1900 1090 449 0 0.16 M 184.3 M 74
================================================================================
AV 63.3 36.3 6.1 FASTST M M 2 MAX(MPH)
MISC ----> 28 220 39 50
================================================================================
NOTES:
# LAST OF SEVERAL OCCURRENCES
COLUMN 17 PEAK WIND IN M.P.H.
PRELIMINARY LOCAL CLIMATOLOGICAL DATA (WS FORM: F-6) , PAGE 2
STATION: SPOKANE WA FELTS AIRPORT
MONTH: APRIL
YEAR: 2021
LATITUDE: 47 40 N
LONGITUDE: 117 20 W
[TEMPERATURE DATA] [PRECIPITATION DATA] SYMBOLS USED IN COLUMN 16
AVERAGE MONTHLY: 49.8 TOTAL FOR MONTH: 0.16 1 = FOG OR MIST
DPTR FM NORMAL: 2.6 DPTR FM NORMAL: -1.08 2 = FOG REDUCING VISIBILITY
HIGHEST: 80 ON 29 GRTST 24HR 0.07 ON 4- 4 TO 1/4 MILE OR LESS
LOWEST: 25 ON 11 3 = THUNDER
SNOW, ICE PELLETS, HAIL 4 = ICE PELLETS
TOTAL MONTH: M 5 = HAIL
GRTST 24HR M ON M 6 = FREEZING RAIN OR DRIZZLE
GRTST DEPTH: M ON M 7 = DUSTSTORM OR SANDSTORM:
VSBY 1/2 MILE OR LESS
8 = SMOKE OR HAZE
[NO. OF DAYS WITH] [WEATHER - DAYS WITH] 9 = BLOWING SNOW
X = TORNADO
MAX 32 OR BELOW: 0 0.01 INCH OR MORE: 4
MAX 90 OR ABOVE: 0 0.10 INCH OR MORE: 0
MIN 32 OR BELOW: 9 0.50 INCH OR MORE: 0
MIN 0 OR BELOW: 0 1.00 INCH OR MORE: 0
[HDD (BASE 65) ]
TOTAL THIS MO. 449 CLEAR (SCALE 0-3) 22
DPTR FM NORMAL -85 PTCLDY (SCALE 4-7) 5
TOTAL FM JUL 1 5280 CLOUDY (SCALE 8-10) 3
DPTR FM NORMAL -574
[CDD (BASE 65) ]
TOTAL THIS MO. 0
DPTR FM NORMAL 0 [PRESSURE DATA]
TOTAL FM JAN 1 0 HIGHEST SLP M ON M
DPTR FM NORMAL 0 LOWEST SLP 29.62 ON 25
[REMARKS]
#FINAL-04-21#