000
CXUS53 KSGF 010810
CF6SGF
PRELIMINARY LOCAL CLIMATOLOGICAL DATA (WS FORM: F-6)
STATION: SPRINGFIELD MO
MONTH: FEBRUARY
YEAR: 2021
LATITUDE: 37 13 N
LONGITUDE: 93 23 W
TEMPERATURE IN F: :PCPN: SNOW: WIND :SUNSHINE: SKY :PK WND
================================================================================
1 2 3 4 5 6A 6B 7 8 9 10 11 12 13 14 15 16 17 18
12Z AVG MX 2MIN
DY MAX MIN AVG DEP HDD CDD WTR SNW DPTH SPD SPD DIR MIN PSBL S-S WX SPD DR
================================================================================
1 37 24 31 -3 34 0 0.00 0.0 0 10.2 22 340 M M 7 1 28 340
2 46 20 33 -1 32 0 0.00 0.0 0 4.0 10 170 M M 3 1 14 160
3 57 29 43 9 22 0 0.00 0.0 0 13.9 26 160 M M 0 33 160
4 48 27 38 4 27 0 0.05 0.0 0 13.7 26 150 M M 4 1 36 150
5 50 21 36 1 29 0 0.00 0.0 0 7.8 23 250 M M 0 29 260
6 43 22 33 -2 32 0 T T 0 10.9 22 360 M M 8 18 27 10
7 26 15 21 -14 44 0 T T 0 11.5 20 150 M M 10 18 27 160
8 32 19 26 -9 39 0 0.04 0.0 0 9.2 16 150 M M 10 16 21 140
9 22 15 19 -17 46 0 T T 0 10.0 16 20 M M 10 16 19 20
10 20 14 17 -19 48 0 0.01 T T 9.6 16 360 M M 10 16 20 350
11 17 13 15 -21 50 0 T 0.5 T 11.5 17 20 M M 10 18 21 30
12 18 10 14 -22 51 0 T T T 12.5 20 30 M M 10 18 25 30
13 16 4 10 -26 55 0 T T T 12.6 18 10 M M 6 24 20
14 6 -1 3 -34 62 0 0.15 1.8 T 15.5 21 20 M M 9 8 27 20
15 0 -9 -4 -41 69 0 0.18 3.4 3 13.5 20 20 M M 9 18 26 20
16 16 -15 1 -36 64 0 0.00 0.0 5 3.8 10 140 M M 1 13 110
17 19 12 16 -22 49 0 0.25 3.0 7 7.3 14 130 M M 10 18 21 140
18 22 3 13 -25 52 0 0.01 T 8 8.4 16 10 M M 5 18 20 10
19 29 -4 13 -25 52 0 0.00 0.0 6 4.3 12 200 M M 0 1 14 210
20 44 11 28 -11 37 0 0.00 0.0 5 10.5 22 150 M M 0 29 140
21 42 31 37 -2 28 0 0.02 0.0 4 14.7 25 150 M M 6 18 34 140
22 55 27 41 2 24 0 0.00 0.0 1 10.3 23 250 M M 0 32 250
23 71 35 53 13 12 0 0.00 0.0 0 11.2 24 210 M M 0 33 210
24 60 34 47 7 18 0 0.00 0.0 0 11.9 20 360 M M 2 27 330
25 51 27 39 -1 26 0 0.00 0.0 0 9.2 17 60 M M 1 22 30
26 47 37 42 1 23 0 0.02 0.0 0 8.9 16 160 M M 9 1 21 120
27 60 27 44 3 21 0 0.36 0.0 0 12.1 22 150 M M 7 123 28 150
28 56 36 46 5 19 0 0.02 0.0 0 10.9 23 360 M M 6 1 32 360
================================================================================
SM 1010 484 1065 0 1.11 8.7 289.9 M 153
================================================================================
AV 36.1 17.3 10.4 FASTST M M 5 MAX(MPH)
MISC ----> # 26 160 36 150
================================================================================
NOTES:
# LAST OF SEVERAL OCCURRENCES
COLUMN 17 PEAK WIND IN M.P.H.
PRELIMINARY LOCAL CLIMATOLOGICAL DATA (WS FORM: F-6) , PAGE 2
STATION: SPRINGFIELD MO
MONTH: FEBRUARY
YEAR: 2021
LATITUDE: 37 13 N
LONGITUDE: 93 23 W
[TEMPERATURE DATA] [PRECIPITATION DATA] SYMBOLS USED IN COLUMN 16
AVERAGE MONTHLY: 26.7 TOTAL FOR MONTH: 1.11 1 = FOG OR MIST
DPTR FM NORMAL: -10.5 DPTR FM NORMAL: -1.41 2 = FOG REDUCING VISIBILITY
HIGHEST: 71 ON 23 GRTST 24HR 0.38 ON 27-28 TO 1/4 MILE OR LESS
LOWEST: -15 ON 16 3 = THUNDER
SNOW, ICE PELLETS, HAIL 4 = ICE PELLETS
TOTAL MONTH: 8.7 INCHES 5 = HAIL
GRTST 24HR 3.4 ON 15-15 6 = FREEZING RAIN OR DRIZZLE
GRTST DEPTH: 8 ON 18 7 = DUSTSTORM OR SANDSTORM:
VSBY 1/2 MILE OR LESS
8 = SMOKE OR HAZE
[NO. OF DAYS WITH] [WEATHER - DAYS WITH] 9 = BLOWING SNOW
X = TORNADO
MAX 32 OR BELOW: 13 0.01 INCH OR MORE: 11
MAX 90 OR ABOVE: 0 0.10 INCH OR MORE: 4
MIN 32 OR BELOW: 24 0.50 INCH OR MORE: 0
MIN 0 OR BELOW: 4 1.00 INCH OR MORE: 0
[HDD (BASE 65) ]
TOTAL THIS MO. 1065 CLEAR (SCALE 0-3) 9
DPTR FM NORMAL 285 PTCLDY (SCALE 4-7) 9
TOTAL FM JUL 1 3595 CLOUDY (SCALE 8-10) 10
DPTR FM NORMAL 3
[CDD (BASE 65) ]
TOTAL THIS MO. 0
DPTR FM NORMAL 0 [PRESSURE DATA]
TOTAL FM JAN 1 0 HIGHEST SLP M ON M
DPTR FM NORMAL 0 LOWEST SLP 29.51 ON 4
[REMARKS]
#FINAL-02-21#