000
CXUS53 KSGF 010800
CF6SGF
PRELIMINARY LOCAL CLIMATOLOGICAL DATA (WS FORM: F-6)
STATION: SPRINGFIELD MO
MONTH: JUNE
YEAR: 2020
LATITUDE: 37 13 N
LONGITUDE: 93 23 W
TEMPERATURE IN F: :PCPN: SNOW: WIND :SUNSHINE: SKY :PK WND
================================================================================
1 2 3 4 5 6A 6B 7 8 9 10 11 12 13 14 15 16 17 18
12Z AVG MX 2MIN
DY MAX MIN AVG DEP HDD CDD WTR SNW DPTH SPD SPD DIR MIN PSBL S-S WX SPD DR
================================================================================
1 82 60 71 1 0 6 0.00 0.0 0 9.2 17 180 M M 0 24 180
2 83 61 72 2 0 7 0.00 0.0 0 8.3 14 200 M M 0 19 250
3 88 66 77 7 0 12 0.00 0.0 0 9.8 17 250 M M 1 23 260
4 85 63 74 4 0 9 0.48 0.0 0 8.5 45 340 M M 4 13 60 340
5 91 71 81 10 0 16 0.00 0.0 0 7.0 14 60 M M 1 8 19 70
6 92 72 82 11 0 17 0.00 0.0 0 6.6 14 150 M M 1 18 150
7 90 70 80 9 0 15 0.00 0.0 0 9.1 17 130 M M 0 1 26 150
8 86 70 78 6 0 13 0.74 0.0 0 10.2 18 90 M M 1 1 24 90
9 89 66 78 6 0 13 1.88 0.0 0 15.9 26 230 M M 6 1 39 240
10 74 57 66 -6 0 1 T 0.0 0 15.0 30 230 M M 5 1 42 230
11 83 54 69 -3 0 4 0.00 0.0 0 4.0 12 330 M M 0 14 330
12 86 61 74 1 0 9 0.00 0.0 0 5.5 15 250 M M 1 19 260
13 88 63 76 3 0 11 0.00 0.0 0 4.4 13 50 M M 0 16 50
14 90 65 78 5 0 13 0.00 0.0 0 6.2 12 140 M M 1 15 140
15 88 67 78 4 0 13 0.00 0.0 0 6.4 14 150 M M 1 17 150
16 83 67 75 1 0 10 0.00 0.0 0 10.5 16 130 M M 2 22 160
17 84 63 74 0 0 9 0.00 0.0 0 9.3 16 160 M M 2 22 150
18 86 65 76 2 0 11 0.00 0.0 0 10.3 16 180 M M 0 21 190
19 85 68 77 3 0 12 0.21 0.0 0 7.8 21 250 M M 3 13 29 230
20 85 67 76 1 0 11 0.01 0.0 0 9.4 20 200 M M 2 3 26 200
21 87 64 76 1 0 11 0.00 0.0 0 9.1 22 200 M M 2 1 27 200
22 85 66 76 1 0 11 T 0.0 0 5.9 18 270 M M 2 27 270
23 81 58 70 -6 0 5 0.00 0.0 0 6.0 18 360 M M 1 23 360
24 85 55 70 -6 0 5 0.00 0.0 0 4.1 10 310 M M 1 14 360
25 89 64 77 1 0 12 0.00 0.0 0 8.6 17 190 M M 2 22 200
26 88 69 79 3 0 14 0.00 0.0 0 11.1 20 220 M M 2 25 200
27 87 71 79 3 0 14 0.00 0.0 0 12.2 25 200 M M 3 18 34 220
28 90 73 82 6 0 17 0.00 0.0 0 13.2 25 180 M M 2 35 180
29 86 74 80 3 0 15 0.00 0.0 0 14.6 22 170 M M 3 30 180
30 86 73 80 3 0 15 0.09 0.0 0 10.9 25 200 M M 2 13 34 200
================================================================================
SM 2582 1963 0 331 3.41 0.0 269.1 M 51
================================================================================
AV 86.1 65.4 9.0 FASTST M M 2 MAX(MPH)
MISC ----> # 45 340 # 60 340
================================================================================
NOTES:
# LAST OF SEVERAL OCCURRENCES
COLUMN 17 PEAK WIND IN M.P.H.
PRELIMINARY LOCAL CLIMATOLOGICAL DATA (WS FORM: F-6) , PAGE 2
STATION: SPRINGFIELD MO
MONTH: JUNE
YEAR: 2020
LATITUDE: 37 13 N
LONGITUDE: 93 23 W
[TEMPERATURE DATA] [PRECIPITATION DATA] SYMBOLS USED IN COLUMN 16
AVERAGE MONTHLY: 75.8 TOTAL FOR MONTH: 3.41 1 = FOG OR MIST
DPTR FM NORMAL: 2.3 DPTR FM NORMAL: -1.44 2 = FOG REDUCING VISIBILITY
HIGHEST: 92 ON 6 GRTST 24HR 1.88 ON 9- 9 TO 1/4 MILE OR LESS
LOWEST: 54 ON 11 3 = THUNDER
SNOW, ICE PELLETS, HAIL 4 = ICE PELLETS
TOTAL MONTH: 0.0 INCH 5 = HAIL
GRTST 24HR 0.0 6 = FREEZING RAIN OR DRIZZLE
GRTST DEPTH: 0 7 = DUSTSTORM OR SANDSTORM:
VSBY 1/2 MILE OR LESS
8 = SMOKE OR HAZE
[NO. OF DAYS WITH] [WEATHER - DAYS WITH] 9 = BLOWING SNOW
X = TORNADO
MAX 32 OR BELOW: 0 0.01 INCH OR MORE: 6
MAX 90 OR ABOVE: 5 0.10 INCH OR MORE: 4
MIN 32 OR BELOW: 0 0.50 INCH OR MORE: 2
MIN 0 OR BELOW: 0 1.00 INCH OR MORE: 1
[HDD (BASE 65) ]
TOTAL THIS MO. 0 CLEAR (SCALE 0-3) 27
DPTR FM NORMAL -9 PTCLDY (SCALE 4-7) 3
TOTAL FM JUL 1 4303 CLOUDY (SCALE 8-10) 0
DPTR FM NORMAL -275
[CDD (BASE 65) ]
TOTAL THIS MO. 331
DPTR FM NORMAL 68 [PRESSURE DATA]
TOTAL FM JAN 1 412 HIGHEST SLP M ON M
DPTR FM NORMAL 34 LOWEST SLP 29.42 ON 9
[REMARKS]
#FINAL-06-20#