000
CXUS56 KMFR 011030
CF6SIY
PRELIMINARY LOCAL CLIMATOLOGICAL DATA (WS FORM: F-6)
STATION: MONTAGUE CA
MONTH: DECEMBER
YEAR: 2021
LATITUDE: 41 46 N
LONGITUDE: 122 28 W
TEMPERATURE IN F: :PCPN: SNOW: WIND :SUNSHINE: SKY :PK WND
================================================================================
1 2 3 4 5 6A 6B 7 8 9 10 11 12 13 14 15 16 17 18
12Z AVG MX 2MIN
DY MAX MIN AVG DEP HDD CDD WTR SNW DPTH SPD SPD DIR MIN PSBL S-S WX SPD DR
================================================================================
1 54 29 42 5 23 0 0.00 M M 1.4 7 30 M M 5 12 7 220
2 57 25 41 4 24 0 0.00 M M 0.9 8 60 M M 4 12 11 180
3 55 26 41 4 24 0 0.00 M M 2.2 8 40 M M 4 12 9 40
4 51 27 39 2 26 0 0.00 M M 2.2 8 50 M M 5 12 9 210
5 51 26 39 2 26 0 0.00 M M 1.2 7 230 M M 5 128 9 230
6 44 29 37 1 28 0 0.05 M M 3.3 9 190 M M 7 1 10 180
7 49 32 41 5 24 0 0.00 M M 3.7 10 110 M M 7 12 12 180
8 49 40 45 9 20 0 0.00 M M 5.6 14 10 M M 8 1 M M
9 43 31 37 1 28 0 0.00 M M 7.8 23 10 M M 6 28 360
10 45 23 34 -2 31 0 0.00 M M 2.6 8 360 M M 1 10 190
11 47 31 39 3 26 0 T M M 17.3 33 170 M M 8 42 170
12 46 34 40 4 25 0 0.02 M M 13.3 30 160 M M 8 40 160
13 43 34 39 3 26 0 0.16 M M 8.7 31 160 M M 9 1 41 170
14 40 26 33 -3 32 0 0.00 M M 2.3 9 290 M M 4 14 350
15 37 28 33 -2 32 0 0.04 M M 14.3 37 170 M M 9 128 53 170
16 42 23 33 -2 32 0 T M M 2.1 9 240 M M 6 12 10 250
17 35 27 31 -4 34 0 T M M 3.7 9 360 M M 10 12 11 140
18 33 28 31 -4 34 0 0.00 M M 2.6 8 250 M M 10 11 250
19 50 30 40 5 25 0 0.01 M M 8.7 23 190 M M 6 16 29 190
20 54 29 42 7 23 0 0.00 M M 10.2 25 180 M M 2 33 180
21 47 27 37 2 28 0 T M M 7.2 20 260 M M 4 26 250
22 49 30 40 5 25 0 0.36 M M 8.7 30 160 M M 8 1 36 170
23 46 33 40 5 25 0 0.04 M M 4.1 12 290 M M 9 12 17 290
24 40 29 35 0 30 0 0.25 M M 6.8 30 240 M M 9 128 40 190
25 34 20 27 -8 38 0 T M M 3.6 14 250 M M 7 12 17 250
26 35 18 27 -8 38 0 0.03 M M 6.2 20 230 M M 9 1 26 220
27 33 25 29 -7 36 0 T M M 4.6 14 270 M M 9 1 19 280
28 32 21 27 -9 38 0 T M M 3.9 9 10 M M 10 1 10 360
29 37 17 27 -9 38 0 T M M 4.1 12 30 M M 7 1 15 20
30 38 20 29 -7 36 0 0.00 M M 4.2 15 280 M M 8 18 270
31 38 25 32 -4 33 0 T M M 6.1 22 10 M M 7 1 25 10
================================================================================
SM 1354 843 908 0 0.96 M 173.6 M 211
================================================================================
AV 43.7 27.2 5.6 FASTST M M 7 MAX(MPH)
MISC ----> 37 170 53 170
================================================================================
NOTES:
# LAST OF SEVERAL OCCURRENCES
COLUMN 17 PEAK WIND IN M.P.H.
PRELIMINARY LOCAL CLIMATOLOGICAL DATA (WS FORM: F-6) , PAGE 2
STATION: MONTAGUE CA
MONTH: DECEMBER
YEAR: 2021
LATITUDE: 41 46 N
LONGITUDE: 122 28 W
[TEMPERATURE DATA] [PRECIPITATION DATA] SYMBOLS USED IN COLUMN 16
AVERAGE MONTHLY: 35.4 TOTAL FOR MONTH: 0.96 1 = FOG OR MIST
DPTR FM NORMAL: -0.4 DPTR FM NORMAL: -1.29 2 = FOG REDUCING VISIBILITY
HIGHEST: 57 ON 2 GRTST 24HR 0.39 ON 22-23 TO 1/4 MILE OR LESS
LOWEST: 17 ON 29 3 = THUNDER
SNOW, ICE PELLETS, HAIL 4 = ICE PELLETS
TOTAL MONTH: M 5 = HAIL
GRTST 24HR M ON M 6 = FREEZING RAIN OR DRIZZLE
GRTST DEPTH: M ON M 7 = DUSTSTORM OR SANDSTORM:
VSBY 1/2 MILE OR LESS
8 = SMOKE OR HAZE
[NO. OF DAYS WITH] [WEATHER - DAYS WITH] 9 = BLOWING SNOW
X = TORNADO
MAX 32 OR BELOW: 1 0.01 INCH OR MORE: 9
MAX 90 OR ABOVE: 0 0.10 INCH OR MORE: 3
MIN 32 OR BELOW: 27 0.50 INCH OR MORE: 0
MIN 0 OR BELOW: 0 1.00 INCH OR MORE: 0
[HDD (BASE 65) ]
TOTAL THIS MO. 908 CLEAR (SCALE 0-3) 2
DPTR FM NORMAL 3 PTCLDY (SCALE 4-7) 18
TOTAL FM JUL 1 2024 CLOUDY (SCALE 8-10) 11
DPTR FM NORMAL -55
[CDD (BASE 65) ]
TOTAL THIS MO. 0
DPTR FM NORMAL 0 [PRESSURE DATA]
TOTAL FM JAN 1 1139 HIGHEST SLP 30.53 ON 5
DPTR FM NORMAL 436 LOWEST SLP 29.46 ON 13
[REMARKS]
#FINAL-12-21#